(9723,	'36.82.102.85',	'/inspiration/get-data-tabel-filter?kategori_id=0&page=3',	'2019-06-29 07:29:31'),
(9724,	'36.82.102.85',	'/news/index?news=news-events',	'2019-06-29 07:29:52'),
(9725,	'36.82.102.85',	'/news/index?news=news-articles',	'2019-06-29 07:29:56'),
(9726,	'36.82.102.85',	'/index',	'2019-06-29 07:30:02'),
(9727,	'36.82.102.85',	'/index',	'2019-06-29 07:30:06'),
(9728,	'36.82.102.85',	'/inspiration/31/evora',	'2019-06-29 07:30:14'),
(9729,	'36.82.102.85',	'/index',	'2019-06-29 07:31:53'),
(9730,	'36.82.102.85',	'/inspiration/32/alpha',	'2019-06-29 07:31:54'),
(9731,	'36.82.102.85',	'/inspiration',	'2019-06-29 07:35:57'),
(9732,	'36.82.102.85',	'/inspiration/get-data-tabel-filter?kategori_id=0&page=1',	'2019-06-29 07:35:57'),
(9733,	'36.82.102.85',	'/inspiration/get-data-tabel-filter?kategori_id=0&page=2',	'2019-06-29 07:35:58'),
(9734,	'36.82.102.85',	'/inspiration/get-data-tabel-filter?kategori_id=0&page=3',	'2019-06-29 07:36:00'),
(9735,	'36.82.102.85',	'/inspiration/get-data-tabel-filter?kategori_id=0&page=4',	'2019-06-29 07:36:02'),
(9736,	'36.82.102.85',	'/inspiration/get-data-tabel-filter?kategori_id=0&page=5',	'2019-06-29 07:36:04'),
(9737,	'36.82.102.85',	'/inspiration/get-data-tabel-filter?kategori_id=0&page=6',	'2019-06-29 07:36:06'),
(9738,	'36.82.102.85',	'/inspiration/get-data-tabel-filter?kategori_id=0&page=7',	'2019-06-29 07:36:08'),
(9739,	'36.82.102.85',	'/inspiration/get-data-tabel-filter?kategori_id=0&page=8',	'2019-06-29 07:36:10'),
(9740,	'36.82.102.85',	'/inspiration/11/danon',	'2019-06-29 07:37:48'),
(9741,	'36.82.102.85',	'/inspiration/get-data-tabel-filter?kategori_id=0&page=2',	'2019-06-29 07:38:17'),
(9742,	'36.82.102.85',	'/inspiration/get-data-tabel-filter?kategori_id=0&page=1',	'2019-06-29 07:38:17'),
(9743,	'36.82.102.85',	'/inspiration',	'2019-06-29 07:38:17'),
(9744,	'36.82.102.85',	'/index/search?q=elia',	'2019-06-29 07:38:24'),
(9745,	'36.82.102.85',	'/product/380/adore/brown-decor-embossed',	'2019-06-29 07:40:33'),
(9746,	'36.82.102.85',	'/product/detail?id=381',	'2019-06-29 07:40:36'),
(9747,	'36.82.102.85',	'/our-company/philosophy',	'2019-06-29 07:40:52'),
(9748,	'36.82.102.85',	'/product/platinum-ceramics',	'2019-06-29 07:42:21'),
(9749,	'36.82.102.85',	'/product/platinum-ceramics',	'2019-06-29 07:42:21'),
(9750,	'36.82.102.85',	'/product/index-ajax?name=&page=1&type=&finishing=&dimension=&color=&suitable=&brand=PLATINUM',	'2019-06-29 07:42:22'),
(9751,	'36.82.102.85',	'/product/index-ajax?name=&page=1&type=&finishing=&dimension=&color=&suitable=&brand=PLATINUM',	'2019-06-29 07:42:23'),
(9752,	'36.82.102.85',	'/product/asia-tile',	'2019-06-29 07:42:29'),
(9753,	'36.82.102.85',	'/product/index-ajax?name=&page=1&type=&finishing=&dimension=&color=&suitable=&brand=ASIA+TILE',	'2019-06-29 07:42:30'),
(9754,	'36.82.102.85',	'/product/asia-tile',	'2019-06-29 07:42:35'),
(9755,	'36.82.102.85',	'/product/index-ajax?name=&page=1&type=&finishing=&dimension=&color=&suitable=&brand=ASIA+TILE',	'2019-06-29 07:42:35'),
(9756,	'36.82.102.85',	'/index/search?q=elia',	'2019-06-29 07:46:13'),
(9757,	'36.82.102.85',	'/index/search?q=elia',	'2019-06-29 07:47:25'),
(9758,	'36.82.102.85',	'/index/search?q=elia',	'2019-06-29 07:47:29'),
(9759,	'36.82.102.85',	'/our-company/about-us',	'2019-06-29 07:55:42'),
(9760,	'36.82.102.85',	'/contact',	'2019-06-29 07:55:51'),
(9761,	'36.82.102.85',	'/contact/get-data-tabel-filter?jenis=Office',	'2019-06-29 07:55:52'),
(9762,	'36.82.102.85',	'/faq',	'2019-06-29 07:57:07'),
(9763,	'36.82.102.85',	'/faq',	'2019-06-29 07:57:12'),
(9764,	'36.82.102.85',	'/faq',	'2019-06-29 07:58:53'),
(9765,	'36.82.102.85',	'/index/search?q=elia',	'2019-06-29 07:58:55'),
(9766,	'36.82.102.85',	'/news/index?news=media',	'2019-06-29 08:01:23'),
(9767,	'36.82.102.85',	'/news/media-detail?page=1',	'2019-06-29 08:01:25'),
(9768,	'36.82.102.85',	'/contact',	'2019-06-29 08:01:40'),
(9769,	'36.82.102.85',	'/contact/get-data-tabel-filter?jenis=Office',	'2019-06-29 08:01:41'),
(9770,	'36.82.102.85',	'/index',	'2019-06-29 08:05:08'),
(9771,	'36.82.102.85',	'/index/search?q=elia',	'2019-06-29 08:08:11'),
(9772,	'36.82.102.85',	'/product/platinum-ceramics',	'2019-06-29 08:08:54'),
(9773,	'36.82.102.85',	'/product/index-ajax?name=&page=1&type=&finishing=&dimension=&color=&suitable=&brand=PLATINUM',	'2019-06-29 08:08:55'),
(9774,	'36.82.102.85',	'/product/379/adore/basic',	'2019-06-29 08:08:57'),
(9775,	'66.220.149.17',	'/product/379/adore/basic',	'2019-06-29 08:09:05'),
(9776,	'66.220.149.18',	'/product/379/adore/basic',	'2019-06-29 08:09:05'),
(9777,	'66.220.149.18',	'/product/379/adore/basic',	'2019-06-29 08:09:06'),
(9778,	'144.2.2.50',	'/product/379/adore/basic',	'2019-06-29 08:09:17'),
(9779,	'36.82.102.85',	'/product/asia-tile',	'2019-06-29 08:09:45'),
(9780,	'36.82.102.85',	'/product/index-ajax?name=&page=1&type=&finishing=&dimension=&color=&suitable=&brand=ASIA+TILE',	'2019-06-29 08:09:47'),
(9781,	'144.2.2.50',	'/product/379/adore/basic',	'2019-06-29 08:09:48'),
(9782,	'36.82.102.85',	'/product/index-ajax?name=&page=2&type=&finishing=&dimension=&color=&suitable=&brand=ASIA+TILE',	'2019-06-29 08:09:52'),
(9783,	'36.82.102.85',	'/product/19/galaxy/black',	'2019-06-29 08:10:01'),
(9784,	'36.82.102.85',	'/faq',	'2019-06-29 08:17:29'),
(9785,	'36.82.102.85',	'/site/switch-language?lang=id',	'2019-06-29 08:17:37'),
(9786,	'36.82.102.85',	'/faq',	'2019-06-29 08:17:37'),
(9787,	'36.82.102.85',	'/inspiration',	'2019-06-29 08:23:52'),
(9788,	'36.82.102.85',	'/inspiration/get-data-tabel-filter?kategori_id=0&page=1',	'2019-06-29 08:23:53'),
(9789,	'36.82.102.85',	'/inspiration/1/elena',	'2019-06-29 08:23:55'),
(9790,	'66.220.149.27',	'/inspiration/1/elena',	'2019-06-29 08:24:01'),
(9791,	'66.220.149.37',	'/inspiration/1/elena',	'2019-06-29 08:24:01'),
(9792,	'66.220.149.20',	'/inspiration/1/elena',	'2019-06-29 08:24:02'),
(9793,	'36.82.102.85',	'/index/search?q=epic',	'2019-06-29 08:26:03'),
(9794,	'36.82.102.85',	'/inspiration/9/denise',	'2019-06-29 08:26:12'),
(9795,	'66.220.149.14',	'/inspiration/9/denise',	'2019-06-29 08:26:17'),
(9796,	'66.220.149.14',	'/inspiration/9/denise',	'2019-06-29 08:26:17'),
(9797,	'66.220.149.42',	'/inspiration/9/denise',	'2019-06-29 08:26:19'),
(9798,	'36.82.102.85',	'/news/index?news=news-articles',	'2019-06-29 08:26:47'),
(9799,	'36.82.102.85',	'/news/-article-iniadalahcontohartikel1',	'2019-06-29 08:26:51'),
(9800,	'66.220.149.38',	'/news/-article-iniadalahcontohartikel1',	'2019-06-29 08:27:01'),
(9801,	'66.220.149.38',	'/news/-article-iniadalahcontohartikel1',	'2019-06-29 08:27:01'),
(9802,	'66.220.149.20',	'/news/-article-iniadalahcontohartikel1',	'2019-06-29 08:27:02'),
(9803,	'36.82.102.85',	'/product/platinum-ceramics',	'2019-06-29 08:27:34'),
(9804,	'36.82.102.85',	'/product/index-ajax?name=&page=1&type=&finishing=&dimension=&color=&suitable=&brand=PLATINUM',	'2019-06-29 08:27:36'),
(9805,	'36.82.102.85',	'/product/380/adore/brown-decor-embossed',	'2019-06-29 08:27:48'),
(9806,	'66.220.149.14',	'/product/380/adore/brown-decor-embossed',	'2019-06-29 08:27:54'),
(9807,	'66.220.149.47',	'/product/380/adore/brown-decor-embossed',	'2019-06-29 08:27:54'),
(9808,	'66.220.149.43',	'/product/380/adore/brown-decor-embossed',	'2019-06-29 08:27:55'),
(9809,	'36.82.102.85',	'/inspiration/detail?id=39',	'2019-06-29 08:34:27'),
(9810,	'36.82.102.85',	'/inspiration',	'2019-06-29 08:34:34'),
(9811,	'36.82.102.85',	'/inspiration/21/hudson',	'2019-06-29 08:34:34'),
(9812,	'36.82.102.85',	'/inspiration/get-data-tabel-filter?kategori_id=0&page=1',	'2019-06-29 08:34:36'),
(9813,	'36.82.102.85',	'/inspiration/1/elena',	'2019-06-29 08:34:37'),
(9814,	'36.82.102.85',	'/inspiration/20/hazel',	'2019-06-29 08:34:39'),
(9815,	'36.82.102.85',	'/inspiration',	'2019-06-29 08:34:40'),
(9816,	'36.82.102.85',	'/inspiration/get-data-tabel-filter?kategori_id=0&page=2',	'2019-06-29 08:34:42'),
(9817,	'36.82.102.85',	'/inspiration/39/epic',	'2019-06-29 08:34:42'),
(9818,	'36.82.102.85',	'/inspiration/get-data-tabel-filter?kategori_id=0&page=3',	'2019-06-29 08:34:44'),
(9819,	'36.82.102.85',	'/inspiration/get-data-tabel-filter?kategori_id=0&page=4',	'2019-06-29 08:34:46'),
(9820,	'36.82.102.85',	'/inspiration/get-data-tabel-filter?kategori_id=0&page=5',	'2019-06-29 08:34:49'),
(9821,	'36.82.102.85',	'/inspiration/get-data-tabel-filter?kategori_id=0&page=6',	'2019-06-29 08:34:51'),
(9822,	'36.82.102.85',	'/inspiration/38/epic',	'2019-06-29 08:34:51'),
(9823,	'36.82.102.85',	'/inspiration/get-data-tabel-filter?kategori_id=0&page=7',	'2019-06-29 08:34:52'),
(9824,	'36.82.102.85',	'/inspiration/get-data-tabel-filter?kategori_id=0&page=8',	'2019-06-29 08:34:54'),
(9825,	'36.82.102.85',	'/inspiration/get-data-tabel-filter?kategori_id=0&page=9',	'2019-06-29 08:34:56'),
(9826,	'36.82.102.85',	'/inspiration/16/nino',	'2019-06-29 08:34:59'),
(9827,	'36.82.102.85',	'/inspiration/get-data-tabel-filter?kategori_id=0&page=10',	'2019-06-29 08:35:01'),
(9828,	'36.82.102.85',	'/inspiration/36/elia',	'2019-06-29 08:35:04'),
(9829,	'36.82.102.85',	'/inspiration/get-data-tabel-filter?kategori_id=0&page=11',	'2019-06-29 08:35:04'),
(9830,	'36.82.102.85',	'/inspiration/43/enova',	'2019-06-29 08:35:16'),
(9831,	'36.82.102.85',	'/inspiration/33/elia',	'2019-06-29 08:35:37'),
(9832,	'36.82.102.85',	'/inspiration/43/enova',	'2019-06-29 08:35:58'),
(9833,	'36.82.102.85',	'/inspiration/32/alpha',	'2019-06-29 08:36:05'),
(9834,	'36.82.102.85',	'/product/asia-tile',	'2019-06-29 08:36:12'),
(9835,	'36.82.102.85',	'/product/index-ajax?name=&page=1&type=&finishing=&dimension=&color=&suitable=&brand=ASIA+TILE',	'2019-06-29 08:36:13'),
(9836,	'36.82.102.85',	'/product/7/alpha/black',	'2019-06-29 08:36:15'),
(9837,	'36.82.102.85',	'/inspiration',	'2019-06-29 08:36:24'),
(9838,	'36.82.102.85',	'/inspiration/get-data-tabel-filter?kategori_id=0&page=1',	'2019-06-29 08:36:25'),
(9839,	'36.82.102.85',	'/inspiration/get-data-tabel-filter?kategori_id=0&page=2',	'2019-06-29 08:36:26'),
(9840,	'36.82.102.85',	'/inspiration/get-data-tabel-filter?kategori_id=0&page=3',	'2019-06-29 08:36:28'),
(9841,	'36.82.102.85',	'/inspiration/get-data-tabel-filter?kategori_id=0&page=4',	'2019-06-29 08:36:29'),
(9842,	'36.82.102.85',	'/inspiration/get-data-tabel-filter?kategori_id=0&page=5',	'2019-06-29 08:36:32'),
(9843,	'36.82.102.85',	'/index/search?q=alpha',	'2019-06-29 08:36:34'),
(9844,	'36.82.102.85',	'/inspiration/get-data-tabel-filter?kategori_id=0&page=6',	'2019-06-29 08:36:35'),
(9845,	'36.82.102.85',	'/inspiration/get-data-tabel-filter?kategori_id=0&page=7',	'2019-06-29 08:36:37'),
(9846,	'36.82.102.85',	'/inspiration/get-data-tabel-filter?kategori_id=0&page=8',	'2019-06-29 08:36:47'),
(9847,	'36.82.102.85',	'/inspiration/get-data-tabel-filter?kategori_id=0&page=9',	'2019-06-29 08:36:51'),
(9848,	'36.82.102.85',	'/inspiration/get-data-tabel-filter?kategori_id=0&page=10',	'2019-06-29 08:36:56'),
(9849,	'36.82.102.85',	'/inspiration/get-data-tabel-filter?kategori_id=0&page=11',	'2019-06-29 08:37:04'),
(9850,	'36.82.102.85',	'/inspiration/get-data-tabel-filter?kategori_id=0&page=12',	'2019-06-29 08:37:04'),
(9851,	'36.82.102.85',	'/inspiration/40/golia',	'2019-06-29 08:37:08'),
(9852,	'36.82.102.85',	'/inspiration/40/golia',	'2019-06-29 08:39:27'),
(9853,	'36.82.102.85',	'/inspiration',	'2019-06-29 08:42:29'),
(9854,	'36.82.102.85',	'/inspiration/get-data-tabel-filter?kategori_id=0&page=1',	'2019-06-29 08:42:29'),
(9855,	'36.82.102.85',	'/inspiration/get-data-tabel-filter?kategori_id=7&page=1',	'2019-06-29 08:42:31'),
(9856,	'36.82.102.85',	'/inspiration/get-data-tabel-filter?kategori_id=6&page=1',	'2019-06-29 08:42:32'),
(9857,	'36.82.102.85',	'/inspiration/get-data-tabel-filter?kategori_id=4&page=1',	'2019-06-29 08:42:34'),
(9858,	'36.82.102.85',	'/inspiration/get-data-tabel-filter?kategori_id=4&page=2',	'2019-06-29 08:42:36'),
(9859,	'36.82.102.85',	'/inspiration/get-data-tabel-filter?kategori_id=3&page=1',	'2019-06-29 08:42:38'),
(9860,	'36.82.102.85',	'/inspiration/get-data-tabel-filter?kategori_id=3&page=2',	'2019-06-29 08:42:39'),
(9861,	'36.82.102.85',	'/inspiration/get-data-tabel-filter?kategori_id=3&page=3',	'2019-06-29 08:42:40'),
(9862,	'36.82.102.85',	'/inspiration/get-data-tabel-filter?kategori_id=3&page=4',	'2019-06-29 08:42:42'),
(9863,	'36.82.102.85',	'/inspiration/get-data-tabel-filter?kategori_id=3&page=5',	'2019-06-29 08:42:44'),
(9864,	'36.82.102.85',	'/inspiration/get-data-tabel-filter?kategori_id=0&page=1',	'2019-06-29 08:42:49'),
(9865,	'36.82.102.85',	'/inspiration/get-data-tabel-filter?kategori_id=0&page=2',	'2019-06-29 08:42:51'),
(9866,	'36.82.102.85',	'/inspiration/get-data-tabel-filter?kategori_id=0&page=3',	'2019-06-29 08:42:54'),
(9867,	'36.82.102.85',	'/inspiration/get-data-tabel-filter?kategori_id=0&page=4',	'2019-06-29 08:42:55'),
(9868,	'36.82.102.85',	'/inspiration/get-data-tabel-filter?kategori_id=0&page=5',	'2019-06-29 08:42:57'),
(9869,	'36.82.102.85',	'/inspiration/get-data-tabel-filter?kategori_id=0&page=6',	'2019-06-29 08:42:59'),
(9870,	'36.82.102.85',	'/inspiration/get-data-tabel-filter?kategori_id=0&page=7',	'2019-06-29 08:43:01'),
(9871,	'36.82.102.85',	'/inspiration',	'2019-06-29 08:43:04'),
(9872,	'36.82.102.85',	'/inspiration/get-data-tabel-filter?kategori_id=0&page=1',	'2019-06-29 08:43:04'),
(9873,	'36.82.102.85',	'/inspiration/get-data-tabel-filter?kategori_id=0&page=2',	'2019-06-29 08:43:06'),
(9874,	'36.82.102.85',	'/inspiration/get-data-tabel-filter?kategori_id=6&page=1',	'2019-06-29 08:43:08'),
(9875,	'36.82.102.85',	'/inspiration/get-data-tabel-filter?kategori_id=7&page=1',	'2019-06-29 08:43:09'),
(9876,	'36.82.102.85',	'/inspiration/get-data-tabel-filter?kategori_id=6&page=1',	'2019-06-29 08:43:10'),
(9877,	'36.82.102.85',	'/inspiration/get-data-tabel-filter?kategori_id=4&page=1',	'2019-06-29 08:43:12'),
(9878,	'36.82.102.85',	'/inspiration/get-data-tabel-filter?kategori_id=3&page=1',	'2019-06-29 08:43:14'),
(9879,	'36.82.102.85',	'/inspiration/get-data-tabel-filter?kategori_id=3&page=2',	'2019-06-29 08:43:16'),
(9880,	'36.82.102.85',	'/inspiration/get-data-tabel-filter?kategori_id=3&page=3',	'2019-06-29 08:43:17'),
(9881,	'36.82.102.85',	'/inspiration/get-data-tabel-filter?kategori_id=3&page=4',	'2019-06-29 08:43:18'),
(9882,	'36.82.102.85',	'/inspiration/get-data-tabel-filter?kategori_id=3&page=5',	'2019-06-29 08:43:20'),
(9883,	'36.82.102.85',	'/inspiration/get-data-tabel-filter?kategori_id=2&page=1',	'2019-06-29 08:43:24'),
(9884,	'36.82.102.85',	'/inspiration/get-data-tabel-filter?kategori_id=2&page=2',	'2019-06-29 08:43:26'),
(9885,	'36.82.102.85',	'/inspiration/get-data-tabel-filter?kategori_id=1&page=1',	'2019-06-29 08:43:30'),
(9886,	'36.82.102.85',	'/inspiration/get-data-tabel-filter?kategori_id=1&page=2',	'2019-06-29 08:43:31'),
(9887,	'36.82.102.85',	'/inspiration/get-data-tabel-filter?kategori_id=0&page=1',	'2019-06-29 08:43:34'),
(9888,	'36.82.102.85',	'/inspiration/get-data-tabel-filter?kategori_id=0&page=2',	'2019-06-29 08:43:36'),
(9889,	'36.82.102.85',	'/index/search?q=epic',	'2019-06-29 08:43:56'),
(9890,	'36.82.102.85',	'/inspiration/detail?id=39',	'2019-06-29 08:43:58'),
(9891,	'36.82.102.85',	'/contact',	'2019-06-29 08:46:36'),
(9892,	'36.82.102.85',	'/contact/get-data-tabel-filter?jenis=Office',	'2019-06-29 08:46:38'),
(9893,	'36.82.102.85',	'/inspiration/detail?id=39',	'2019-06-29 08:47:22'),
(9894,	'36.82.102.85',	'/inspiration/detail?id=39',	'2019-06-29 08:47:38'),
(9895,	'36.82.102.85',	'/inspiration',	'2019-06-29 08:47:40'),
(9896,	'36.82.102.85',	'/inspiration/get-data-tabel-filter?kategori_id=0&page=1',	'2019-06-29 08:47:40'),
(9897,	'36.82.102.85',	'/inspiration/get-data-tabel-filter?kategori_id=7&page=1',	'2019-06-29 08:47:42'),
(9898,	'36.82.102.85',	'/inspiration/get-data-tabel-filter?kategori_id=6&page=1',	'2019-06-29 08:47:43'),
(9899,	'36.82.102.85',	'/inspiration/get-data-tabel-filter?kategori_id=6&page=2',	'2019-06-29 08:47:45'),
(9900,	'36.82.102.85',	'/inspiration/get-data-tabel-filter?kategori_id=4&page=1',	'2019-06-29 08:47:49'),
(9901,	'36.82.102.85',	'/inspiration/get-data-tabel-filter?kategori_id=4&page=2',	'2019-06-29 08:47:50'),
(9902,	'36.82.102.85',	'/inspiration/get-data-tabel-filter?kategori_id=3&page=1',	'2019-06-29 08:47:52'),
(9903,	'36.82.102.85',	'/inspiration/get-data-tabel-filter?kategori_id=0&page=1',	'2019-06-29 08:47:54'),
(9904,	'36.82.102.85',	'/inspiration/get-data-tabel-filter?kategori_id=0&page=2',	'2019-06-29 08:47:55'),
(9905,	'36.82.102.85',	'/inspiration/get-data-tabel-filter?kategori_id=0&page=3',	'2019-06-29 08:47:57'),
(9906,	'36.82.102.85',	'/inspiration/get-data-tabel-filter?kategori_id=0&page=4',	'2019-06-29 08:48:02'),
(9907,	'36.82.102.85',	'/contact',	'2019-06-29 08:48:04'),
(9908,	'36.82.102.85',	'/contact/get-data-tabel-filter?jenis=Office',	'2019-06-29 08:48:05'),
(9909,	'36.82.102.85',	'/contact/get-data-tabel-filter?jenis=Production%20Facility',	'2019-06-29 08:48:14'),
(9910,	'36.82.102.85',	'/contact/get-data-tabel-filter?jenis=Showroom',	'2019-06-29 08:48:17'),
(9911,	'36.82.102.85',	'/contact',	'2019-06-29 08:48:21'),
(9912,	'36.82.102.85',	'/contact/get-data-tabel-filter?jenis=Office',	'2019-06-29 08:48:21'),
(9913,	'36.82.102.85',	'/contact/get-data-tabel-filter?jenis=Production%20Facility',	'2019-06-29 08:49:05'),
(9914,	'36.82.102.85',	'/contact/get-data-tabel-filter?jenis=Showroom',	'2019-06-29 08:49:30'),
(9915,	'36.82.102.85',	'/contact',	'2019-06-29 08:49:36'),
(9916,	'36.82.102.85',	'/contact/get-data-tabel-filter?jenis=Office',	'2019-06-29 08:49:37'),
(9917,	'36.82.102.85',	'/download',	'2019-06-29 08:50:58'),
(9918,	'36.82.102.85',	'/news/index?news=news-articles',	'2019-06-29 08:51:03'),
(9919,	'36.82.102.85',	'/news/articles-3',	'2019-06-29 08:51:08'),
(9920,	'36.82.102.85',	'/news',	'2019-06-29 08:51:12'),
(9921,	'36.82.102.85',	'/news/index?news=news-events',	'2019-06-29 08:51:25'),
(9922,	'36.82.102.85',	'/news/acara-3',	'2019-06-29 08:51:31'),
(9923,	'36.82.102.85',	'/news',	'2019-06-29 08:51:36'),
(9924,	'36.82.102.85',	'/faq',	'2019-06-29 08:51:43'),
(9925,	'36.82.102.85',	'/inspiration',	'2019-06-29 08:52:12'),
(9926,	'36.82.102.85',	'/inspiration/get-data-tabel-filter?kategori_id=7&page=1',	'2019-06-29 08:52:12'),
(9927,	'36.82.102.85',	'/inspiration/get-data-tabel-filter?kategori_id=6&page=1',	'2019-06-29 08:52:12'),
(9928,	'36.82.102.85',	'/inspiration/get-data-tabel-filter?kategori_id=0&page=1',	'2019-06-29 08:52:12'),
(9929,	'36.82.102.85',	'/inspiration/get-data-tabel-filter?kategori_id=3&page=1',	'2019-06-29 08:52:12'),
(9930,	'36.82.102.85',	'/inspiration/get-data-tabel-filter?kategori_id=4&page=1',	'2019-06-29 08:52:12'),
(9931,	'36.82.102.85',	'/inspiration/get-data-tabel-filter?kategori_id=0&page=2',	'2019-06-29 08:52:12'),
(9932,	'36.82.102.85',	'/inspiration/get-data-tabel-filter?kategori_id=2&page=1',	'2019-06-29 08:52:16'),
(9933,	'36.82.102.85',	'/inspiration/get-data-tabel-filter?kategori_id=1&page=1',	'2019-06-29 08:52:18'),
(9934,	'36.82.102.85',	'/inspiration/get-data-tabel-filter?kategori_id=0&page=1',	'2019-06-29 08:52:19'),
(9935,	'36.82.102.85',	'/product/platinum-ceramics',	'2019-06-29 08:52:23'),
(9936,	'36.82.102.85',	'/product/index-ajax?name=&page=1&type=&finishing=&dimension=&color=&suitable=&brand=PLATINUM',	'2019-06-29 08:52:23'),
(9937,	'36.82.102.85',	'/product/380/adore/brown-decor-embossed',	'2019-06-29 08:52:24'),
(9938,	'36.82.102.85',	'/product/asia-tile',	'2019-06-29 08:52:31'),
(9939,	'36.82.102.85',	'/product/index-ajax?name=&page=1&type=&finishing=&dimension=&color=&suitable=&brand=ASIA+TILE',	'2019-06-29 08:52:31'),
(9940,	'36.82.102.85',	'/product/index-ajax?name=&page=1&type=&finishing=&dimension=&color=TAUPE&suitable=&brand=ASIA+TILE',	'2019-06-29 08:52:38'),
(9941,	'36.82.102.85',	'/product/index-ajax?name=&page=1&type=&finishing=&dimension=&color=TAUPE&suitable=3&brand=ASIA+TILE',	'2019-06-29 08:52:42'),
(9942,	'36.82.102.85',	'/product/index-ajax?name=&page=1&type=&finishing=&dimension=&color=BASIC&suitable=3&brand=ASIA+TILE',	'2019-06-29 08:52:44'),
(9943,	'36.82.102.85',	'/product/index-ajax?name=&page=1&type=&finishing=&dimension=20X20&color=BASIC&suitable=3&brand=ASIA+TILE',	'2019-06-29 08:52:48'),
(9944,	'36.82.102.85',	'/product/index-ajax?name=&page=1&type=&finishing=MATT&dimension=20X20&color=BASIC&suitable=3&brand=ASIA+TILE',	'2019-06-29 08:52:50'),
(9945,	'36.82.102.85',	'/product/index-ajax?name=&page=1&type=FLOOR%20TILE&finishing=MATT&dimension=20X20&color=BASIC&suitable=3&brand=ASIA+TILE',	'2019-06-29 08:52:54'),
(9946,	'36.82.102.85',	'/product/index-ajax?name=&page=1&type=FLOOR%20TILE&finishing=&dimension=20X20&color=BASIC&suitable=3&brand=ASIA+TILE',	'2019-06-29 08:52:56'),
(9947,	'36.82.102.85',	'/product/index-ajax?name=&page=1&type=FLOOR%20TILE&finishing=&dimension=&color=BASIC&suitable=3&brand=ASIA+TILE',	'2019-06-29 08:52:57'),
(9948,	'36.82.102.85',	'/product/index-ajax?name=&page=1&type=FLOOR%20TILE&finishing=&dimension=&color=&suitable=3&brand=ASIA+TILE',	'2019-06-29 08:52:58'),
(9949,	'36.82.102.85',	'/product/index-ajax?name=&page=1&type=FLOOR%20TILE&finishing=&dimension=&color=&suitable=&brand=ASIA+TILE',	'2019-06-29 08:52:59'),
(9950,	'36.82.102.85',	'/product/index-ajax?name=&page=1&type=&finishing=&dimension=&color=&suitable=&brand=ASIA+TILE',	'2019-06-29 08:53:00'),
(9951,	'36.82.102.85',	'/product/index-ajax?name=&page=2&type=&finishing=&dimension=&color=&suitable=&brand=ASIA+TILE',	'2019-06-29 08:53:03'),
(9952,	'36.82.102.85',	'/product/asia-tile',	'2019-06-29 08:53:08'),
(9953,	'36.82.102.85',	'/product/index-ajax?name=&page=1&type=&finishing=&dimension=&color=&suitable=&brand=ASIA+TILE',	'2019-06-29 08:53:08'),
(9954,	'36.82.102.85',	'/index',	'2019-06-29 08:53:12'),
(9955,	'36.82.102.85',	'/index',	'2019-06-29 08:56:24'),
(9956,	'36.82.102.85',	'/index',	'2019-06-29 08:56:27'),
(9957,	'36.82.102.85',	'/product/platinum-ceramics',	'2019-06-29 08:56:30'),
(9958,	'36.82.102.85',	'/product/index-ajax?name=&page=1&type=&finishing=&dimension=&color=&suitable=&brand=PLATINUM',	'2019-06-29 08:56:32'),
(9959,	'36.82.102.85',	'/product/379/adore/basic',	'2019-06-29 08:56:33'),
(9960,	'66.220.149.13',	'/product/379/adore/basic',	'2019-06-29 08:56:44'),
(9961,	'66.220.149.13',	'/product/379/adore/basic',	'2019-06-29 08:56:44'),
(9962,	'36.82.102.85',	'/index',	'2019-06-29 08:57:44'),
(9963,	'36.82.102.85',	'/index',	'2019-06-29 08:57:47'),
(9964,	'36.82.102.85',	'/product/index-ajax?name=&page=1&type=&finishing=&dimension=&color=&suitable=&brand=PLATINUM',	'2019-06-29 08:57:48'),
(9965,	'36.82.102.85',	'/product/platinum-ceramics',	'2019-06-29 08:57:48'),
(9966,	'36.82.102.85',	'/index',	'2019-06-29 08:57:50'),
(9967,	'36.82.102.85',	'/',	'2019-06-29 08:58:09'),
(9968,	'36.82.102.85',	'/',	'2019-06-29 08:58:22'),
(9969,	'36.82.102.85',	'/',	'2019-06-29 08:58:44'),
(9970,	'36.82.102.85',	'/product/platinum-ceramics',	'2019-06-29 09:03:59'),
(9971,	'36.82.102.85',	'/product/index-ajax?name=&page=1&type=&finishing=&dimension=&color=&suitable=&brand=PLATINUM',	'2019-06-29 09:04:00'),
(9972,	'36.82.102.85',	'/',	'2019-06-29 09:04:37'),
(9973,	'36.82.102.85',	'/contact',	'2019-06-29 09:05:12'),
(9974,	'36.82.102.85',	'/contact/get-data-tabel-filter?jenis=Office',	'2019-06-29 09:05:12'),
(9975,	'36.82.102.85',	'/index',	'2019-06-29 09:05:15'),
(9976,	'36.82.102.85',	'/index',	'2019-06-29 09:06:05'),
(9977,	'36.82.102.85',	'/contact',	'2019-06-29 09:06:52'),
(9978,	'36.82.102.85',	'/contact/get-data-tabel-filter?jenis=Office',	'2019-06-29 09:06:52'),
(9979,	'36.82.102.85',	'/download',	'2019-06-29 09:08:29'),
(9980,	'36.82.102.85',	'/download',	'2019-06-29 09:09:14'),
(9981,	'36.82.102.85',	'/download/send-mail',	'2019-06-29 09:09:14'),
(9982,	'36.82.102.85',	'/download/notif-download',	'2019-06-29 09:09:18'),
(9983,	'36.82.102.85',	'/index',	'2019-06-29 09:09:21'),
(9984,	'36.82.102.85',	'/uploads/other/img_gj0meeuz.jpg',	'2019-06-29 09:09:59'),
(9985,	'36.82.102.85',	'/uploads/other/img_kt6iznzq.jpg',	'2019-06-29 09:09:59'),
(9986,	'36.82.102.85',	'/uploads/other/img_rcucpn8u.jpg',	'2019-06-29 09:09:59'),
(9987,	'36.82.102.85',	'/uploads/other/img_my6apy5z.jpg',	'2019-06-29 09:09:59'),
(9988,	'36.82.102.85',	'/uploads/other/img_v5qffspf.jpg',	'2019-06-29 09:09:59'),
(9989,	'36.82.102.85',	'/uploads/other/img_gjrxwy83.jpg',	'2019-06-29 09:09:59'),
(9990,	'36.82.102.85',	'/uploads/other/img_e6i32bed.jpg',	'2019-06-29 09:09:59'),
(9991,	'36.82.102.85',	'/uploads/other/img_oay_b81t.jpg',	'2019-06-29 09:09:59'),
(9992,	'36.82.102.85',	'/uploads/other/img_rs6-cyi_.jpg',	'2019-06-29 09:09:59'),
(9993,	'36.82.102.85',	'/uploads/other/img_tp7tjb_s.jpg',	'2019-06-29 09:09:59'),
(9994,	'36.82.102.85',	'/uploads/other/img_y7aawypp.jpg',	'2019-06-29 09:09:59'),
(9995,	'36.82.102.85',	'/uploads/other/img_6apyrsyw.jpg',	'2019-06-29 09:09:59'),
(9996,	'36.82.102.85',	'/uploads/other/img_5l9mxntt.jpg',	'2019-06-29 09:09:59'),
(9997,	'36.82.102.85',	'/inspiration',	'2019-06-29 09:13:40'),
(9998,	'36.82.102.85',	'/inspiration/get-data-tabel-filter?kategori_id=0&page=1',	'2019-06-29 09:13:40'),
(9999,	'36.82.102.85',	'/inspiration/4/enova',	'2019-06-29 09:13:42'),
(10000,	'36.82.102.85',	'/news/index?news=news-articles',	'2019-06-29 09:16:48'),
(10001,	'36.82.102.85',	'/career/index',	'2019-06-29 09:17:03'),
(10002,	'36.82.102.85',	'/site/switch-language?lang=id',	'2019-06-29 09:17:12'),
(10003,	'36.82.102.85',	'/career/index',	'2019-06-29 09:17:12'),
(10004,	'36.82.102.85',	'/site/switch-language?lang=en',	'2019-06-29 09:17:14'),
(10005,	'36.82.102.85',	'/career/index',	'2019-06-29 09:17:14'),
(10006,	'36.82.102.85',	'/news/index?news=news-articles',	'2019-06-29 09:17:22'),
(10007,	'36.82.102.85',	'/career/index',	'2019-06-29 09:17:40'),
(10008,	'36.82.102.85',	'/inspiration/4/enova',	'2019-06-29 09:18:30'),
(10009,	'36.82.102.85',	'/career/index',	'2019-06-29 09:18:37'),
(10010,	'36.82.102.85',	'/inspiration/4/enova',	'2019-06-29 09:18:48'),
(10011,	'36.82.102.85',	'/download',	'2019-06-29 09:18:59'),
(10012,	'36.82.102.85',	'/inspiration/38/epic',	'2019-06-29 09:19:04'),
(10013,	'36.82.102.85',	'/inspiration/29/brighton',	'2019-06-29 09:19:08'),
(10014,	'36.82.102.85',	'/inspiration/27/cargo',	'2019-06-29 09:19:10'),
(10015,	'66.220.149.11',	'/inspiration/27/cargo',	'2019-06-29 09:19:19'),
(10016,	'66.220.149.30',	'/inspiration/27/cargo',	'2019-06-29 09:19:20'),
(10017,	'66.220.149.40',	'/inspiration/27/cargo',	'2019-06-29 09:19:21'),
(10018,	'36.82.102.85',	'/inspiration/27/cargo',	'2019-06-29 09:19:29'),
(10019,	'36.82.102.85',	'/index',	'2019-06-29 09:19:31'),
(10020,	'36.82.102.85',	'/contact',	'2019-06-29 09:19:58'),
(10021,	'36.82.102.85',	'/contact/get-data-tabel-filter?jenis=Office',	'2019-06-29 09:19:58'),
(10022,	'36.82.102.85',	'/news/index?news=news-articles',	'2019-06-29 09:20:02'),
(10023,	'36.82.102.85',	'/index',	'2019-06-29 09:20:03'),
(10024,	'36.82.102.85',	'/download',	'2019-06-29 09:20:08'),
(10025,	'36.82.102.85',	'/download',	'2019-06-29 09:20:08'),
(10026,	'36.82.102.85',	'/news/index?news=news-events',	'2019-06-29 09:20:10'),
(10027,	'36.82.102.85',	'/inspiration',	'2019-06-29 09:20:47'),
(10028,	'36.82.102.85',	'/inspiration/get-data-tabel-filter?kategori_id=0&page=1',	'2019-06-29 09:20:49'),
(10029,	'36.82.102.85',	'/inspiration/1/elena',	'2019-06-29 09:20:56'),
(10030,	'36.82.102.85',	'/product/detail?id=536&ins=1',	'2019-06-29 09:20:58'),
(10031,	'66.220.149.11',	'/product/detail?id=536&ins=1',	'2019-06-29 09:21:03'),
(10032,	'66.220.149.28',	'/product/detail?id=536&ins=1',	'2019-06-29 09:21:04'),
(10033,	'66.220.149.15',	'/product/detail?id=536&ins=1',	'2019-06-29 09:21:05'),
(10034,	'36.82.102.85',	'/inspiration',	'2019-06-29 09:21:42'),
(10035,	'36.82.102.85',	'/inspiration/get-data-tabel-filter?kategori_id=0&page=1',	'2019-06-29 09:21:43'),
(10036,	'36.82.102.85',	'/inspiration/5/etore',	'2019-06-29 09:21:44'),
(10037,	'66.220.149.15',	'/inspiration/5/etore',	'2019-06-29 09:21:49'),
(10038,	'66.220.149.29',	'/inspiration/5/etore',	'2019-06-29 09:21:50'),
(10039,	'66.220.149.23',	'/inspiration/5/etore',	'2019-06-29 09:21:51'),
(10040,	'36.82.102.85',	'/product/detail?id=573&ins=5',	'2019-06-29 09:21:59'),
(10041,	'36.82.102.85',	'/inspiration',	'2019-06-29 09:22:10'),
(10042,	'36.82.102.85',	'/inspiration/get-data-tabel-filter?kategori_id=0&page=1',	'2019-06-29 09:22:11'),
(10043,	'36.82.102.85',	'/our-company/about-us',	'2019-06-29 09:22:14'),
(10044,	'36.82.102.85',	'/download',	'2019-06-29 09:22:22'),
(10045,	'36.82.102.85',	'/download',	'2019-06-29 09:22:29'),
(10046,	'36.82.102.85',	'/news/index?news=news-events',	'2019-06-29 09:22:34'),
(10047,	'36.82.102.85',	'/download',	'2019-06-29 09:22:54'),
(10048,	'36.82.102.85',	'/news/index?news=news-articles',	'2019-06-29 09:22:56'),
(10049,	'36.82.102.85',	'/contact',	'2019-06-29 09:23:56'),
(10050,	'36.82.102.85',	'/contact/get-data-tabel-filter?jenis=Office',	'2019-06-29 09:23:57'),
(10051,	'36.82.102.85',	'/contact',	'2019-06-29 09:24:06'),
(10052,	'36.82.102.85',	'/contact/get-data-tabel-filter?jenis=Office',	'2019-06-29 09:24:07'),
(10053,	'36.82.102.85',	'/download',	'2019-06-29 09:24:25'),
(10054,	'36.82.102.85',	'/contact',	'2019-06-29 09:24:29'),
(10055,	'36.82.102.85',	'/contact/get-data-tabel-filter?jenis=Office',	'2019-06-29 09:24:30'),
(10056,	'36.82.102.85',	'/contact',	'2019-06-29 09:25:07'),
(10057,	'36.82.102.85',	'/contact/get-data-tabel-filter?jenis=Office',	'2019-06-29 09:25:07'),
(10058,	'36.82.102.85',	'/contact',	'2019-06-29 09:25:09'),
(10059,	'36.82.102.85',	'/contact/get-data-tabel-filter?jenis=Office',	'2019-06-29 09:25:09'),
(10060,	'36.82.102.85',	'/download',	'2019-06-29 09:25:13'),
(10061,	'36.82.102.85',	'/contact',	'2019-06-29 09:25:18'),
(10062,	'36.82.102.85',	'/contact/get-data-tabel-filter?jenis=Office',	'2019-06-29 09:25:18'),
(10063,	'36.82.102.85',	'/news/index?news=news-events',	'2019-06-29 09:25:25'),
(10064,	'36.82.102.85',	'/news/index?news=news-articles',	'2019-06-29 09:25:30'),
(10065,	'36.82.102.85',	'/contact',	'2019-06-29 09:25:40'),
(10066,	'36.82.102.85',	'/contact/get-data-tabel-filter?jenis=Office',	'2019-06-29 09:25:40'),
(10067,	'36.82.102.85',	'/our-company/about-us',	'2019-06-29 09:25:43'),
(10068,	'36.82.102.85',	'/our-company/philosophy',	'2019-06-29 09:25:53'),
(10069,	'36.82.102.85',	'/our-company/csr-program',	'2019-06-29 09:25:56'),
(10070,	'36.82.102.85',	'/our-company/technology',	'2019-06-29 09:25:59'),
(10071,	'36.82.102.85',	'/our-company/production-facilities',	'2019-06-29 09:26:02'),
(10072,	'36.82.102.85',	'/our-company/portfolio',	'2019-06-29 09:26:05'),
(10073,	'36.82.102.85',	'/inspiration',	'2019-06-29 09:26:06'),
(10074,	'36.82.102.85',	'/inspiration/get-data-tabel-filter?kategori_id=0&page=1',	'2019-06-29 09:26:07'),
(10075,	'36.82.102.85',	'/career/index',	'2019-06-29 09:26:08'),
(10076,	'36.82.102.85',	'/career',	'2019-06-29 09:26:09'),
(10077,	'36.82.102.85',	'/career/index?filter=2019-06-01',	'2019-06-29 09:26:11'),
(10078,	'36.82.102.85',	'/career/detail?career=2',	'2019-06-29 09:26:12'),
(10079,	'36.82.102.85',	'/career/index?filter=2019-06-01',	'2019-06-29 09:26:22'),
(10080,	'36.82.102.85',	'/career/index?filter=2019-05-01',	'2019-06-29 09:26:25'),
(10081,	'36.82.102.85',	'/career/index?filter=2019-05-01',	'2019-06-29 09:26:27'),
(10082,	'36.82.102.85',	'/career/detail?career=2',	'2019-06-29 09:26:41'),
(10083,	'36.82.102.85',	'/news/index?news=news-articles',	'2019-06-29 09:27:22'),
(10084,	'36.82.102.85',	'/news/index?news=news-events',	'2019-06-29 09:27:54'),
(10085,	'36.82.102.85',	'/inspiration/27/cargo',	'2019-06-29 09:39:10'),
(10086,	'36.82.102.85',	'/thumb/inspiration/photo-20190627-4e02e9d7b1a1e41753397882c095a351.jpg',	'2019-06-29 09:39:17'),
(10087,	'36.82.102.85',	'/thumb/inspiration/photo-20190627-4e02e9d7b1a1e41753397882c095a351.jpg',	'2019-06-29 09:40:52'),
(10088,	'66.220.149.28',	'/inspiration/27/cargo',	'2019-06-29 09:40:57'),
(10089,	'66.220.149.29',	'/inspiration/27/cargo',	'2019-06-29 09:40:57'),
(10090,	'66.220.149.43',	'/thumb/inspiration/photo-20190627-4e02e9d7b1a1e41753397882c095a351.jpg',	'2019-06-29 09:41:00'),
(10091,	'66.220.149.6',	'/thumb/inspiration/photo-20190627-4e02e9d7b1a1e41753397882c095a351.jpg',	'2019-06-29 09:41:00'),
(10092,	'173.252.127.5',	'/inspiration/27/cargo?fbclid=IwAR38FcNKVujGUdQiRFEyCQXsbGtvYNQhaWmvmsGWq4YuY923cc6nQFqzULQ',	'2019-06-29 09:41:14'),
(10093,	'36.82.102.85',	'/news/index?news=news-articles',	'2019-06-29 09:43:18'),
(10094,	'36.82.102.85',	'/',	'2019-06-29 09:45:13'),
(10095,	'36.82.102.85',	'/contact',	'2019-06-29 09:45:27'),
(10096,	'36.82.102.85',	'/contact/get-data-tabel-filter?jenis=Office',	'2019-06-29 09:45:28'),
(10097,	'36.82.102.85',	'/contact/get-data-tabel-filter?jenis=Production%20Facility',	'2019-06-29 09:46:36'),
(10098,	'36.82.102.85',	'/product/platinum-ceramics',	'2019-06-29 09:49:19'),
(10099,	'36.82.102.85',	'/product/index-ajax?name=&page=1&type=&finishing=&dimension=&color=&suitable=&brand=PLATINUM',	'2019-06-29 09:49:20'),
(10100,	'36.82.102.85',	'/product/379/adore/basic',	'2019-06-29 09:49:22'),
(10101,	'36.82.102.85',	'/',	'2019-06-29 09:52:07'),
(10102,	'36.82.102.85',	'/news/index?news=news-events',	'2019-06-29 09:52:50'),
(10103,	'36.82.102.85',	'/our-company/technology',	'2019-06-29 09:53:29'),
(10104,	'36.82.102.85',	'/news/index?news=news-articles',	'2019-06-29 09:53:35'),
(10105,	'36.82.102.85',	'/index',	'2019-06-29 09:53:35'),
(10106,	'36.82.102.85',	'/news/index?news=news-articles',	'2019-06-29 09:53:52'),
(10107,	'36.82.102.85',	'/uploads/other/photo-20190615-9501ba3ad5fc4958e3157237d9ea2483.png',	'2019-06-29 09:54:12'),
(10108,	'36.82.102.85',	'/uploads/other/photo-20190615-9501ba3ad5fc4958e3157237d9ea2483.png',	'2019-06-29 09:54:26'),
(10109,	'36.82.102.85',	'/index/search?q=keramik',	'2019-06-29 09:55:04'),
(10110,	'36.82.102.85',	'/inspiration/detail?id=19',	'2019-06-29 09:55:15'),
(10111,	'36.82.102.85',	'/product/platinum-ceramics',	'2019-06-29 09:55:52'),
(10112,	'36.82.102.85',	'/product/index-ajax?name=&page=1&type=&finishing=&dimension=&color=&suitable=&brand=PLATINUM',	'2019-06-29 09:55:53'),
(10113,	'36.82.102.85',	'/site/switch-language?lang=id',	'2019-06-29 09:55:57'),
(10114,	'36.82.102.85',	'/product/platinum-ceramics',	'2019-06-29 09:55:57'),
(10115,	'36.82.102.85',	'/product/index-ajax?name=&page=1&type=&finishing=&dimension=&color=&suitable=&brand=PLATINUM',	'2019-06-29 09:55:58'),
(10116,	'36.82.102.85',	'/product/index-ajax?name=&page=2&type=&finishing=&dimension=&color=&suitable=&brand=PLATINUM',	'2019-06-29 09:56:18'),
(10117,	'36.82.102.85',	'/product/index-ajax?name=&page=3&type=&finishing=&dimension=&color=&suitable=&brand=PLATINUM',	'2019-06-29 09:56:21'),
(10118,	'36.82.102.85',	'/product/195/ancona/bone',	'2019-06-29 09:56:28'),
(10119,	'36.82.102.85',	'/uploads/other/img_my6apy5z.jpg',	'2019-06-29 10:00:44'),
(10120,	'36.82.102.85',	'/uploads/other/img_gj0meeuz.jpg',	'2019-06-29 10:00:44'),
(10121,	'36.82.102.85',	'/uploads/other/img_rcucpn8u.jpg',	'2019-06-29 10:00:44'),
(10122,	'36.82.102.85',	'/uploads/other/img_my6apy5z.jpg',	'2019-06-29 10:00:44'),
(10123,	'36.82.102.85',	'/uploads/other/img_v5qffspf.jpg',	'2019-06-29 10:00:44'),
(10124,	'36.82.102.85',	'/uploads/other/img_kt6iznzq.jpg',	'2019-06-29 10:00:44'),
(10125,	'36.82.102.85',	'/uploads/other/img_gjrxwy83.jpg',	'2019-06-29 10:00:46'),
(10126,	'36.82.102.85',	'/uploads/other/img_gj0meeuz.jpg',	'2019-06-29 10:00:46'),
(10127,	'36.82.102.85',	'/uploads/other/img_e6i32bed.jpg',	'2019-06-29 10:00:46'),
(10128,	'36.82.102.85',	'/uploads/other/img_oay_b81t.jpg',	'2019-06-29 10:00:46'),
(10129,	'36.82.102.85',	'/uploads/other/img_tp7tjb_s.jpg',	'2019-06-29 10:00:46'),
(10130,	'36.82.102.85',	'/uploads/other/img_rs6-cyi_.jpg',	'2019-06-29 10:00:46'),
(10131,	'36.82.102.85',	'/uploads/other/img_6apyrsyw.jpg',	'2019-06-29 10:00:46'),
(10132,	'36.82.102.85',	'/uploads/other/img_y7aawypp.jpg',	'2019-06-29 10:00:46'),
(10133,	'36.82.102.85',	'/uploads/other/img_5l9mxntt.jpg',	'2019-06-29 10:00:46'),
(10134,	'36.82.102.85',	'/uploads/other/img_rcucpn8u.jpg',	'2019-06-29 10:00:46'),
(10135,	'36.82.102.85',	'/uploads/other/img_kt6iznzq.jpg',	'2019-06-29 10:00:46'),
(10136,	'36.82.102.85',	'/uploads/other/img_gjrxwy83.jpg',	'2019-06-29 10:00:46'),
(10137,	'36.82.102.85',	'/uploads/other/img_e6i32bed.jpg',	'2019-06-29 10:00:47'),
(10138,	'36.82.102.85',	'/uploads/other/img_oay_b81t.jpg',	'2019-06-29 10:00:47'),
(10139,	'36.82.102.85',	'/uploads/other/img_rs6-cyi_.jpg',	'2019-06-29 10:00:47'),
(10140,	'36.82.102.85',	'/uploads/other/img_tp7tjb_s.jpg',	'2019-06-29 10:00:47'),
(10141,	'36.82.102.85',	'/uploads/other/img_y7aawypp.jpg',	'2019-06-29 10:00:47'),
(10142,	'36.82.102.85',	'/uploads/other/img_6apyrsyw.jpg',	'2019-06-29 10:00:47'),
(10143,	'36.82.102.85',	'/uploads/other/img_5l9mxntt.jpg',	'2019-06-29 10:00:47'),
(10144,	'36.82.102.85',	'/uploads/other/img_v5qffspf.jpg',	'2019-06-29 10:00:48'),
(10145,	'36.82.102.85',	'/uploads/other/img_my6apy5z.jpg',	'2019-06-29 10:01:16'),
(10146,	'36.82.102.85',	'/uploads/other/img_gjrxwy83.jpg',	'2019-06-29 10:01:16'),
(10147,	'36.82.102.85',	'/uploads/other/img_v5qffspf.jpg',	'2019-06-29 10:01:16'),
(10148,	'36.82.102.85',	'/uploads/other/img_kt6iznzq.jpg',	'2019-06-29 10:01:16'),
(10149,	'36.82.102.85',	'/uploads/other/img_gj0meeuz.jpg',	'2019-06-29 10:01:16'),
(10150,	'36.82.102.85',	'/uploads/other/img_rcucpn8u.jpg',	'2019-06-29 10:01:16'),
(10151,	'36.82.102.85',	'/uploads/other/img_my6apy5z.jpg',	'2019-06-29 10:01:16'),
(10152,	'36.82.102.85',	'/uploads/other/img_gj0meeuz.jpg',	'2019-06-29 10:01:17'),
(10153,	'36.82.102.85',	'/uploads/other/img_e6i32bed.jpg',	'2019-06-29 10:01:17'),
(10154,	'36.82.102.85',	'/uploads/other/img_rs6-cyi_.jpg',	'2019-06-29 10:01:17'),
(10155,	'36.82.102.85',	'/uploads/other/img_oay_b81t.jpg',	'2019-06-29 10:01:17'),
(10156,	'36.82.102.85',	'/uploads/other/img_tp7tjb_s.jpg',	'2019-06-29 10:01:17'),
(10157,	'36.82.102.85',	'/uploads/other/img_y7aawypp.jpg',	'2019-06-29 10:01:17'),
(10158,	'36.82.102.85',	'/uploads/other/img_6apyrsyw.jpg',	'2019-06-29 10:01:17'),
(10159,	'36.82.102.85',	'/uploads/other/img_5l9mxntt.jpg',	'2019-06-29 10:01:17'),
(10160,	'36.82.102.85',	'/uploads/other/img_rcucpn8u.jpg',	'2019-06-29 10:01:17'),
(10161,	'36.82.102.85',	'/uploads/other/img_kt6iznzq.jpg',	'2019-06-29 10:01:17'),
(10162,	'36.82.102.85',	'/uploads/other/img_v5qffspf.jpg',	'2019-06-29 10:01:17'),
(10163,	'36.82.102.85',	'/uploads/other/img_gjrxwy83.jpg',	'2019-06-29 10:01:18'),
(10164,	'36.82.102.85',	'/uploads/other/img_e6i32bed.jpg',	'2019-06-29 10:01:18'),
(10165,	'36.82.102.85',	'/uploads/other/img_oay_b81t.jpg',	'2019-06-29 10:01:18'),
(10166,	'36.82.102.85',	'/uploads/other/img_rs6-cyi_.jpg',	'2019-06-29 10:01:18'),
(10167,	'36.82.102.85',	'/uploads/other/img_tp7tjb_s.jpg',	'2019-06-29 10:01:18'),
(10168,	'36.82.102.85',	'/uploads/other/img_y7aawypp.jpg',	'2019-06-29 10:01:18'),
(10169,	'36.82.102.85',	'/uploads/other/img_6apyrsyw.jpg',	'2019-06-29 10:01:18'),
(10170,	'36.82.102.85',	'/uploads/other/img_5l9mxntt.jpg',	'2019-06-29 10:01:18'),
(10171,	'36.82.102.85',	'/uploads/other/img_my6apy5z.jpg',	'2019-06-29 10:01:29'),
(10172,	'36.82.102.85',	'/uploads/other/img_kt6iznzq.jpg',	'2019-06-29 10:01:29'),
(10173,	'36.82.102.85',	'/uploads/other/img_rcucpn8u.jpg',	'2019-06-29 10:01:29'),
(10174,	'36.82.102.85',	'/uploads/other/img_gj0meeuz.jpg',	'2019-06-29 10:01:29'),
(10175,	'36.82.102.85',	'/uploads/other/img_gjrxwy83.jpg',	'2019-06-29 10:01:29'),
(10176,	'36.82.102.85',	'/uploads/other/img_v5qffspf.jpg',	'2019-06-29 10:01:29'),
(10177,	'36.82.102.85',	'/uploads/other/img_my6apy5z.jpg',	'2019-06-29 10:01:30'),
(10178,	'36.82.102.85',	'/uploads/other/img_gj0meeuz.jpg',	'2019-06-29 10:01:30'),
(10179,	'36.82.102.85',	'/uploads/other/img_e6i32bed.jpg',	'2019-06-29 10:01:30'),
(10180,	'36.82.102.85',	'/uploads/other/img_oay_b81t.jpg',	'2019-06-29 10:01:31'),
(10181,	'36.82.102.85',	'/uploads/other/img_tp7tjb_s.jpg',	'2019-06-29 10:01:31'),
(10182,	'36.82.102.85',	'/uploads/other/img_rs6-cyi_.jpg',	'2019-06-29 10:01:31'),
(10183,	'36.82.102.85',	'/uploads/other/img_y7aawypp.jpg',	'2019-06-29 10:01:31'),
(10184,	'36.82.102.85',	'/uploads/other/img_6apyrsyw.jpg',	'2019-06-29 10:01:32'),
(10185,	'36.82.102.85',	'/uploads/other/img_5l9mxntt.jpg',	'2019-06-29 10:01:32'),
(10186,	'36.82.102.85',	'/uploads/other/img_rcucpn8u.jpg',	'2019-06-29 10:01:33'),
(10187,	'36.82.102.85',	'/uploads/other/img_kt6iznzq.jpg',	'2019-06-29 10:01:33'),
(10188,	'36.82.102.85',	'/uploads/other/img_v5qffspf.jpg',	'2019-06-29 10:01:33'),
(10189,	'36.82.102.85',	'/uploads/other/img_gjrxwy83.jpg',	'2019-06-29 10:01:34'),
(10190,	'36.82.102.85',	'/uploads/other/img_e6i32bed.jpg',	'2019-06-29 10:01:34'),
(10191,	'36.82.102.85',	'/uploads/other/img_oay_b81t.jpg',	'2019-06-29 10:01:34'),
(10192,	'36.82.102.85',	'/uploads/other/img_rs6-cyi_.jpg',	'2019-06-29 10:01:34'),
(10193,	'36.82.102.85',	'/uploads/other/img_tp7tjb_s.jpg',	'2019-06-29 10:01:34'),
(10194,	'36.82.102.85',	'/uploads/other/img_y7aawypp.jpg',	'2019-06-29 10:01:34'),
(10195,	'36.82.102.85',	'/uploads/other/img_6apyrsyw.jpg',	'2019-06-29 10:01:34'),
(10196,	'36.82.102.85',	'/uploads/other/img_5l9mxntt.jpg',	'2019-06-29 10:01:34'),
(10197,	'36.82.102.85',	'/uploads/other/img_gjrxwy83.jpg',	'2019-06-29 10:01:53'),
(10198,	'36.82.102.85',	'/uploads/other/img_v5qffspf.jpg',	'2019-06-29 10:01:53'),
(10199,	'36.82.102.85',	'/uploads/other/img_rcucpn8u.jpg',	'2019-06-29 10:01:53'),
(10200,	'36.82.102.85',	'/uploads/other/img_gj0meeuz.jpg',	'2019-06-29 10:01:53'),
(10201,	'36.82.102.85',	'/uploads/other/img_my6apy5z.jpg',	'2019-06-29 10:01:53'),
(10202,	'36.82.102.85',	'/uploads/other/img_kt6iznzq.jpg',	'2019-06-29 10:01:53'),
(10203,	'36.82.102.85',	'/uploads/other/img_gj0meeuz.jpg',	'2019-06-29 10:01:54'),
(10204,	'36.82.102.85',	'/uploads/other/img_my6apy5z.jpg',	'2019-06-29 10:01:54'),
(10205,	'36.82.102.85',	'/uploads/other/img_oay_b81t.jpg',	'2019-06-29 10:01:54'),
(10206,	'36.82.102.85',	'/uploads/other/img_e6i32bed.jpg',	'2019-06-29 10:01:54'),
(10207,	'36.82.102.85',	'/uploads/other/img_tp7tjb_s.jpg',	'2019-06-29 10:01:54'),
(10208,	'36.82.102.85',	'/uploads/other/img_y7aawypp.jpg',	'2019-06-29 10:01:54'),
(10209,	'36.82.102.85',	'/uploads/other/img_rs6-cyi_.jpg',	'2019-06-29 10:01:54'),
(10210,	'36.82.102.85',	'/uploads/other/img_6apyrsyw.jpg',	'2019-06-29 10:01:54'),
(10211,	'36.82.102.85',	'/uploads/other/img_rcucpn8u.jpg',	'2019-06-29 10:01:54'),
(10212,	'36.82.102.85',	'/uploads/other/img_5l9mxntt.jpg',	'2019-06-29 10:01:54'),
(10213,	'36.82.102.85',	'/uploads/other/img_v5qffspf.jpg',	'2019-06-29 10:01:54'),
(10214,	'36.82.102.85',	'/uploads/other/img_kt6iznzq.jpg',	'2019-06-29 10:01:54'),
(10215,	'36.82.102.85',	'/uploads/other/img_gjrxwy83.jpg',	'2019-06-29 10:01:54'),
(10216,	'36.82.102.85',	'/uploads/other/img_e6i32bed.jpg',	'2019-06-29 10:01:54'),
(10217,	'36.82.102.85',	'/uploads/other/img_oay_b81t.jpg',	'2019-06-29 10:01:54'),
(10218,	'36.82.102.85',	'/uploads/other/img_rs6-cyi_.jpg',	'2019-06-29 10:01:54'),
(10219,	'36.82.102.85',	'/uploads/other/img_tp7tjb_s.jpg',	'2019-06-29 10:01:54'),
(10220,	'36.82.102.85',	'/uploads/other/img_6apyrsyw.jpg',	'2019-06-29 10:01:54'),
(10221,	'36.82.102.85',	'/uploads/other/img_5l9mxntt.jpg',	'2019-06-29 10:01:54'),
(10222,	'36.82.102.85',	'/uploads/other/img_y7aawypp.jpg',	'2019-06-29 10:01:54'),
(10223,	'36.82.102.85',	'/our-company/philosophy',	'2019-06-29 10:02:50'),
(10224,	'36.82.102.85',	'/our-company/csr-program',	'2019-06-29 10:03:21'),
(10225,	'36.82.102.85',	'/our-company/technology',	'2019-06-29 10:04:00'),
(10226,	'36.82.102.85',	'/',	'2019-06-29 10:06:07'),
(10227,	'36.82.102.85',	'/news/index?news=news-articles',	'2019-06-29 10:06:14'),
(10228,	'36.82.102.85',	'/our-company/technology',	'2019-06-29 10:06:49'),
(10229,	'36.82.102.85',	'/news/index?news=news-articles',	'2019-06-29 10:06:54'),
(10230,	'36.82.102.85',	'/news/index?news=news-events',	'2019-06-29 10:07:07'),
(10231,	'36.82.102.85',	'/news/index?news=news-articles',	'2019-06-29 10:08:40'),
(10232,	'36.82.102.85',	'/news/index?news=news-events',	'2019-06-29 10:08:44'),
(10233,	'36.82.102.85',	'/career/index',	'2019-06-29 10:08:52'),
(10234,	'36.82.102.85',	'/career/index?filter=2019-05-01',	'2019-06-29 10:08:55'),
(10235,	'36.82.102.85',	'/career/index?filter=2019-03-01',	'2019-06-29 10:08:57'),
(10236,	'36.82.102.85',	'/contact',	'2019-06-29 10:09:45'),
(10237,	'36.82.102.85',	'/contact/get-data-tabel-filter?jenis=Office',	'2019-06-29 10:09:45'),
(10238,	'36.82.102.85',	'/career/index',	'2019-06-29 10:09:48'),
(10239,	'36.82.102.85',	'/career/index?filter=2019-06-01',	'2019-06-29 10:10:06'),
(10240,	'36.82.102.85',	'/news/index?news=news-articles',	'2019-06-29 10:10:22'),
(10241,	'36.82.102.85',	'/career/index?filter=2019-05-01',	'2019-06-29 10:10:35'),
(10242,	'36.82.102.85',	'/news/index?news=news-articles',	'2019-06-29 10:10:49'),
(10243,	'36.82.102.85',	'/news/articles-3',	'2019-06-29 10:11:06'),
(10244,	'36.82.102.85',	'/contact',	'2019-06-29 10:13:43'),
(10245,	'36.82.102.85',	'/contact/get-data-tabel-filter?jenis=Office',	'2019-06-29 10:13:44'),
(10246,	'36.82.102.85',	'/download',	'2019-06-29 10:13:52'),
(10247,	'36.82.102.85',	'/download',	'2019-06-29 10:14:43'),
(10248,	'36.82.102.85',	'/contact',	'2019-06-29 10:15:24'),
(10249,	'36.82.102.85',	'/contact/get-data-tabel-filter?jenis=Office',	'2019-06-29 10:15:27'),
(10250,	'36.82.102.85',	'/download',	'2019-06-29 10:15:40'),
(10251,	'36.82.102.85',	'/download',	'2019-06-29 10:15:43'),
(10252,	'36.82.102.85',	'/download',	'2019-06-29 10:16:03'),
(10253,	'36.82.102.85',	'/download',	'2019-06-29 10:16:32'),
(10254,	'36.82.102.85',	'/contact',	'2019-06-29 10:16:36'),
(10255,	'36.82.102.85',	'/contact/get-data-tabel-filter?jenis=Office',	'2019-06-29 10:16:37'),
(10256,	'36.82.102.85',	'/contact',	'2019-06-29 10:17:41'),
(10257,	'36.82.102.85',	'/contact/get-data-tabel-filter?jenis=Office',	'2019-06-29 10:17:42'),
(10258,	'36.82.102.85',	'/news/index?news=news-articles',	'2019-06-29 10:17:46'),
(10259,	'36.82.102.85',	'/news/index?news=news-articles',	'2019-06-29 10:18:06'),
(10260,	'36.82.102.85',	'/contact/get-data-tabel-filter?jenis=Production%20Facility',	'2019-06-29 10:18:08'),
(10261,	'36.82.102.85',	'/news/index?news=news-events',	'2019-06-29 10:18:13'),
(10262,	'36.82.102.85',	'/news/index?news=news-articles',	'2019-06-29 10:19:11'),
(10263,	'36.82.102.85',	'/news/-article-iniadalahcontohartikel1',	'2019-06-29 10:19:18'),
(10264,	'36.82.102.85',	'/download',	'2019-06-29 10:19:53'),
(10265,	'36.82.102.85',	'/contact',	'2019-06-29 10:19:53'),
(10266,	'36.82.102.85',	'/contact/get-data-tabel-filter?jenis=Office',	'2019-06-29 10:19:53'),
(10267,	'36.82.102.85',	'/download',	'2019-06-29 10:20:12'),
(10268,	'36.82.102.85',	'/download',	'2019-06-29 10:20:20'),
(10269,	'36.82.102.85',	'/download',	'2019-06-29 10:20:34'),
(10270,	'36.82.102.85',	'/news/index?news=news-events',	'2019-06-29 10:23:03'),
(10271,	'36.82.102.85',	'/news/index?news=news-articles',	'2019-06-29 10:24:22'),
(10272,	'36.82.102.85',	'/news/-article-iniadalahcontohartikel1',	'2019-06-29 10:24:27'),
(10273,	'36.82.102.85',	'/news/index?news=news-articles',	'2019-06-29 10:24:52'),
(10274,	'36.82.102.85',	'/news/-article-iniadalahcontohartikel1',	'2019-06-29 10:25:00'),
(10275,	'36.82.102.85',	'/news/index?news=news-articles',	'2019-06-29 10:25:12'),
(10276,	'36.82.102.85',	'/news/-article-iniadalahcontohartikel1',	'2019-06-29 10:25:18'),
(10277,	'36.82.102.85',	'/news',	'2019-06-29 10:25:54'),
(10278,	'36.82.102.85',	'/news/articles-2',	'2019-06-29 10:25:58'),
(10279,	'36.82.102.85',	'/news',	'2019-06-29 10:26:06'),
(10280,	'36.82.102.85',	'/product/platinum-ceramics',	'2019-06-29 10:26:59'),
(10281,	'36.82.102.85',	'/product/index-ajax?name=&page=1&type=&finishing=&dimension=&color=&suitable=&brand=PLATINUM',	'2019-06-29 10:27:00'),
(10282,	'36.82.102.85',	'/product/380/adore/brown-decor-embossed',	'2019-06-29 10:27:10'),
(10283,	'36.82.102.85',	'/product/detail?id=380',	'2019-06-29 10:28:25'),
(10284,	'36.82.102.85',	'/thumb/product/photo-20190628-c98804d8c74e7af92fd0a8f8fe0af9f7.jpg',	'2019-06-29 10:28:25'),
(10285,	'36.82.102.85',	'/product/detail?id=380',	'2019-06-29 10:28:48'),
(10286,	'36.82.102.85',	'/product/detail?id=380',	'2019-06-29 10:28:51'),
(10287,	'36.82.102.85',	'/thumb/product/photo-20190628-c98804d8c74e7af92fd0a8f8fe0af9f7.jpg',	'2019-06-29 10:28:56'),
(10288,	'36.82.102.85',	'/product/detail?id=380',	'2019-06-29 10:29:51'),
(10289,	'36.82.102.85',	'/product/detail?id=380',	'2019-06-29 10:29:54'),
(10290,	'36.82.102.85',	'/product/380/adore/brown-decor',	'2019-06-29 10:30:50'),
(10291,	'149.154.161.7',	'/product/380/adore/brown-decor',	'2019-06-29 10:31:03'),
(10292,	'149.154.161.7',	'/thumb/product/photo-20190628-c98804d8c74e7af92fd0a8f8fe0af9f7.jpg',	'2019-06-29 10:31:04'),
(10293,	'36.82.102.85',	'/news/index?news=media',	'2019-06-29 10:35:59'),
(10294,	'36.82.102.85',	'/news/media-detail?page=1',	'2019-06-29 10:36:00'),
(10295,	'36.82.102.85',	'/news/media-detail?page=2',	'2019-06-29 10:36:16'),
(10296,	'36.82.102.85',	'/index',	'2019-06-29 10:36:40'),
(10297,	'36.82.102.85',	'/download',	'2019-06-29 10:37:03'),
(10298,	'36.82.102.85',	'/product/asia-tile',	'2019-06-29 10:37:13'),
(10299,	'36.82.102.85',	'/product/index-ajax?name=&page=1&type=&finishing=&dimension=&color=&suitable=&brand=ASIA+TILE',	'2019-06-29 10:37:13'),
(10300,	'36.82.102.85',	'/product/8/alpha/blue',	'2019-06-29 10:37:15'),
(10301,	'36.82.102.85',	'/product/detail?id=12',	'2019-06-29 10:37:31'),
(10302,	'36.82.102.85',	'/product/asia-tile',	'2019-06-29 10:37:38'),
(10303,	'36.82.102.85',	'/product/index-ajax?name=&page=1&type=&finishing=&dimension=&color=&suitable=&brand=ASIA+TILE',	'2019-06-29 10:37:38'),
(10304,	'36.82.102.85',	'/product/index-ajax?name=&page=2&type=&finishing=&dimension=&color=&suitable=&brand=ASIA+TILE',	'2019-06-29 10:37:48'),
(10305,	'36.82.102.85',	'/product/platinum-ceramics',	'2019-06-29 10:38:04'),
(10306,	'36.82.102.85',	'/product/index-ajax?name=&page=1&type=&finishing=&dimension=&color=&suitable=&brand=PLATINUM',	'2019-06-29 10:38:05'),
(10307,	'36.82.102.85',	'/product/381/adore/brown-embossed',	'2019-06-29 10:38:10'),
(10308,	'36.82.102.85',	'/index',	'2019-06-29 10:39:22'),
(10309,	'36.82.102.85',	'/product/381/adore/brown-embossed',	'2019-06-29 10:39:31'),
(10310,	'36.82.102.85',	'/product/asia-tile',	'2019-06-29 10:39:40'),
(10311,	'36.82.102.85',	'/product/index-ajax?name=&page=1&type=&finishing=&dimension=&color=&suitable=&brand=ASIA+TILE',	'2019-06-29 10:39:41'),
(10312,	'36.82.102.85',	'/inspiration',	'2019-06-29 10:39:48'),
(10313,	'36.82.102.85',	'/inspiration/get-data-tabel-filter?kategori_id=0&page=1',	'2019-06-29 10:39:50'),
(10314,	'36.82.102.85',	'/product/381/adore/brown-embossed',	'2019-06-29 10:39:57'),
(10315,	'36.82.102.85',	'/thumb/product/photo-20190628-0d08be79a02a0f242ea8cb6c170a6836.jpg',	'2019-06-29 10:39:58'),
(10316,	'36.82.102.85',	'/product/381/adore/brown-embossed',	'2019-06-29 10:40:20'),
(10317,	'36.82.102.85',	'/product/381/adore/brown-embossed',	'2019-06-29 10:40:23'),
(10318,	'36.82.102.85',	'/thumb/product/photo-20190628-0d08be79a02a0f242ea8cb6c170a6836.jpg',	'2019-06-29 10:40:30'),
(10319,	'36.82.102.85',	'/news/index?news=news-events',	'2019-06-29 10:40:49'),
(10320,	'149.154.161.16',	'/product/381/adore/brown-embossed',	'2019-06-29 10:41:47'),
(10321,	'149.154.161.16',	'/thumb/product/photo-20190628-0d08be79a02a0f242ea8cb6c170a6836.jpg',	'2019-06-29 10:41:48'),
(10322,	'36.82.102.85',	'/product/platinum-ceramics',	'2019-06-29 10:42:09'),
(10323,	'36.82.102.85',	'/product/index-ajax?name=&page=1&type=&finishing=&dimension=&color=&suitable=&brand=PLATINUM',	'2019-06-29 10:42:10'),
(10324,	'36.82.102.85',	'/product/188/amazon/bone',	'2019-06-29 10:42:16'),
(10325,	'36.82.102.85',	'/',	'2019-06-29 10:42:34'),
(10326,	'36.82.102.85',	'/product/188/amazon/bone',	'2019-06-29 10:42:50'),
(10327,	'36.82.102.85',	'/thumb/product/photo-20190627-832b75386f35558a3792585c51445161.jpg',	'2019-06-29 10:42:51'),
(10328,	'36.82.102.85',	'/product/188/amazon/bone',	'2019-06-29 10:44:31'),
(10329,	'36.82.102.85',	'/',	'2019-06-29 10:45:45'),
(10330,	'36.82.102.85',	'/inspiration',	'2019-06-29 10:46:04'),
(10331,	'36.82.102.85',	'/inspiration/get-data-tabel-filter?kategori_id=0&page=1',	'2019-06-29 10:46:05'),
(10332,	'36.82.102.85',	'/inspiration/get-data-tabel-filter?kategori_id=0&page=2',	'2019-06-29 10:46:08'),
(10333,	'36.82.102.85',	'/inspiration/get-data-tabel-filter?kategori_id=0&page=3',	'2019-06-29 10:46:13'),
(10334,	'36.82.102.85',	'/inspiration/get-data-tabel-filter?kategori_id=0&page=4',	'2019-06-29 10:46:23'),
(10335,	'36.82.102.85',	'/',	'2019-06-29 10:47:05'),
(10336,	'36.82.102.85',	'/product/platinum-ceramics',	'2019-06-29 10:47:28'),
(10337,	'36.82.102.85',	'/product/index-ajax?name=&page=1&type=&finishing=&dimension=&color=&suitable=&brand=PLATINUM',	'2019-06-29 10:47:28'),
(10338,	'36.82.102.85',	'/product/index-ajax?name=&page=2&type=&finishing=&dimension=&color=&suitable=&brand=PLATINUM',	'2019-06-29 10:48:03'),
(10339,	'36.82.102.85',	'/inspiration',	'2019-06-29 10:48:30'),
(10340,	'36.82.102.85',	'/inspiration',	'2019-06-29 10:48:30'),
(10341,	'36.82.102.85',	'/inspiration/get-data-tabel-filter?kategori_id=0&page=1',	'2019-06-29 10:48:31'),
(10342,	'36.82.102.85',	'/inspiration/get-data-tabel-filter?kategori_id=0&page=2',	'2019-06-29 10:48:32'),
(10343,	'36.82.102.85',	'/inspiration/get-data-tabel-filter?kategori_id=7&page=1',	'2019-06-29 10:48:35'),
(10344,	'36.82.102.85',	'/inspiration/get-data-tabel-filter?kategori_id=6&page=1',	'2019-06-29 10:48:37'),
(10345,	'36.82.102.85',	'/contact',	'2019-06-29 10:48:38'),
(10346,	'36.82.102.85',	'/inspiration/get-data-tabel-filter?kategori_id=6&page=2',	'2019-06-29 10:48:39'),
(10347,	'36.82.102.85',	'/contact/get-data-tabel-filter?jenis=Office',	'2019-06-29 10:48:39'),
(10348,	'36.82.102.85',	'/our-company/about-us',	'2019-06-29 10:48:44'),
(10349,	'36.82.102.85',	'/contact',	'2019-06-29 10:48:57'),
(10350,	'36.82.102.85',	'/contact/get-data-tabel-filter?jenis=Office',	'2019-06-29 10:48:58'),
(10351,	'36.82.102.85',	'/contact',	'2019-06-29 10:51:23'),
(10352,	'36.82.102.85',	'/contact/get-data-tabel-filter?jenis=Office',	'2019-06-29 10:51:23'),
(10353,	'36.82.102.85',	'/inspiration',	'2019-06-29 10:51:29'),
(10354,	'36.82.102.85',	'/inspiration/get-data-tabel-filter?kategori_id=0&page=1',	'2019-06-29 10:51:30'),
(10355,	'36.82.102.85',	'/download',	'2019-06-29 10:51:32'),
(10356,	'36.82.102.85',	'/news/index?news=news-articles',	'2019-06-29 10:51:54'),
(10357,	'36.82.102.85',	'/product/platinum-ceramics',	'2019-06-29 10:52:06'),
(10358,	'36.82.102.85',	'/product/index-ajax?name=&page=1&type=&finishing=&dimension=&color=&suitable=&brand=PLATINUM',	'2019-06-29 10:52:07'),
(10359,	'36.82.102.85',	'/product/379/adore/basic',	'2019-06-29 10:52:14'),
(10360,	'36.82.102.85',	'/inspiration',	'2019-06-29 10:52:53'),
(10361,	'36.82.102.85',	'/inspiration/get-data-tabel-filter?kategori_id=0&page=1',	'2019-06-29 10:52:54'),
(10362,	'36.82.102.85',	'/',	'2019-06-29 11:00:58'),
(10363,	'36.82.102.85',	'/news/index?news=news-articles',	'2019-06-29 11:05:51'),
(10364,	'36.82.102.85',	'/news/-article-iniadalahcontohartikel1',	'2019-06-29 11:05:54'),
(10365,	'36.82.102.85',	'/news/view?filter=2019-05-01',	'2019-06-29 11:06:00'),
(10366,	'36.82.102.85',	'/news/view?filter=2019-04-01',	'2019-06-29 11:06:03'),
(10367,	'36.82.102.85',	'/news/view?filter=2019-05-01',	'2019-06-29 11:06:05'),
(10368,	'36.82.102.85',	'/news/index?news=news-articles',	'2019-06-29 11:06:14'),
(10369,	'36.82.102.85',	'/news/-article-iniadalahcontohartikel1',	'2019-06-29 11:06:20'),
(10370,	'36.82.102.85',	'/news/-article-iniadalahcontohartikel1',	'2019-06-29 11:06:51'),
(10371,	'36.82.102.85',	'/news/view?filter=2019-05-01',	'2019-06-29 11:12:11'),
(10372,	'36.82.102.85',	'/our-company/philosophy',	'2019-06-29 11:12:18'),
(10373,	'36.82.102.85',	'/our-company/csr-program',	'2019-06-29 11:12:20'),
(10374,	'36.82.102.85',	'/',	'2019-06-29 11:12:20'),
(10375,	'36.82.102.85',	'/product/platinum-ceramics',	'2019-06-29 11:13:27'),
(10376,	'36.82.102.85',	'/product/index-ajax?name=&page=1&type=&finishing=&dimension=&color=&suitable=&brand=PLATINUM',	'2019-06-29 11:13:27'),
(10377,	'36.82.102.85',	'/product/index-ajax?name=&page=2&type=&finishing=&dimension=&color=&suitable=&brand=PLATINUM',	'2019-06-29 11:13:31'),
(10378,	'36.82.102.85',	'/product/196/ancona/brown',	'2019-06-29 11:13:45'),
(10379,	'36.82.102.85',	'/product/platinum-ceramics',	'2019-06-29 11:14:01'),
(10380,	'36.82.102.85',	'/product/index-ajax?name=&page=1&type=&finishing=&dimension=&color=&suitable=&brand=PLATINUM',	'2019-06-29 11:14:02'),
(10381,	'36.82.102.85',	'/index',	'2019-06-29 11:14:08'),
(10382,	'36.82.102.85',	'/index',	'2019-06-29 11:17:46'),
(10383,	'36.82.102.85',	'/product/asia-tile',	'2019-06-29 11:17:59'),
(10384,	'36.82.102.85',	'/product/index-ajax?name=&page=1&type=&finishing=&dimension=&color=&suitable=&brand=ASIA+TILE',	'2019-06-29 11:18:00'),
(10385,	'36.82.102.85',	'/product/asia-tile',	'2019-06-29 11:18:56'),
(10386,	'36.82.102.85',	'/product/index-ajax?name=&page=1&type=&finishing=&dimension=&color=&suitable=&brand=ASIA+TILE',	'2019-06-29 11:18:57'),
(10387,	'36.82.102.85',	'/product/index-ajax?name=&page=2&type=&finishing=&dimension=&color=&suitable=&brand=ASIA+TILE',	'2019-06-29 11:19:07'),
(10388,	'36.82.102.85',	'/product/index-ajax?name=&page=3&type=&finishing=&dimension=&color=&suitable=&brand=ASIA+TILE',	'2019-06-29 11:19:09'),
(10389,	'36.82.102.85',	'/product/index-ajax?name=&page=4&type=&finishing=&dimension=&color=&suitable=&brand=ASIA+TILE',	'2019-06-29 11:19:09'),
(10390,	'36.82.102.85',	'/product/index-ajax?name=&page=5&type=&finishing=&dimension=&color=&suitable=&brand=ASIA+TILE',	'2019-06-29 11:19:09'),
(10391,	'36.82.102.85',	'/product/index-ajax?name=&page=6&type=&finishing=&dimension=&color=&suitable=&brand=ASIA+TILE',	'2019-06-29 11:19:09'),
(10392,	'36.82.102.85',	'/product/platinum-ceramics',	'2019-06-29 11:19:16'),
(10393,	'36.82.102.85',	'/product/index-ajax?name=&page=1&type=&finishing=&dimension=&color=&suitable=&brand=PLATINUM',	'2019-06-29 11:19:18'),
(10394,	'36.82.102.85',	'/product/index-ajax?name=&page=2&type=&finishing=&dimension=&color=&suitable=&brand=PLATINUM',	'2019-06-29 11:19:20'),
(10395,	'36.82.102.85',	'/index',	'2019-06-29 11:19:38'),
(10396,	'36.82.102.85',	'/product/index-ajax?name=&page=3&type=&finishing=&dimension=&color=&suitable=&brand=PLATINUM',	'2019-06-29 11:19:43'),
(10397,	'36.82.102.85',	'/product/index-ajax?name=&page=4&type=&finishing=&dimension=&color=&suitable=&brand=PLATINUM',	'2019-06-29 11:19:43'),
(10398,	'36.82.102.85',	'/product/index-ajax?name=&page=5&type=&finishing=&dimension=&color=&suitable=&brand=PLATINUM',	'2019-06-29 11:19:43'),
(10399,	'36.82.102.85',	'/product/index-ajax?name=&page=6&type=&finishing=&dimension=&color=&suitable=&brand=PLATINUM',	'2019-06-29 11:19:43'),
(10400,	'36.82.102.85',	'/product/index-ajax?name=&page=7&type=&finishing=&dimension=&color=&suitable=&brand=PLATINUM',	'2019-06-29 11:19:44'),
(10401,	'36.82.102.85',	'/product/index-ajax?name=&page=8&type=&finishing=&dimension=&color=&suitable=&brand=PLATINUM',	'2019-06-29 11:19:44'),
(10402,	'36.82.102.85',	'/product/index-ajax?name=&page=9&type=&finishing=&dimension=&color=&suitable=&brand=PLATINUM',	'2019-06-29 11:19:44'),
(10403,	'36.82.102.85',	'/product/index-ajax?name=&page=10&type=&finishing=&dimension=&color=&suitable=&brand=PLATINUM',	'2019-06-29 11:19:44'),
(10404,	'36.82.102.85',	'/inspiration',	'2019-06-29 11:19:48'),
(10405,	'36.82.102.85',	'/inspiration/get-data-tabel-filter?kategori_id=0&page=1',	'2019-06-29 11:19:48'),
(10406,	'36.82.102.85',	'/inspiration/get-data-tabel-filter?kategori_id=0&page=2',	'2019-06-29 11:19:51'),
(10407,	'36.82.102.85',	'/inspiration/get-data-tabel-filter?kategori_id=0&page=3',	'2019-06-29 11:19:54'),
(10408,	'36.82.102.85',	'/js/hammer.min.js.map',	'2019-06-29 11:21:43'),
(10409,	'36.82.102.85',	'/news/index?news=news-articles',	'2019-06-29 11:21:47'),
(10410,	'36.82.102.85',	'/js/hammer.min.js.map',	'2019-06-29 11:21:49'),
(10411,	'36.82.102.85',	'/contact',	'2019-06-29 11:32:59'),
(10412,	'36.82.102.85',	'/contact/get-data-tabel-filter?jenis=Office',	'2019-06-29 11:33:00'),
(10413,	'36.82.102.85',	'/contact/get-data-tabel-filter?jenis=Production%20Facility',	'2019-06-29 11:33:04'),
(10414,	'36.82.102.85',	'/contact/get-data-tabel-filter?jenis=Showroom',	'2019-06-29 11:33:07'),
(10415,	'36.82.102.85',	'/contact/get-data-tabel-filter?jenis=Showroom',	'2019-06-29 11:33:08'),
(10416,	'36.82.102.85',	'/contact/get-data-tabel-filter?jenis=Office',	'2019-06-29 11:33:15'),
(10417,	'36.82.102.85',	'/contact/get-data-tabel-filter?jenis=Production%20Facility',	'2019-06-29 11:33:28'),
(10418,	'36.82.102.85',	'/contact/get-data-tabel-filter?jenis=Showroom',	'2019-06-29 11:33:30'),
(10419,	'36.82.102.85',	'/download',	'2019-06-29 11:36:01'),
(10420,	'36.82.102.85',	'/index',	'2019-06-29 11:38:23'),
(10421,	'36.82.102.85',	'/career/index',	'2019-06-29 11:38:33'),
(10422,	'36.82.102.85',	'/career/index',	'2019-06-29 11:39:17'),
(10423,	'36.82.102.85',	'/career/detail?career=1',	'2019-06-29 11:39:20'),
(10424,	'36.82.102.85',	'/career/detail?career=1',	'2019-06-29 11:40:10'),
(10425,	'36.82.102.85',	'/site/switch-language?lang=en',	'2019-06-29 11:40:14'),
(10426,	'36.82.102.85',	'/career/detail?career=1',	'2019-06-29 11:40:14'),
(10427,	'36.82.102.85',	'/news/index?news=media',	'2019-06-29 11:43:22'),
(10428,	'36.82.102.85',	'/news/media-detail?page=1',	'2019-06-29 11:43:23'),
(10429,	'36.82.102.85',	'/site/switch-language?lang=id',	'2019-06-29 11:43:31'),
(10430,	'36.82.102.85',	'/news/index?news=media',	'2019-06-29 11:43:31'),
(10431,	'36.82.102.85',	'/news/media-detail?page=1',	'2019-06-29 11:43:31'),
(10432,	'36.82.102.85',	'/site/switch-language?lang=en',	'2019-06-29 11:43:39'),
(10433,	'36.82.102.85',	'/news/index?news=media',	'2019-06-29 11:43:39'),
(10434,	'36.82.102.85',	'/news/media-detail?page=1',	'2019-06-29 11:43:39'),
(10435,	'36.82.102.85',	'/news/media-detail?page=2',	'2019-06-29 11:43:47'),
(10436,	'36.82.102.85',	'/site/switch-language?lang=id',	'2019-06-29 11:44:02'),
(10437,	'36.82.102.85',	'/news/index?news=media',	'2019-06-29 11:44:02'),
(10438,	'36.82.102.85',	'/news/media-detail?page=1',	'2019-06-29 11:44:03'),
(10439,	'36.82.102.85',	'/news/media-detail?page=2',	'2019-06-29 11:44:07'),
(10440,	'36.82.102.85',	'/our-company/about-us',	'2019-06-29 11:46:13'),
(10441,	'36.82.102.85',	'/our-company/tes',	'2019-06-29 11:46:24'),
(10442,	'36.82.102.85',	'/our-company/tes',	'2019-06-29 11:48:44'),
(10443,	'36.82.102.85',	'/faq',	'2019-06-29 11:49:18'),
(10444,	'36.82.102.85',	'/news/index?news=news-events',	'2019-06-29 11:50:34'),
(10445,	'36.82.102.85',	'/our-company/tes',	'2019-06-29 11:51:33'),
(10446,	'36.82.102.85',	'/our-company/csr-program',	'2019-06-29 11:51:45'),
(10447,	'36.82.102.85',	'/contact',	'2019-06-29 12:01:42'),
(10448,	'36.82.102.85',	'/contact/get-data-tabel-filter?jenis=Office',	'2019-06-29 12:01:44'),
(10449,	'36.82.102.85',	'/contact/get-data-tabel-filter?jenis=Production%20Facility',	'2019-06-29 12:01:50'),
(10450,	'36.82.102.85',	'/contact/get-data-tabel-filter?jenis=Showroom',	'2019-06-29 12:01:53'),
(10451,	'36.82.102.85',	'/product/381/adore/brown-embossed',	'2019-06-29 12:02:56'),
(10452,	'36.82.102.85',	'/inspiration',	'2019-06-29 12:04:26'),
(10453,	'36.82.102.85',	'/inspiration',	'2019-06-29 12:04:26'),
(10454,	'36.82.102.85',	'/inspiration/get-data-tabel-filter?kategori_id=0&page=1',	'2019-06-29 12:04:28'),
(10455,	'36.82.102.85',	'/inspiration',	'2019-06-29 12:04:36'),
(10456,	'36.82.102.85',	'/inspiration/get-data-tabel-filter?kategori_id=0&page=1',	'2019-06-29 12:04:37'),
(10457,	'36.82.102.85',	'/inspiration/5/etore',	'2019-06-29 12:05:08'),
(10458,	'36.82.102.85',	'/inspiration/5/etore',	'2019-06-29 12:05:09'),
(10459,	'36.82.102.85',	'/inspiration/5/etore',	'2019-06-29 12:05:30'),
(10460,	'36.82.102.85',	'/inspiration/5/etore',	'2019-06-29 12:05:32'),
(10461,	'36.82.102.85',	'/thumb/inspiration/photo-20190627-4a9984d43e8459205833dd22438359b9.jpg',	'2019-06-29 12:05:32'),
(10462,	'36.82.102.85',	'/site/switch-language?lang=id',	'2019-06-29 12:06:00'),
(10463,	'36.82.102.85',	'/inspiration/5/etore',	'2019-06-29 12:06:00'),
(10464,	'36.82.102.85',	'/inspiration',	'2019-06-29 12:06:42'),
(10465,	'36.82.102.85',	'/inspiration/get-data-tabel-filter?kategori_id=0&page=1',	'2019-06-29 12:06:42'),
(10466,	'36.82.102.85',	'/inspiration',	'2019-06-29 12:07:01'),
(10467,	'36.82.102.85',	'/inspiration/get-data-tabel-filter?kategori_id=0&page=1',	'2019-06-29 12:07:01'),
(10468,	'36.82.102.85',	'/js/hammer.min.js.map',	'2019-06-29 12:07:07'),
(10469,	'36.82.102.85',	'/inspiration',	'2019-06-29 12:07:13'),
(10470,	'36.82.102.85',	'/inspiration/get-data-tabel-filter?kategori_id=0&page=1',	'2019-06-29 12:07:15'),
(10471,	'36.82.102.85',	'/inspiration/get-data-tabel-filter?kategori_id=0&page=2',	'2019-06-29 12:07:16'),
(10472,	'36.82.102.85',	'/inspiration',	'2019-06-29 12:07:35'),
(10473,	'36.82.102.85',	'/inspiration/get-data-tabel-filter?kategori_id=0&page=1',	'2019-06-29 12:08:02'),
(10474,	'36.82.102.85',	'/inspiration/get-data-tabel-filter?kategori_id=1&page=1',	'2019-06-29 12:09:04'),
(10475,	'36.82.102.85',	'/inspiration/get-data-tabel-filter?kategori_id=0&page=1',	'2019-06-29 12:09:08'),
(10476,	'36.82.102.85',	'/thumb/product/default.png',	'2019-06-29 12:12:31'),
(10477,	'36.82.102.85',	'/inspiration/get-data-tabel-filter?kategori_id=1&page=1',	'2019-06-29 12:12:34'),
(10478,	'36.82.102.85',	'/inspiration/get-data-tabel-filter?kategori_id=2&page=1',	'2019-06-29 12:12:35'),
(10479,	'36.82.102.85',	'/inspiration/get-data-tabel-filter?kategori_id=4&page=1',	'2019-06-29 12:12:38'),
(10480,	'36.82.102.85',	'/inspiration/get-data-tabel-filter?kategori_id=6&page=1',	'2019-06-29 12:12:38'),
(10481,	'36.82.102.85',	'/inspiration/get-data-tabel-filter?kategori_id=7&page=1',	'2019-06-29 12:12:39'),
(10482,	'182.1.121.108',	'/inspiration',	'2019-06-30 01:43:44'),
(10483,	'182.1.121.108',	'/js/hammer.min.js.map',	'2019-06-30 01:43:46'),
(10484,	'182.1.121.108',	'/inspiration/get-data-tabel-filter?kategori_id=0&page=1',	'2019-06-30 01:43:46');

CREATE TABLE `media` (
  `id` int(11) NOT NULL AUTO_INCREMENT,
  `title` varchar(100) NOT NULL,
  `video_url` varchar(255) NOT NULL,
  `created_at` datetime NOT NULL,
  `created_by` int(11) NOT NULL,
  `updated_at` datetime DEFAULT NULL,
  `updated_by` int(11) DEFAULT NULL,
  PRIMARY KEY (`id`),
  KEY `created_by` (`created_by`),
  KEY `updated_by` (`updated_by`),
  CONSTRAINT `media_ibfk_1` FOREIGN KEY (`created_by`) REFERENCES `user` (`id`),
  CONSTRAINT `media_ibfk_2` FOREIGN KEY (`updated_by`) REFERENCES `user` (`id`)
) ENGINE=InnoDB DEFAULT CHARSET=latin1;

INSERT INTO `media` (`id`, `title`, `video_url`, `created_at`, `created_by`, `updated_at`, `updated_by`) VALUES
(1,	'Tile Cutting Process',	'https://www.youtube.com/watch?v=9h1KVH1sfYk',	'0000-00-00 00:00:00',	1,	'2019-06-28 10:39:32',	1),
(2,	'Another Ads 4',	'https://www.youtube.com/watch?v=1n7S7Za0KIE',	'0000-00-00 00:00:00',	1,	'2019-06-28 10:47:46',	1),
(3,	'Titanium - The Living Space',	'https://www.youtube.com/watch?v=2_mPaVzDLoY',	'2019-06-22 07:04:16',	1,	'2019-06-28 10:39:43',	1),
(4,	'Titanium Granite - 6 sec ads',	'https://www.youtube.com/watch?v=Wq9GyBp3u5Q',	'2019-06-22 07:06:40',	1,	'2019-06-28 10:39:46',	1),
(5,	'Another Ads 5',	'https://www.youtube.com/watch?v=92ubipSMxvc',	'2019-06-22 09:32:53',	1,	NULL,	NULL),
(9,	'Platinum Product Launch',	'https://www.youtube.com/watch?v=Q1Suhz__IVc',	'2019-06-29 07:13:50',	1,	NULL,	NULL),
(10,	'Bevel Manual Tutorial',	'https://www.youtube.com/watch?v=wxkw-yI0A28',	'2019-06-29 07:16:09',	1,	NULL,	NULL),
(11,	'Titanium Granite Product',	'https://www.youtube.com/watch?v=BfTrZvm0Q-o',	'2019-06-29 07:17:20',	1,	NULL,	NULL);

CREATE TABLE `menu` (
  `id` int(11) NOT NULL AUTO_INCREMENT,
  `name` varchar(50) NOT NULL,
  `controller` varchar(50) NOT NULL,
  `action` varchar(50) NOT NULL DEFAULT 'index',
  `icon` varchar(50) NOT NULL,
  `order` int(11) NOT NULL DEFAULT '1',
  `parent_id` int(11) DEFAULT NULL,
  PRIMARY KEY (`id`),
  KEY `parent_id` (`parent_id`),
  CONSTRAINT `menu_ibfk_1` FOREIGN KEY (`parent_id`) REFERENCES `menu` (`id`)
) ENGINE=InnoDB DEFAULT CHARSET=latin1;

INSERT INTO `menu` (`id`, `name`, `controller`, `action`, `icon`, `order`, `parent_id`) VALUES
(1,	'Beranda',	'site',	'index',	'fa fa-home',	1,	NULL),
(3,	'[Admin] Menu',	'menu',	'index',	'fa fa-align-justify',	19,	NULL),
(4,	'[Admin] Hak Akses',	'role',	'index',	'fa fa-user-secret',	20,	NULL),
(5,	'[Admin] Pengguna',	'user',	'index',	'fa fa-users',	21,	NULL),
(25,	'SEO',	'seo',	'index',	'fa fa-get-pocket',	16,	NULL),
(44,	'Popup Info',	'popup-info',	'index',	'fa fa-exclamation-circle',	12,	NULL),
(45,	'Inspirasi',	'inspiration',	'index',	'fa fa-lightbulb-o',	9,	NULL),
(46,	'Produk',	'product',	'index',	'fa fa-cubes',	6,	NULL),
(47,	'Kategori Inspirasi',	'inspiration-kategori',	'index',	'fa fa-lightbulb-o',	10,	NULL),
(48,	'Karir',	'career',	'index',	'fa fa-briefcase',	11,	NULL),
(49,	'Media',	'media',	'index',	'fa fa-camera',	13,	NULL),
(50,	'Berita',	'news',	'index',	'fa fa-newspaper-o',	14,	NULL),
(51,	'Kategori Berita',	'news-category',	'index',	'fa fa-newspaper-o',	15,	NULL),
(52,	'FAQ',	'faq',	'index',	'fa fa-question-circle',	17,	NULL),
(53,	'Setting Peta',	'setting-peta',	'index',	'fa fa-map',	4,	NULL),
(54,	'Setting Katalog',	'setting-katalog',	'index',	'fa fa-file-text',	5,	NULL),
(55,	'Slider',	'page-slider',	'index',	'fa fa-image',	2,	NULL),
(56,	'Setting Info',	'setting',	'index',	'fa fa-gears',	3,	NULL),
(57,	'Filter Produk',	'filter-produk',	'index',	'fa fa-filter',	7,	NULL),
(58,	'Ukuran',	'ukuran',	'index',	'fa fa-compress',	8,	NULL),
(59,	'Kategori FAQ',	'faq-category',	'index',	'fa fa-question-circle',	18,	NULL);

CREATE TABLE `news` (
  `id` int(11) NOT NULL AUTO_INCREMENT,
  `news_category_id` int(11) NOT NULL,
  `title_indonesia` varchar(255) DEFAULT NULL,
  `title_english` varchar(255) DEFAULT NULL,
  `slug` varchar(255) NOT NULL COMMENT 'slug ini untuk pretty url',
  `thumbnail_url` varchar(255) DEFAULT NULL,
  `content_indonesia` mediumtext,
  `content_english` mediumtext,
  `created_at` datetime NOT NULL,
  `created_by` int(11) NOT NULL,
  `updated_at` datetime DEFAULT NULL,
  `updated_by` int(11) DEFAULT NULL,
  `status` int(11) NOT NULL DEFAULT '1' COMMENT 'status aktif (delete/tidak)',
  PRIMARY KEY (`id`),
  KEY `created_by` (`created_by`),
  KEY `updated_by` (`updated_by`),
  KEY `news_category_id` (`news_category_id`),
  CONSTRAINT `news_ibfk_1` FOREIGN KEY (`created_by`) REFERENCES `user` (`id`),
  CONSTRAINT `news_ibfk_2` FOREIGN KEY (`updated_by`) REFERENCES `user` (`id`),
  CONSTRAINT `news_ibfk_3` FOREIGN KEY (`news_category_id`) REFERENCES `news_category` (`id`)
) ENGINE=InnoDB DEFAULT CHARSET=latin1;

INSERT INTO `news` (`id`, `news_category_id`, `title_indonesia`, `title_english`, `slug`, `thumbnail_url`, `content_indonesia`, `content_english`, `created_at`, `created_by`, `updated_at`, `updated_by`, `status`) VALUES
(1,	5,	'Tentang Kami',	'About Us',	'about-us',	'news-1.jpg',	'<div class=\"row\">\r\n<div class=\"col-md-12 col-lg-6\">\r\n<p>PT Platinum Ceramics Industry (PT PCI) merupakan perusahaan tegel keramik terkemuka yang mengedepankan kualitas dan inovasi pada produk yang dihasilkan. Hadir sejak 19 Oktober 1971, PT Platinum Ceramics Industry yang dahulu bernama PT Asia Industri Keramik telah memproduksi berbagai jenis produk keramik lantai, dinding dan dekorasi dengan kualitas terbaik yang didistribusikan ke jutaan pelanggan di seluruh dunia.</p>\r\n</div>\r\n\r\n<div class=\"col-md-12 col-lg-6\">\r\n<p><img alt=\"\" src=\"http://platinum.aplikasitrial.com/uploads/other/img_gvcsul0d.jpg\" style=\"width: 90%;\" /></p>\r\n</div>\r\n\r\n<div class=\"col-md-12 col-lg-6\">\r\n<p><img alt=\"\" src=\"http://platinum.aplikasitrial.com/uploads/other/img_mrwr0_df.jpg\" style=\"width: 90%;\" /></p>\r\n</div>\r\n\r\n<div class=\"col-md-12 col-lg-6\">\r\n<p>Kami memiliki dua merek produk yang telah dikenal luas, yaitu Platinum Ceramics &amp; Asia Tile. Seluruh produk kami selalu mengedepankan standar yang tinggi dalam proses pembuatan produk akhir melalui inovasi secara berkelanjutan serta perhatian terhadap kualitas produk yang konsisten. Pabrik PT PCI adalah pabrik tegel keramik pertama di Indonesia yang menggunakan mesin otomasi digital berteknologi modern untuk memproduksi&nbsp; tegel keramik. Semua rangkaian produk kami pun telah lolos pengujian berdasarkan standar SNI &amp; EN dari laboratorium LPBPK-Bandung maupun Luar Negeri.</p>\r\n</div>\r\n\r\n<div class=\"col-md-12 col-lg-6\">\r\n<p><img alt=\"\" class=\"img-fluid\" src=\"http://platinum.aplikasitrial.com/uploads/other/img_earmlcn-.jpg\" /></p>\r\n</div>\r\n\r\n<div class=\"col-md-12 col-lg-6\">\r\n<p><img alt=\"\" class=\"img-fluid\" src=\"http://platinum.aplikasitrial.com/uploads/other/img_7upmwtps.jpg\" /></p>\r\n</div>\r\n\r\n<div class=\"col-md-12 col-lg-6\">\r\n<p>Kami juga berkomitmen untuk menyajikan produk-produk terkini dengan membentuk tim riset yang rutin menghadiri <em>trade show</em> penting dunia agar tetap mengikuti tren internasional terkini dalam hal desain, gaya, proses akhir dan penggunaan. Semuanya itu bertujuan untuk memberikan produk yang terbaik untuk kepuasan pelanggan.</p>\r\n</div>\r\n\r\n<div class=\"col-md-12 col-lg-6\">\r\n<p><img alt=\"\" class=\"img-fluid\" src=\"http://platinum.aplikasitrial.com/uploads/other/img_5foqhifx.jpg\" /></p>\r\n</div>\r\n\r\n<div class=\"col-md-12 col-lg-6\">\r\n<p><img alt=\"\" class=\"img-fluid\" src=\"http://platinum.aplikasitrial.com/uploads/other/img_-phk_dwp.jpg\" /></p>\r\n</div>\r\n\r\n<div class=\"col-md-12 col-lg-6\">\r\n<p>Produk kami telah banyak digunakan di berbagai hunian, hotel, kantor, mall, dan berbagai proyek lainnya. Tersedia pula layanan <em>Project Support Team</em> yang siap merekomendasikan produk, warna dan desain terbaik untuk setiap proyek secara spesifik kepada para&nbsp; pengembang, arsitek dan kontraktor.&nbsp; Selain itu, kami juga menyediakan <em>hotline Customer Support</em> untuk menangani semua kebutuhan dan keluhan pelanggan, dengan memberikan jaminan berupa respon dan solusi atas pengajuan pertanyaan dan permintaan mengenai Platinum Ceramics Industry secara keseluruhan.</p>\r\n</div>\r\n</div>\r\n\r\n<div class=\"row\">\r\n<div class=\"col-md-12\">\r\n<hr />\r\n<h3 style=\"font-weight:bold\">Sertifikasi</h3>\r\n</div>\r\n\r\n<div class=\"col-6 col-md-3\"><img class=\"img-fluid\" src=\"http://platinum.aplikasitrial.com/uploads/other/img_ayxr4yl4.jpg\" style=\"width: 100px; height: 100px;\" /></div>\r\n\r\n<div class=\"col-6 col-md-3\"><img class=\"img-fluid\" src=\"http://platinum.aplikasitrial.com/uploads/other/img_spllscvu.jpg\" style=\"width: 100px; height: 100px;\" /></div>\r\n\r\n<div class=\"col-6 col-md-3\"><img class=\"img-fluid\" src=\"http://platinum.aplikasitrial.com/uploads/other/img_nsaozh4q.jpg\" style=\"width: 100px; height: 100px;\" /></div>\r\n\r\n<div class=\"col-6 col-md-3\"><img class=\"img-fluid\" src=\"http://platinum.aplikasitrial.com/uploads/other/img_eeu7kthq.jpg\" style=\"width: 100px; height: 100px;\" /></div>\r\n\r\n<div class=\"col-6 col-md-3\"><img class=\"img-fluid\" src=\"http://platinum.aplikasitrial.com/uploads/other/img_uma2c3g2.jpg\" style=\"width: 100px; height: 100px;\" /></div>\r\n\r\n<div class=\"col-6 col-md-3\"><img class=\"img-fluid\" src=\"http://platinum.aplikasitrial.com/uploads/other/img_o4ppal4e.jpg\" style=\"width: 100px; height: 100px;\" /></div>\r\n\r\n<div class=\"col-6 col-md-3\"><img class=\"img-fluid\" src=\"http://platinum.aplikasitrial.com/uploads/other/img_dxru_91k.jpg\" style=\"width: 100px; height: 100px;\" /></div>\r\n</div>\r\n',	'<div class=\"row\">\r\n<div class=\"col-md-12 col-lg-6\">\r\n<p>&nbsp;PT Platinum Ceramics Industry (PT PCI) is a leading ceramic tiles manufacturer that puts quality and innovation of its products ahead. Established in October 19, 1971, we were firstly known as PT Asia Industri Keramik. We have produced many varieties of ceramic tiles for floors, walls, and decorations with the best quality and has been distributed towards millions of our customers around the world.</p>\r\n</div>\r\n\r\n<div class=\"col-md-12 col-lg-6\">\r\n<p><img alt=\"\" src=\"http://platinum.aplikasitrial.com/uploads/other/img_gvcsul0d.jpg\" style=\"width: 90%;\" /></p>\r\n</div>\r\n\r\n<div class=\"col-md-12 col-lg-6\">\r\n<p><img alt=\"\" src=\"http://platinum.aplikasitrial.com/uploads/other/img_mrwr0_df.jpg\" style=\"border-style: solid; border-width: 0px; width: 90%;\" /></p>\r\n</div>\r\n\r\n<div class=\"col-md-12 col-lg-6\">\r\n<p>PT PCI owns two widely know brands: Platinum Ceramics and Asia Tile. All of our products under our brands put forward a high standard in manufacturing process through continuous innovations and emphasize on consistence of quality. Our factory is the first ceramic tiles factory in Indonesia that uses digital automation machine with modern technology to produce ceramic tiles. All of our product range has passed the based on the SNI &amp; EN standard from LPBPK Bandung Laboratory as well as overseas.</p>\r\n</div>\r\n\r\n<div class=\"col-md-12 col-lg-6\">\r\n<p><img alt=\"\" class=\"img-fluid\" src=\"http://platinum.aplikasitrial.com/uploads/other/img_earmlcn-.jpg\" /></p>\r\n</div>\r\n\r\n<div class=\"col-md-12 col-lg-6\">\r\n<p><img alt=\"\" class=\"img-fluid\" src=\"http://platinum.aplikasitrial.com/uploads/other/img_7upmwtps.jpg\" /></p>\r\n</div>\r\n\r\n<div class=\"col-md-12 col-lg-6\">\r\n<p>We are committed in presenting latest products by forming a research team that attends important world-class trade show on a daily basis in order to stay current within the international trends in terms of design, style, end process, and application. These efforts are made to serve the best products for our customers&rsquo; satisfaction.</p>\r\n</div>\r\n\r\n<div class=\"col-md-12 col-lg-6\">\r\n<p><img alt=\"\" class=\"img-fluid\" src=\"http://platinum.aplikasitrial.com/uploads/other/img_5foqhifx.jpg\" /></p>\r\n</div>\r\n\r\n<div class=\"col-md-12 col-lg-6\">\r\n<p><img alt=\"\" class=\"img-fluid\" src=\"http://platinum.aplikasitrial.com/uploads/other/img_-phk_dwp.jpg\" /></p>\r\n</div>\r\n\r\n<div class=\"col-md-12 col-lg-6\">\r\n<p>Our products have been used in many housings, hotels, office, malls, and various other projects. We provide Project Support Team to recommend specific suitable products, colors and design for each project towards developers, architects, and contractors. We also provide Customer Support Hotline to handle every requirement and complaints from customers, by giving guarantee in the form of response and solutions for the submitted inquiries regarding Platinum Ceramics Industry in general.</p>\r\n</div>\r\n</div>\r\n\r\n<div class=\"row\">\r\n<div class=\"col-md-12\">\r\n<hr />\r\n<h3 style=\"font-weight:bold\">Certification</h3>\r\n</div>\r\n\r\n<div class=\"col-6 col-md-3\"><img class=\"img-fluid\" src=\"http://platinum.aplikasitrial.com/uploads/other/img_ayxr4yl4.jpg\" style=\"width: 100px; height: 100px;\" /></div>\r\n\r\n<div class=\"col-6 col-md-3\"><img class=\"img-fluid\" src=\"http://platinum.aplikasitrial.com/uploads/other/img_spllscvu.jpg\" style=\"width: 100px; height: 100px;\" /></div>\r\n\r\n<div class=\"col-6 col-md-3\"><img class=\"img-fluid\" src=\"http://platinum.aplikasitrial.com/uploads/other/img_nsaozh4q.jpg\" style=\"width: 100px; height: 100px;\" /></div>\r\n\r\n<div class=\"col-6 col-md-3\"><img class=\"img-fluid\" src=\"http://platinum.aplikasitrial.com/uploads/other/img_eeu7kthq.jpg\" style=\"width: 100px; height: 100px;\" /></div>\r\n\r\n<div class=\"col-6 col-md-3\"><img class=\"img-fluid\" src=\"http://platinum.aplikasitrial.com/uploads/other/img_uma2c3g2.jpg\" style=\"width: 100px; height: 100px;\" /></div>\r\n\r\n<div class=\"col-6 col-md-3\"><img class=\"img-fluid\" src=\"http://platinum.aplikasitrial.com/uploads/other/img_o4ppal4e.jpg\" style=\"width: 100px; height: 100px;\" /></div>\r\n\r\n<div class=\"col-6 col-md-3\"><img class=\"img-fluid\" src=\"http://platinum.aplikasitrial.com/uploads/other/img_dxru_91k.jpg\" style=\"width: 100px; height: 100px;\" /></div>\r\n\r\n<div class=\"col-6 col-md-3\">&nbsp;</div>\r\n\r\n<div class=\"col-6 col-md-3\">&nbsp;</div>\r\n\r\n<div class=\"col-6 col-md-3\">&nbsp;</div>\r\n\r\n<div class=\"col-6 col-md-3\">&nbsp;</div>\r\n\r\n<div class=\"col-6 col-md-3\">&nbsp;</div>\r\n</div>\r\n',	'2019-05-12 22:13:41',	1,	'2019-06-28 09:12:16',	1,	1),
(2,	5,	'Filosofi',	'Philosophy',	'philosophy',	'news-1.jpg',	'<table border=\"0\" cellpadding=\"4\" cellspacing=\"4\" style=\"width:100%\">\r\n	<tbody>\r\n		<tr>\r\n			<td style=\"width:102px\"><strong><img alt=\"\" src=\"http://platinum.aplikasitrial.com/uploads/other/img_ijyzwaiw.png\" style=\"height:80px; width:80px\" /></strong></td>\r\n			<td><strong>Visi</strong><br />\r\n			Menjadi perusahaan tegel keramik terkemuka dan dominan dengan jangkauan global, melalui pertumbuhan secara terus menerus serta kepemimpinan dalam hal pelayanan, produk dan antusiasme pelanggan.</td>\r\n		</tr>\r\n		<tr>\r\n			<td style=\"width:102px\">\r\n			<p>&nbsp;</p>\r\n\r\n			<p><strong><img alt=\"\" src=\"http://platinum.aplikasitrial.com/uploads/other/img_4maqudhy.png\" style=\"height: 80px; width: 83px;\" /></strong></p>\r\n			</td>\r\n			<td>\r\n			<p>&nbsp;</p>\r\n\r\n			<p><strong>Misi</strong><br />\r\n			Kami menciptakan nilai dan kepuasan bagi pelanggan kami dengan meningkatkan kualitas dan kenyamanan hidup mereka. Kami wujudkan ini dengan menyediakan pelayanan dan rangkaian lengkap tegel keramik bernilai tambah yang memberikan imbal balik kepada perusahaan kami dan mitra kami.</p>\r\n			</td>\r\n		</tr>\r\n		<tr>\r\n			<td style=\"width:102px\">\r\n			<p>&nbsp;</p>\r\n\r\n			<p><strong><img alt=\"\" src=\"http://platinum.aplikasitrial.com/uploads/other/img_rnno0neq.png\" style=\"float: left; height: 79px; width: 80px;\" /></strong></p>\r\n			</td>\r\n			<td>\r\n			<p>&nbsp;</p>\r\n\r\n			<p><strong>Kebijakan Mutu</strong><br />\r\n			Komitmen untuk menciptakan nilai dan kepuasan melalui penyempurnaan terus-menerus dari segi mutu, biaya, pengiriman dan pelayanan terhadap pelanggan berdasarkan ketentuan - ketentuan terkait.</p>\r\n			</td>\r\n		</tr>\r\n	</tbody>\r\n</table>\r\n\r\n<p><br />\r\n&nbsp;</p>\r\n',	'<table border=\"0\" cellpadding=\"1\" cellspacing=\"1\" style=\"width:100%\">\r\n	<tbody>\r\n		<tr>\r\n			<td style=\"width:107px\"><img src=\"http://platinum.aplikasitrial.com/uploads/other/img_ijyzwaiw.png\" style=\"height:80px; width:80px\" /></td>\r\n			<td><strong>Vision</strong><br />\r\n			To be the premier and dominant ceramics tiles company with global reach, through continuous growth and leadership in services, products, and customer enthusiasm.<br />\r\n			&nbsp;</td>\r\n		</tr>\r\n		<tr>\r\n			<td style=\"width:107px\">\r\n			<p>&nbsp;</p>\r\n\r\n			<p><img src=\"http://platinum.aplikasitrial.com/uploads/other/img_4maqudhy.png\" style=\"height: 80px; width: 83px;\" /></p>\r\n			</td>\r\n			<td>\r\n			<p>&nbsp;</p>\r\n\r\n			<p><strong>Mission</strong><br />\r\n			We create value and satisfaction for our customers by enhancing their quality and comfort of living. We do this by providing services and a comprehensive range of value-added ceramics tiles that generate returns for our company and our partners.</p>\r\n			</td>\r\n		</tr>\r\n		<tr>\r\n			<td style=\"width:107px\">\r\n			<p>&nbsp;</p>\r\n\r\n			<p><img src=\"http://platinum.aplikasitrial.com/uploads/other/img_rnno0neq.png\" style=\"height: 79px; width: 80px;\" /></p>\r\n			</td>\r\n			<td>\r\n			<p>&nbsp;</p>\r\n\r\n			<p><strong>Quality Policy</strong><br />\r\n			Commitment to create values and satisfaction for our customers through continual improvement in quality, cost, delivery and required services to customer with conformity to applicable regulatory.</p>\r\n			</td>\r\n		</tr>\r\n	</tbody>\r\n</table>\r\n',	'2019-05-12 22:13:56',	1,	'2019-06-29 07:12:09',	1,	1),
(3,	5,	'Program CSR',	'CSR Program',	'csr-program',	'news-1.jpg',	'<p>Kami memberi dukungan kepada berbagai program tanggung jawab sosial perusahaan (CSR), dengan tujuan untuk meningkatkan standar hidup di area dimana karyawan kami tinggal dan bekerja, juga untuk warga sekitar yang membutuhkan. Setiap inisiatif CSR dibuat untuk memberikan dampak langsung dan berkelanjutan pada penerima manfaat.<br />\r\n<br />\r\n<strong>Donor Darah PCI</strong></p>\r\n\r\n<table border=\"0\" cellpadding=\"10\" cellspacing=\"1\" style=\"width:100%\">\r\n	<tbody>\r\n		<tr>\r\n			<td style=\"width: 287px;\"><img alt=\"\" src=\"http://platinum.aplikasitrial.com/uploads/other/img_r5je3f4t.jpg\" style=\"width: 100%; height: 300px;\" /></td>\r\n			<td style=\"width: 299px;\"><strong><img alt=\"\" src=\"http://platinum.aplikasitrial.com/uploads/other/img_vqjm9nb7.jpg\" style=\"width: 100%; height: 300px;\" /></strong></td>\r\n		</tr>\r\n	</tbody>\r\n</table>\r\n\r\n<p><br />\r\nSetiap tahun, PT PCI bekerja sama dengan Palang Merah Indonesia (PMI) melaksanakan aktivitas donor darah. Aktivitas ini diadakan di pabrik - pabrik kami serta diawasi oleh tim spesialis dari PMI<strong>.<br />\r\n<br />\r\nKunjungan Panti Asuhan</strong></p>\r\n\r\n<table border=\"0\" cellpadding=\"10\" cellspacing=\"1\" style=\"width:100%\">\r\n	<tbody>\r\n		<tr>\r\n			<td style=\"width: 287px;\"><strong><img alt=\"\" src=\"http://platinum.aplikasitrial.com/uploads/other/img_4l4gdeab.jpg\" style=\"width: 100%; height: 300px;\" /></strong></td>\r\n			<td style=\"width: 299px;\"><strong><img alt=\"\" src=\"http://platinum.aplikasitrial.com/uploads/other/img_hlshvjzj.jpg\" style=\"width: 100%; height: 300px;\" /></strong></td>\r\n		</tr>\r\n	</tbody>\r\n</table>\r\n\r\n<p><br />\r\nKunjungan ke panti asuhan diorganisir oleh manajemen perusahaan dan tim pabrik. Pemilihan panti asuhan yang akan dikunjungi bergantung pada proposal yang masuk ke perusahaan atau melalui kajian yang telah dilakukan sebelumnya oleh tim survey perusahaan. Sebagai bagian dari kunjungan, perusahaan kami melalui&nbsp; tim yang turun ke lapangan memberikan bantuan berupa uang tunai, bantuan pangan, pakaian, dan kebutuhan lain untuk membantu aktivitas operasional panti asuhan sehari-hari.<br />\r\n<br />\r\n<strong>Gerakan Penghijauan</strong></p>\r\n\r\n<table border=\"0\" cellpadding=\"10\" cellspacing=\"1\" style=\"width:100%\">\r\n	<tbody>\r\n		<tr>\r\n			<td style=\"width: 288px;\"><strong><img alt=\"\" src=\"http://platinum.aplikasitrial.com/uploads/other/img_8c4jeaey.jpg\" style=\"width: 100%; height: 300px;\" /></strong></td>\r\n			<td style=\"width: 298px;\"><strong><img alt=\"\" src=\"http://platinum.aplikasitrial.com/uploads/other/img_vkuzrbej.jpg\" style=\"width: 100%; height: 300px;\" /></strong></td>\r\n		</tr>\r\n	</tbody>\r\n</table>\r\n\r\n<p><br />\r\nUntuk mendukung aktivitas gerakan penghijauan, perusahaan secara rutin mengorganisir program penanaman pohon di sekitar lokasi pabrik Karang Pilang. Dalam rangka mendukung program ini, seluruh pabrik Platinum Ceramics Industry juga dirancang untuk dapat mendaur ulang mandiri seluruh hasil buangan produksi guna mengurangi limbah.<br />\r\n<br />\r\n<strong>Bantuan bagi Daerah Bencana Alam</strong></p>\r\n\r\n<table border=\"0\" cellpadding=\"10\" cellspacing=\"1\" style=\"width:100%\">\r\n	<tbody>\r\n		<tr>\r\n			<td style=\"width: 289px;\"><strong><img alt=\"\" src=\"http://platinum.aplikasitrial.com/uploads/other/img_rv3fzd_i.jpg\" style=\"width: 100%; height: 300px;\" /></strong></td>\r\n			<td style=\"width: 297px;\"><strong><img alt=\"\" src=\"http://platinum.aplikasitrial.com/uploads/other/img_i-nygd1d.jpg\" style=\"width: 100%; height: 300px;\" /></strong></td>\r\n		</tr>\r\n	</tbody>\r\n</table>\r\n\r\n<p><br />\r\nKami secara konsisten mendukung program rehabilitasi pada daerah yang terkena bencana alam untuk membantu mereka mempercepat pengembangan dan pemulihan lokasi terdampak bencana tersebut. Perusahaan mendistribusikan bantuan dalam bentuk uang tunai, sembako atau keramik yang diproduksi PT PCI, langsung ataupun melalui yayasan pemerintah yang berhubungan dengan program tersebut.</p>\r\n',	'<p>We support various corporate social responsibility (CSR) program with the intention of increasing the life quality standard within the area of where our employees live and work, and also for those in need within our environment. Each of our CSR initiatives are made to give continuous direct impact for the beneficiaries.<br />\r\n<br />\r\n<strong>PCI Blood Donation</strong></p>\r\n\r\n<table border=\"0\" cellpadding=\"10\" cellspacing=\"1\" style=\"width:100%\">\r\n	<tbody>\r\n		<tr>\r\n			<td style=\"width: 291px;\"><strong><img alt=\"\" src=\"http://platinum.aplikasitrial.com/uploads/other/img_r5je3f4t.jpg\" style=\"width: 100%; height: 300px;\" /></strong></td>\r\n			<td style=\"width: 295px;\"><strong><img alt=\"\" src=\"http://platinum.aplikasitrial.com/uploads/other/img_vqjm9nb7.jpg\" style=\"width: 100%; height: 300px;\" /></strong></td>\r\n		</tr>\r\n	</tbody>\r\n</table>\r\n\r\n<p><br />\r\nEvery year, PT PCI in partnership with Palang Merah Indonesia (PMI, or the Indonesian Red Cross) conducts blood donation activity. It is held in the factories of PT PCI, monitored by team of specialists and also from PMI<strong>.<br />\r\n<br />\r\nOrphanage Visits</strong></p>\r\n\r\n<table border=\"0\" cellpadding=\"10\" cellspacing=\"1\" style=\"width:100%\">\r\n	<tbody>\r\n		<tr>\r\n			<td style=\"width: 288px;\"><strong><img alt=\"\" src=\"http://platinum.aplikasitrial.com/uploads/other/img_4l4gdeab.jpg\" style=\"width: 100%; height: 300px;\" /></strong></td>\r\n			<td style=\"width: 298px;\"><strong><img alt=\"\" src=\"http://platinum.aplikasitrial.com/uploads/other/img_hlshvjzj.jpg\" style=\"width: 100%; height: 300px;\" /></strong></td>\r\n		</tr>\r\n	</tbody>\r\n</table>\r\n\r\n<p><br />\r\nVisits to orphanage are organized by corporate management and factory team. The selection of visited orphanage depends on proposals submitted to our company or by going through further verification done by corporate survey team. As part of the visit, our company provide assistance in the form of cash, food supplies, clothes, and other necessities to help the daily operational activity of the orphanage<strong>.<br />\r\n<br />\r\nGreen Movement</strong></p>\r\n\r\n<table border=\"0\" cellpadding=\"10\" cellspacing=\"1\" style=\"width:100%\">\r\n	<tbody>\r\n		<tr>\r\n			<td style=\"width: 288px;\"><strong><img alt=\"\" src=\"http://platinum.aplikasitrial.com/uploads/other/img_8c4jeaey.jpg\" style=\"width: 100%; height: 300px;\" /></strong></td>\r\n			<td style=\"width: 298px;\"><strong><img alt=\"\" src=\"http://platinum.aplikasitrial.com/uploads/other/img_vkuzrbej.jpg\" style=\"width: 100%; height: 300px;\" /></strong></td>\r\n		</tr>\r\n	</tbody>\r\n</table>\r\n\r\n<p><br />\r\nTo help support green movement activities, our company regularly organized tree planting program around Karang Pilang factory location. Furthermore, every Platinum Ceramics Industry factories are designed for self-recycling its own production waste to help reduce overall waste.<br />\r\n<br />\r\n<strong>Assistance for Natural Disaster Area</strong></p>\r\n\r\n<table border=\"0\" cellpadding=\"10\" cellspacing=\"1\" style=\"width:100%\">\r\n	<tbody>\r\n		<tr>\r\n			<td style=\"width: 288px;\"><strong><img alt=\"\" src=\"http://platinum.aplikasitrial.com/uploads/other/img_rv3fzd_i.jpg\" style=\"width: 100%; height: 300px;\" /></strong></td>\r\n			<td style=\"width: 298px;\"><strong><img alt=\"\" src=\"http://platinum.aplikasitrial.com/uploads/other/img_i-nygd1d.jpg\" style=\"width: 100%; height: 300px;\" /></strong></td>\r\n		</tr>\r\n	</tbody>\r\n</table>\r\n\r\n<p><br />\r\nWe are consistently supporting the rehabilitation program for areas affected by natural disasters to help them accelerate the development and recovery process of the affected locations. Our company distribute assistance in the form of cash, basic food supplies, or our ceramic tiles, both directly or through government organizations related to the program.</p>\r\n',	'2019-05-12 22:13:56',	1,	'2019-06-28 08:45:22',	1,	1),
(4,	5,	'Teknologi',	'Technology',	'technology',	'news-1.jpg',	'<div class=\"container\">\r\n<div class=\"row\">\r\n<div class=\"col-md-12 col-lg-6\">\r\n<p><span style=\"color:#000000\">PT PCI mempunyai 3 pabrik yang terletak di kota Surabaya, Gresik &amp; Bekasi. Perusahaan kami merupakan perusahaan dengan pabrik pertama yang mengotomasi produksi tegel keramik dan penanganannya. Hal tersebut dilakukan guna menjamin konsistensi dan mengurangi kegagalan yang disebabkan kesalahan manusia pada produk yang dihasilkan.</span></p>\r\n</div>\r\n\r\n<div class=\"col-md-12 col-lg-6\">\r\n<p><span style=\"color:#000000\"><img alt=\"\" src=\"http://platinum.aplikasitrial.com/uploads/other/img_uq-_lft4.jpg\" style=\"width: 100%;\" /></span></p>\r\n</div>\r\n\r\n<div class=\"col-md-12 col-lg-6\">\r\n<p><span style=\"color:#000000\"><img alt=\"\" src=\"http://platinum.aplikasitrial.com/uploads/other/img_-dsjuzsf.jpg\" style=\"width: 100%;\" /></span></p>\r\n</div>\r\n\r\n<div class=\"col-md-12 col-lg-6\">\r\n<p><span style=\"color:#000000\">Kami juga merupakan pabrik tegel keramik pertama dalam menggunakan <em>continuous mill</em> untuk menghasilkan takaran dan kualitas yang konsisten; menggunakan mesin digital printer untuk kualitas yang lebih baik dan menambah fleksibilitas dalam mencetak; serta memperkenalkan pengendalian kualitas secara otomatis.</span></p>\r\n</div>\r\n\r\n<div class=\"col-md-12 col-lg-6\">\r\n<p><span style=\"color:#000000\">Pengendalian stok kami yang terkomputerisasi memberikan data waktu yang sebenarnya pada setiap produk<em> </em>yang ada dalam stok, sehingga dapat memberikan respon cepat terhadap pesanan konsumen dan notifikasi instan terkait prioritas produksi. Sistem teknologi informasi juga memungkinkan kami untuk mengawasi performa setiap produk, menganalisa dan memperkirakan adanya fluktuasi volume.</span></p>\r\n</div>\r\n\r\n<div class=\"col-md-12 col-lg-6\">\r\n<p><span style=\"color:#000000\"><img alt=\"\" src=\"http://platinum.aplikasitrial.com/uploads/other/img_mxhqfwvk.jpg\" style=\"width: 100%;\" /></span></p>\r\n</div>\r\n\r\n<div class=\"col-md-12 col-lg-6\">\r\n<p><span style=\"color:#000000\"><strong>Pengembangan Karyawan</strong><br />\r\nDalam hal pengembangan sumber daya manusia, fokus perusahaan kami adalah untuk membangun lingkungan yang inklusif dimana seluruh tenaga kerja dapat merasa dihargai, didukung, dihormati dan dilibatkan, sehingga mereka terdorong untuk melakukan yang terbaik dalam mewujudkan potensi terbesar dari organisasi kami.</span></p>\r\n</div>\r\n\r\n<div class=\"col-md-12 col-lg-6\">\r\n<p><span style=\"color:#000000\">Tim manajemen kami yang berpengalaman senantiasa menerapkan praktik-praktik terbaik dan sistem kelas dunia dalam mengelola lebih dari 3000 karyawan di seluruh Indonesia. Kami juga kerap memberikan pelatihan secara kontinyu untuk meningkatkan kemampuan dan keahlian para karyawannya.</span></p>\r\n</div>\r\n\r\n<div class=\"col-md-12 col-lg-6\">\r\n<p><span style=\"color:#000000\"><img alt=\"\" src=\"http://platinum.aplikasitrial.com/uploads/other/img_nyhv0gh-.jpg\" style=\"width: 100%;\" /></span></p>\r\n</div>\r\n\r\n<div class=\"col-md-12 col-lg-6\">\r\n<p><span style=\"color:#000000\">PT PCI menjual dan mendistribusikan keramik tile melalui ribuan mitra agen penjualan dan distribusi di seluruh pelosok Indonesia.</span></p>\r\n</div>\r\n</div>\r\n</div>\r\n',	'<div class=\"container\">\r\n<div class=\"row\">\r\n<div class=\"col-md-12 col-lg-6\">\r\n<p>PT PCI operates 3 factories located in Surabaya, Gresik, and Bekasi. We are the first factory to have automated ceramic tiles production and handling. Our automated process are done in order to guarantee consistency and to decrease the chance of human error towards our end products.&nbsp;</p>\r\n</div>\r\n\r\n<div class=\"col-md-12 col-lg-6\">\r\n<p><img alt=\"\" src=\"http://platinum.aplikasitrial.com/uploads/other/img_uq-_lft4.jpg\" style=\"width: 100%;\" /></p>\r\n</div>\r\n\r\n<div class=\"col-md-12 col-lg-6\">\r\n<p><img alt=\"\" src=\"http://platinum.aplikasitrial.com/uploads/other/img_-dsjuzsf.jpg\" style=\"width: 100%;\" /></p>\r\n</div>\r\n\r\n<div class=\"col-md-12 col-lg-6\">\r\n<p>We are also the first ceramic tiles factory to use continuous mill to generate consistent measure and quality; use digital printer for better quality and increase printing flexibility; and also to introduce automatic quality control.</p>\r\n</div>\r\n\r\n<div class=\"col-md-12 col-lg-6\">\r\n<p>Our computerized stock control presents real-time data for each products in stock, therefore enables fast response towards consumers&rsquo; order and instant notifications regarding production priority.</p>\r\n</div>\r\n\r\n<div class=\"col-md-12 col-lg-6\">\r\n<p><img alt=\"\" src=\"http://platinum.aplikasitrial.com/uploads/other/img_mxhqfwvk.jpg\" style=\"width: 100%;\" /></p>\r\n</div>\r\n\r\n<div class=\"col-md-12 col-lg-6\">\r\n<p><strong>Employee Development</strong><br />\r\nPT PCI focuses on building an inclusive environment where all of our workers can feel appreciated, supported, respected, and included. Thus, allowing them to give the best in actualizing the biggest potential from our organization.</p>\r\n</div>\r\n\r\n<div class=\"col-md-12 col-lg-6\">\r\n<p>Our experienced management team applies best practices and world-class system in managing more than 3000 employees around Indonesia. We conduct training continuously in order to increase the capability and expertise of our employees.</p>\r\n</div>\r\n\r\n<div class=\"col-md-12 col-lg-6\">\r\n<p><img alt=\"\" src=\"http://platinum.aplikasitrial.com/uploads/other/img_nyhv0gh-.jpg\" style=\"width: 100%;\" /></p>\r\n</div>\r\n\r\n<div class=\"col-md-12 col-lg-6\">\r\n<p>We sell and distribute our ceramic tiles through thousands of sales and distributor agent partners throughout Indonesia.</p>\r\n</div>\r\n</div>\r\n</div>\r\n',	'2019-05-12 22:13:56',	1,	'2019-06-27 09:45:23',	1,	1),
(5,	5,	'Fasilitas Produksi',	'Production Facilities',	'production-facilities',	'news-1.jpg',	'<div class=\"container\">\r\n<div class=\"row\">\r\n<div class=\"col-md-12 col-lg-6\">\r\n<p>Pabrik kami mengakomodasi permintaan kapasitas produksi dari pelanggan kami di penjuru Indonesia. Fasilitas produksi kami terletak di Karangpilang, Surabaya; Lebaniwaras, Gresik; dan Bekasi; Jawa Barat. Masing-masing dilengkapi dengan perangkat mesin modern yang sesuai dengan spesifikasi tegel keramik kami.&nbsp;</p>\r\n</div>\r\n\r\n<div class=\"col-md-12 col-lg-6\">\r\n<p><img alt=\"\" src=\"http://platinum.aplikasitrial.com/uploads/other/img_tbc5w-6y.JPG\" style=\"width: 100%;\" /></p>\r\n</div>\r\n\r\n<div class=\"col-md-12 col-lg-6\">\r\n<p><img alt=\"\" src=\"http://platinum.aplikasitrial.com/uploads/other/img_jq9vb5oo.JPG\" style=\"width: 100%;\" /></p>\r\n</div>\r\n\r\n<div class=\"col-md-12 col-lg-6\">\r\n<p>Fasilitas produksi pertama kami yang terletak di Karangpilang dibangun pada tahun 1973 dengan hanya 1 pabrik. Dengan berjalannya waktu dan meningkatnya permintaan pasar, fasilitas kami di Karangpilang kini terdiri dari 8 pabrik dengan luas total 27 hektar. Fasilitas produksi kedua terletak di atas wilayah seluas 40 hektar di Lebaniwaras, Gresik dengan 2 pabrik, dan sebuah pabrik dibangun pada fasilitas produksi terbaru kami di Bekasi, Jawa Barat.</p>\r\n</div>\r\n\r\n<div class=\"col-md-12 col-lg-6\">\r\n<p><img alt=\"\" src=\"http://platinum.aplikasitrial.com/uploads/other/img_42ljnomy.JPG\" style=\"width: 100%;\" /></p>\r\n</div>\r\n\r\n<div class=\"col-md-12 col-lg-6\">\r\n<p><img alt=\"\" src=\"http://platinum.aplikasitrial.com/uploads/other/img_avylekrt.JPG\" style=\"width: 100%;\" /></p>\r\n</div>\r\n</div>\r\n</div>\r\n',	'<div class=\"container\">\r\n<div class=\"row\">\r\n<div class=\"col-md-12 col-lg-6\">\r\n<p>Our factories accommodate the production capacity demand of our nationwide customers. Each equipped with modern machineries suitable for our tiles specifications, our production facilities are located in Karangpilang, Surabaya; Lebaniwaras, Gresik; and Bekasi, West Java.&nbsp;</p>\r\n</div>\r\n\r\n<div class=\"col-md-12 col-lg-6\">\r\n<p><img alt=\"\" src=\"http://platinum.aplikasitrial.com/uploads/other/img_tbc5w-6y.JPG\" style=\"width: 100%;\" /></p>\r\n</div>\r\n\r\n<div class=\"col-md-12 col-lg-6\">\r\n<p><img alt=\"\" src=\"http://platinum.aplikasitrial.com/uploads/other/img_jq9vb5oo.JPG\" style=\"width: 100%;\" /></p>\r\n</div>\r\n\r\n<div class=\"col-md-12 col-lg-6\">\r\n<p>Our first production facility in Karangpilang was first established in 1973 with only 1 factory. Since then, due to increasing demand, our Karangpilang facility held 8 factories in its 27 hectares land. Second production facility is located in a 40 hectares land in Lebaniwaras, Gresik with 2 factories and another factory was built on our newest production facility located in Bekasi, West Java.</p>\r\n</div>\r\n\r\n<div class=\"col-md-12 col-lg-6\">\r\n<p><img alt=\"\" src=\"http://platinum.aplikasitrial.com/uploads/other/img_42ljnomy.JPG\" style=\"width: 100%;\" /></p>\r\n</div>\r\n\r\n<div class=\"col-md-12 col-lg-6\">\r\n<p><img alt=\"\" src=\"http://platinum.aplikasitrial.com/uploads/other/img_avylekrt.JPG\" style=\"width: 100%;\" /></p>\r\n</div>\r\n</div>\r\n</div>\r\n',	'2019-05-12 22:13:41',	1,	'2019-06-27 09:54:04',	1,	1),
(6,	5,	'Portofolio',	'Portfolio',	'portfolio',	'photo-20190622-b567ea9fbbcdd8a2a49b92f4663b5f45.jpg',	'<div class=\"media\"><img class=\"mr-3\" src=\"http://platinum.aplikasitrial.com/uploads/other/img_xpcmh93b.jpg\" style=\"width: 293px; height: 100px;\" />\r\n<div class=\"media-body\">\r\n<h5 class=\"mt-0\">Ini Portofolio Kami</h5>\r\nCras sit amet nibh libero, in gravida nulla. Nulla vel metus scelerisque ante sollicitudin. Cras purus odio, vestibulum in vulputate at, tempus viverra turpis. Fusce condimentum nunc ac nisi vulputate fringilla. Donec lacinia congue felis in faucibus.</div>\r\n</div>\r\n',	'<div class=\"media\"><img class=\"mr-3\" src=\"http://platinum.aplikasitrial.com/uploads/other/img_xpcmh93b.jpg\" style=\"width: 293px; height: 100px;\" />\r\n<div class=\"media-body\">\r\n<h5 class=\"mt-0\">This is Our Portfolio</h5>\r\nCras sit amet nibh libero, in gravida nulla. Nulla vel metus scelerisque ante sollicitudin. Cras purus odio, vestibulum in vulputate at, tempus viverra turpis. Fusce condimentum nunc ac nisi vulputate fringilla. Donec lacinia congue felis in faucibus.</div>\r\n</div>\r\n',	'2019-05-12 22:13:41',	1,	'2019-06-28 08:57:25',	1,	1),
(7,	1,	'Ini Adalah Contoh Artikel 1',	'This Is An Article Sample 1',	'-article-iniadalahcontohartikel1',	'photo-20190629-218649c47e8ba8b9a0c5ce10d86084b2.jpg',	'<h2>What is Lorem Ipsum?</h2>\r\n\r\n<p><strong>Lorem Ipsum</strong>&nbsp;is simply dummy text of the printing and typesetting industry. Lorem Ipsum has been the industry&#39;s standard dummy text ever since the 1500s, when an unknown printer took a galley of type and scrambled it to make a type specimen book. It has survived not only five centuries, but also the leap into electronic typesetting, remaining essentially unchanged. It was popularised in the 1960s with the release of Letraset sheets containing Lorem Ipsum passages, and more recently with desktop publishing software like Aldus PageMaker including versions of Lorem Ipsum.</p>\r\n\r\n<h2>Why do we use it?</h2>\r\n\r\n<p>It is a long established fact that a reader will be distracted by the readable content of a page when looking at its layout. The point of using Lorem Ipsum is that it has a more-or-less normal distribution of letters, as opposed to using &#39;Content here, content here&#39;, making it look like readable English. Many desktop publishing packages and web page editors now use Lorem Ipsum as their default model text, and a search for &#39;lorem ipsum&#39; will uncover many web sites still in their infancy. Various versions have evolved over the years, sometimes by accident, sometimes on purpose (injected humour and the like).</p>\r\n',	'<h2>What is Lorem Ipsum?</h2>\r\n\r\n<p><strong>Lorem Ipsum</strong>&nbsp;is simply dummy text of the printing and typesetting industry. Lorem Ipsum has been the industry&#39;s standard dummy text ever since the 1500s, when an unknown printer took a galley of type and scrambled it to make a type specimen book. It has survived not only five centuries, but also the leap into electronic typesetting, remaining essentially unchanged. It was popularised in the 1960s with the release of Letraset sheets containing Lorem Ipsum passages, and more recently with desktop publishing software like Aldus PageMaker including versions of Lorem Ipsum.</p>\r\n\r\n<h2>Why do we use it?</h2>\r\n\r\n<p>It is a long established fact that a reader will be distracted by the readable content of a page when looking at its layout. The point of using Lorem Ipsum is that it has a more-or-less normal distribution of letters, as opposed to using &#39;Content here, content here&#39;, making it look like readable English. Many desktop publishing packages and web page editors now use Lorem Ipsum as their default model text, and a search for &#39;lorem ipsum&#39; will uncover many web sites still in their infancy. Various versions have evolved over the years, sometimes by accident, sometimes on purpose (injected humour and the like).</p>\r\n',	'2019-05-12 22:13:41',	1,	'2019-06-29 07:24:05',	1,	1),
(8,	1,	'Berita Dan Artikel 2',	'News And Articles 2',	'articles-2',	'photo-20190629-18e39063b9096188569f65f27c7d4b00.jpg',	'<p>Description Indonesia</p>\r\n\r\n<p><strong style=\"margin: 0px; padding: 0px; caret-color: rgb(0, 0, 0); color: rgb(0, 0, 0); font-family: &quot;Open Sans&quot;, Arial, sans-serif; font-size: 14px; font-style: normal; font-variant-caps: normal; letter-spacing: normal; orphans: auto; text-align: justify; text-indent: 0px; text-transform: none; white-space: normal; widows: auto; word-spacing: 0px; -webkit-text-size-adjust: auto; -webkit-text-stroke-width: 0px; text-decoration: none;\">Lorem Ipsum</strong><span style=\"caret-color: rgb(0, 0, 0); color: rgb(0, 0, 0); font-family: &quot;Open Sans&quot;, Arial, sans-serif; font-size: 14px; font-style: normal; font-variant-caps: normal; font-weight: normal; letter-spacing: normal; orphans: auto; text-align: justify; text-indent: 0px; text-transform: none; white-space: normal; widows: auto; word-spacing: 0px; -webkit-text-size-adjust: auto; -webkit-text-stroke-width: 0px; background-color: rgb(255, 255, 255); text-decoration: none; display: inline !important; float: none;\"><span>&nbsp;</span>adalah contoh teks atau dummy dalam industri percetakan dan penataan huruf atau typesetting. Lorem Ipsum telah menjadi standar contoh teks sejak tahun 1500an, saat seorang tukang cetak yang tidak dikenal mengambil sebuah kumpulan teks dan mengacaknya untuk menjadi sebuah buku contoh huruf. Ia tidak hanya bertahan selama 5 abad, tapi juga telah beralih ke penataan huruf elektronik, tanpa ada perubahan apapun. Ia mulai dipopulerkan pada tahun 1960 dengan diluncurkannya lembaran-lembaran Letraset yang menggunakan kalimat-kalimat dari Lorem Ipsum, dan seiring munculnya perangkat lunak Desktop Publishing seperti Aldus PageMaker juga memiliki versi Lorem Ipsum.</span></p>\r\n',	'<p>Description English</p>\r\n\r\n<p><strong style=\"margin: 0px; padding: 0px; caret-color: rgb(0, 0, 0); color: rgb(0, 0, 0); font-family: &quot;Open Sans&quot;, Arial, sans-serif; font-size: 14px; font-style: normal; font-variant-caps: normal; letter-spacing: normal; orphans: auto; text-align: justify; text-indent: 0px; text-transform: none; white-space: normal; widows: auto; word-spacing: 0px; -webkit-text-size-adjust: auto; -webkit-text-stroke-width: 0px; text-decoration: none;\">Lorem Ipsum</strong><span style=\"caret-color: rgb(0, 0, 0); color: rgb(0, 0, 0); font-family: &quot;Open Sans&quot;, Arial, sans-serif; font-size: 14px; font-style: normal; font-variant-caps: normal; font-weight: normal; letter-spacing: normal; orphans: auto; text-align: justify; text-indent: 0px; text-transform: none; white-space: normal; widows: auto; word-spacing: 0px; -webkit-text-size-adjust: auto; -webkit-text-stroke-width: 0px; background-color: rgb(255, 255, 255); text-decoration: none; display: inline !important; float: none;\"><span>&nbsp;</span>is simply dummy text of the printing and typesetting industry. Lorem Ipsum has been the industry&#39;s standard dummy text ever since the 1500s, when an unknown printer took a galley of type and scrambled it to make a type specimen book. It has survived not only five centuries, but also the leap into electronic typesetting, remaining essentially unchanged. It was popularised in the 1960s with the release of Letraset sheets containing Lorem Ipsum passages, and more recently with desktop publishing software like Aldus PageMaker including versions of Lorem Ipsum.</span></p>\r\n',	'2019-05-12 22:13:41',	1,	'2019-06-29 07:24:40',	1,	1),
(9,	1,	'Ini Contoh Judul Berita Terbaru 3',	'This Is An Example Of News Title 3',	'articles-3',	'photo-20190629-55ef423c5f31425a29088a140879349e.jpg',	'<p><strong>Lorem Ipsum</strong>&nbsp;is simply dummy text of the printing and typesetting industry. Lorem Ipsum has been the industry&#39;s standard dummy text ever since the 1500s, when an unknown printer took a galley of type and scrambled it to make a type specimen book. It has survived not only five centuries, but also the leap into electronic typesetting, remaining essentially unchanged. It was popularised in the 1960s with the release of Letraset sheets containing Lorem Ipsum passages, and more recently with desktop publishing software like Aldus PageMaker including versions of Lorem Ipsum.</p>\r\n',	'<p><strong>Lorem Ipsum</strong>&nbsp;is simply dummy text of the printing and typesetting industry. Lorem Ipsum has been the industry&#39;s standard dummy text ever since the 1500s, when an unknown printer took a galley of type and scrambled it to make a type specimen book. It has survived not only five centuries, but also the leap into electronic typesetting, remaining essentially unchanged. It was popularised in the 1960s with the release of Letraset sheets containing Lorem Ipsum passages, and more recently with desktop publishing software like Aldus PageMaker including versions of Lorem Ipsum.</p>\r\n',	'2019-05-12 22:13:41',	1,	'2019-06-29 07:25:53',	1,	1),
(10,	1,	'Ini Contoh Judul Berita Terbaru',	'This Is An Example Of News Title',	'articles-4',	'photo-20190629-b44fcdfca2b26cb1464829041ae3398f.jpg',	'<p><strong>Lorem Ipsum</strong>&nbsp;is simply dummy text of the printing and typesetting industry. Lorem Ipsum has been the industry&#39;s standard dummy text ever since the 1500s, when an unknown printer took a galley of type and scrambled it to make a type specimen book. It has survived not only five centuries, but also the leap into electronic typesetting, remaining essentially unchanged. It was popularised in the 1960s with the release of Letraset sheets containing Lorem Ipsum passages, and more recently with desktop publishing software like Aldus PageMaker including versions of Lorem Ipsum.</p>\r\n',	'<p><strong>Lorem Ipsum</strong>&nbsp;is simply dummy text of the printing and typesetting industry. Lorem Ipsum has been the industry&#39;s standard dummy text ever since the 1500s, when an unknown printer took a galley of type and scrambled it to make a type specimen book. It has survived not only five centuries, but also the leap into electronic typesetting, remaining essentially unchanged. It was popularised in the 1960s with the release of Letraset sheets containing Lorem Ipsum passages, and more recently with desktop publishing software like Aldus PageMaker including versions of Lorem Ipsum.</p>\r\n',	'2019-05-12 22:13:41',	1,	'2019-06-29 07:26:35',	1,	1),
(12,	4,	'Disclaimer',	'Disclaimer',	'disclaimer',	'',	'<p>PT Platinum Ceramics Industry tidak dapat menjamin validitas informasi yang ditemukan di sini. Anda memahami dan menyetujui bahwa setiap konten atau informasi yang digunakan atau diunduh dari situs web ini dilakukan atas risiko pribadi. Kami tidak membuat komitmen untuk memperbarui informasi yang tersedia melalui situs ini, tetapi berhak untuk membuat perubahan dalam ketentuan situs ini atau produk dan / atau program yang disampaikan setiap saat tanpa adanya pemberitahuan.</p>\r\n\r\n<p>&nbsp;</p>\r\n\r\n<p>Kami telah melakukan segala upaya yang diperlukan untuk menampilkan desain, warna dan tekstur produk, termasuk informasi dan deskripsi mengenai produk tersebut seakurat mungkin dalam di situs ini. Namun, desain, warna dan tekstur yang Anda lihat akan bergantung pada jenis, pembuat, dan penyesuaian monitor Anda. Meskipun desain, warna dan tekstur yang ditampilkan biasanya ditransmisikan dengan sangat akurat, kami tidak dapat menjamin bahwa tampilan tersebut akan sepenuhnya sesuai dengan produk yang sebenarnya.</p>\r\n',	'Platinum Ceramics Industry cannot warrant the validity of the information that found here. You understand and agree that any content or information used or downloaded from this website is done at your own risk. Platinum Ceramics Industry makes no commitment to update the information available through this Site, but reserves the right to make changes in these Terms, this Site or the products and/or the programs described at any time without notice.<br />\r\n<br />\r\nPlatinum Ceramics Industry has made every reasonable effort to display the designs, colors, and textures of the products, including informations and statement of the said product, on our site as accurately as possible. However, the designs, colors, and textures you see will depend on the type, make, and adjustment of your monitor. While the designs, colors, and textures displayed are usually transmitted very accurately, we cannot guarantee that they will exactly match the actual product.',	'0000-00-00 00:00:00',	1,	'0000-00-00 00:00:00',	1,	1),
(13,	4,	'Kebijakan Cookies & Privasi',	'Cookies & Privacy Policy',	'cookies-and-privacy-policy',	'',	'<p>PT Platinum Ceramics Industry berkomitmen untuk melindungi dan menghormati privasi Anda. Ketika Anda mengirimkan informasi pribadi dengan menghubungi kami melalui surat elektronik (dalam hal ini pesan yang berisi pertanyaan atau komentar) atau dengan mengisi formulir, kami menggunakannya untuk menanggapi permintaan Anda. Kami tidak menyimpan atau mendistribusikan daftar alamat surat elektronik Anda kepada pihak ketiga mana pun. Informasi yang dikumpulkan melalui surat elektronik atau formulir pada situs ini akan disimpan sesuai dengan kebijakan kami dalam bentuk yang dapat dibaca selama diperlukan untuk melengkapi tanggapan kami.</p>\r\n',	'<p>Platinum Ceramics Industry is committed to protecting and respecting your privacy. When you send us personal identifying information by contacting us via e-mail (that is, in a message containing a question or comment) or by filling out a form that e-mails us this information, we use it to respond to your requests. We do not retain or distribute lists of e-mail addresses to any third parties. Information collected via e-mail or Web form will be retained at our discretion in a readable form for as long as necessary to complete our response.</p>\r\n',	'0000-00-00 00:00:00',	1,	'2019-06-25 06:30:58',	1,	1),
(14,	4,	'Kebijakan Penggunaan',	'Term of Use',	'term-of-use',	'',	'<p>Situs kami, www.platinumceramics.com dan isinya dimaksudkan hanya untuk penggunaan pribadi dan non-komersial. Anda dapat melihat, mengunduh, dan menyalin konten dan materi lain yang terkandung dalam situs ini untuk keperluan pribadi. Namun, Anda tidak memiliki wewenang, hak, atau kepentingan dalam bentuk apapun terhadap materi yang diunduh tersebut. Anda tidak boleh memodifikasi, menulis ulang, menerbitkan, mentransmisikan, mendistribusikan, menampilkan, membuat karya turunannya, menjual atau mengeksploitasi dengan cara apa pun, secara keseluruhan atau sebagian dari konten situs ini, atau materi terkait apa pun tanpa izin tertulis dari kami.</p>\r\n\r\n<p>Informasi yang tersedia pada situs dan perangkat lunak apa pun yang diunduh dari situs ini disediakan sebagaimana adanya dan Platinum Ceramics Industry menyangkal semua jaminan, disampaikan secara langsung maupun tidak langsung atau menurut undang-undang, termasuk namun tidak terbatas pada implied warranties of merchantability, fitness for a particular purpose, atau non-infringement of intelectual property. Anda memahami dan menyetujui bahwa setiap konten yang diunduh atau diperoleh melalui penggunaan situs web ini dilakukan atas risiko Anda sendiri dan bahwa Anda akan bertanggung jawab penuh atas segala kerusakan pada sistem komputer Anda atau kehilangan data yang dihasilkan dari pengunduhan konten tersebut.</p>\r\n\r\n<p>Platinum Ceramics Industry tidak meninjau atau menjalankan kontrol apa pun atas konten yang diposting di situs web pihak ketiga dan tautan tidak dimaksudkan untuk menyiratkan dukungan terhadap isi situs web pihak ketiga tersebut atau bahwa Platinum Ceramics Industry merupakan perwakilan dari mereka . Jika Anda memutuskan untuk mengakses situs pihak ketiga mana pun yang tertaut ke situs ini, Anda melakukan ini sepenuhnya dengan risiko Anda sendiri.</p>\r\n',	'<p>Our site, www.platinumceramics.com and its contents are intended solely for personal, non-commercial use. You may view, download, and copy the Contents and other materials contained within this Site for your personal use only. However, no right, title or interest in any downloadable materials is transferred to you as a result of any such downloading or copying. You may not modify, reproduce, publish, transmit, distribute, display, modify, create derivative works from, sell or exploit in any way, in whole or part, any of the Contents, the Site, or any related materials without our written permission.</p>\r\n\r\n<p>The information available through this site and any software downloaded from this site are provided as is and Platinum Ceramics Industry disclaims all warranties, express or implied or statutory, including but not limited to the implied warranties of merchantability, fitness for a particular purpose or non-infringement of intellectual property. You understand and agree that any content downloaded or otherwise obtained through the use of this website is done at your own risk and that you will be solely responsible for any damages to your computer system or loss data that results from the download of such content.</p>\r\n\r\n<p>Platinum Ceramics Industry does not review or exercise any control over the contents posted on those third party web sites and links are not intended to imply an endorsement with respect to the contents of such third party web sites nor does Platinum Ceramics Industry make any representations about them. If you decide to access any of the third party sites linked to this Site, you do this entirely at your own risk.</p>\r\n',	'0000-00-00 00:00:00',	1,	'2019-06-22 12:32:42',	1,	1),
(15,	2,	'Ini Adalah Contoh Judul Acara 1',	'This Is An Example Of Events Title 1',	'acara-1',	'photo-20190629-32e7e8112d7c718817d56e23e94f5360.jpg',	'<p>Description Indonesia</p>\r\n\r\n<p><strong>Lorem Ipsum</strong>&nbsp;adalah contoh teks atau dummy dalam industri percetakan dan penataan huruf atau typesetting. Lorem Ipsum telah menjadi standar contoh teks sejak tahun 1500an, saat seorang tukang cetak yang tidak dikenal mengambil sebuah kumpulan teks dan mengacaknya untuk menjadi sebuah buku contoh huruf. Ia tidak hanya bertahan selama 5 abad, tapi juga telah beralih ke penataan huruf elektronik, tanpa ada perubahan apapun. Ia mulai dipopulerkan pada tahun 1960 dengan diluncurkannya lembaran-lembaran Letraset yang menggunakan kalimat-kalimat dari Lorem Ipsum, dan seiring munculnya perangkat lunak Desktop Publishing seperti Aldus PageMaker juga memiliki versi Lorem Ipsum.</p>\r\n',	'<p>Description English</p>\r\n\r\n<p><strong>Lorem Ipsum</strong>&nbsp;is simply dummy text of the printing and typesetting industry. Lorem Ipsum has been the industry&#39;s standard dummy text ever since the 1500s, when an unknown printer took a galley of type and scrambled it to make a type specimen book. It has survived not only five centuries, but also the leap into electronic typesetting, remaining essentially unchanged. It was popularised in the 1960s with the release of Letraset sheets containing Lorem Ipsum passages, and more recently with desktop publishing software like Aldus PageMaker including versions of Lorem Ipsum.</p>\r\n',	'0000-00-00 00:00:00',	1,	'2019-06-29 07:16:58',	1,	1),
(16,	2,	'Ini Adalah Contoh Judul Acara 2',	'This Is An Example Of Events Title 2',	'acara-2',	'photo-20190629-e7a65a77341d89ad1cfed39e5799f0bc.jpg',	'<p>Description Indonesia</p>\r\n\r\n<p><strong>Lorem Ipsum</strong>&nbsp;adalah contoh teks atau dummy dalam industri percetakan dan penataan huruf atau typesetting. Lorem Ipsum telah menjadi standar contoh teks sejak tahun 1500an, saat seorang tukang cetak yang tidak dikenal mengambil sebuah kumpulan teks dan mengacaknya untuk menjadi sebuah buku contoh huruf. Ia tidak hanya bertahan selama 5 abad, tapi juga telah beralih ke penataan huruf elektronik, tanpa ada perubahan apapun. Ia mulai dipopulerkan pada tahun 1960 dengan diluncurkannya lembaran-lembaran Letraset yang menggunakan kalimat-kalimat dari Lorem Ipsum, dan seiring munculnya perangkat lunak Desktop Publishing seperti Aldus PageMaker juga memiliki versi Lorem Ipsum.</p>\r\n',	'<p>Description English</p>\r\n\r\n<p><strong>Lorem Ipsum</strong>&nbsp;is simply dummy text of the printing and typesetting industry. Lorem Ipsum has been the industry&#39;s standard dummy text ever since the 1500s, when an unknown printer took a galley of type and scrambled it to make a type specimen book. It has survived not only five centuries, but also the leap into electronic typesetting, remaining essentially unchanged. It was popularised in the 1960s with the release of Letraset sheets containing Lorem Ipsum passages, and more recently with desktop publishing software like Aldus PageMaker including versions of Lorem Ipsum.</p>\r\n',	'0000-00-00 00:00:00',	1,	'2019-06-29 07:19:21',	1,	1),
(17,	2,	'Ini Adalah Contoh Judul Acara 3',	'This Is An Example Of Events Title 3',	'acara-3',	'photo-20190629-8e0f85676031390d6e6c458785b85a98.jpg',	'<p><strong>Lorem Ipsum</strong>&nbsp;is simply dummy text of the printing and typesetting industry. Lorem Ipsum has been the industry&#39;s standard dummy text ever since the 1500s, when an unknown printer took a galley of type and scrambled it to make a type specimen book. It has survived not only five centuries, but also the leap into electronic typesetting, remaining essentially unchanged. It was popularised in the 1960s with the release of Letraset sheets containing Lorem Ipsum passages, and more recently with desktop publishing software like Aldus PageMaker including versions of Lorem Ipsum.</p>\r\n',	'<p><strong>Lorem Ipsum</strong>&nbsp;is simply dummy text of the printing and typesetting industry. Lorem Ipsum has been the industry&#39;s standard dummy text ever since the 1500s, when an unknown printer took a galley of type and scrambled it to make a type specimen book. It has survived not only five centuries, but also the leap into electronic typesetting, remaining essentially unchanged. It was popularised in the 1960s with the release of Letraset sheets containing Lorem Ipsum passages, and more recently with desktop publishing software like Aldus PageMaker including versions of Lorem Ipsum.</p>\r\n',	'0000-00-00 00:00:00',	1,	'2019-06-29 09:22:31',	1,	1),
(18,	1,	'Ini Contoh Judul Berita Terbaru 4',	'Contrary to popular belief, Lorem Ipsum is not simply random text. It has roots in a piece of classical Latin literature from 45 BC.',	'articles-4',	'photo-20190629-a1ee23584c751ae986d4f50efc2f4b88.jpg',	'<p><strong>Lorem Ipsum</strong>&nbsp;is simply dummy text of the printing and typesetting industry. Lorem Ipsum has been the industry&#39;s standard dummy text ever since the 1500s, when an unknown printer took a galley of type and scrambled it to make a type specimen book. It has survived not only five centuries, but also the leap into electronic typesetting, remaining essentially unchanged. It was popularised in the 1960s with the release of Letraset sheets containing Lorem Ipsum passages, and more recently with desktop publishing software like Aldus PageMaker including versions of Lorem Ipsum.</p>\r\n',	'<p><strong>Lorem Ipsum</strong>&nbsp;is simply dummy text of the printing and typesetting industry. Lorem Ipsum has been the industry&#39;s standard dummy text ever since the 1500s, when an unknown printer took a galley of type and scrambled it to make a type specimen book. It has survived not only five centuries, but also the leap into electronic typesetting, remaining essentially unchanged. It was popularised in the 1960s with the release of Letraset sheets containing Lorem Ipsum passages, and more recently with desktop publishing software like Aldus PageMaker including versions of Lorem Ipsum.</p>\r\n',	'2019-06-29 09:43:11',	1,	NULL,	NULL,	1);

CREATE TABLE `news_category` (
  `id` int(11) NOT NULL AUTO_INCREMENT,
  `title_indonesia` varchar(50) NOT NULL,
  `title_english` varchar(50) NOT NULL,
  `slug` varchar(50) NOT NULL,
  `status` int(11) NOT NULL DEFAULT '1',
  PRIMARY KEY (`id`)
) ENGINE=InnoDB DEFAULT CHARSET=latin1;

INSERT INTO `news_category` (`id`, `title_indonesia`, `title_english`, `slug`, `status`) VALUES
(1,	'Berita & Artikel',	'News & Articles',	'index?news=news-articles',	1),
(2,	'Acara',	'Events',	'index?news=news-events',	1),
(3,	'Media',	'Media',	'index?news=media',	1),
(4,	'FAQ',	'FAQ',	'faq',	0),
(5,	'Perusahaan Kami',	'Our Company',	'-',	0);

CREATE TABLE `page_slider` (
  `id` int(11) NOT NULL AUTO_INCREMENT,
  `controller` varchar(50) NOT NULL,
  `action` varchar(50) NOT NULL,
  `name` varchar(200) NOT NULL,
  `status` int(11) DEFAULT '1',
  PRIMARY KEY (`id`)
) ENGINE=InnoDB DEFAULT CHARSET=latin1;

INSERT INTO `page_slider` (`id`, `controller`, `action`, `name`, `status`) VALUES
(1,	'index',	'index',	'Beranda',	1),
(5,	'our-company',	'view',	'Our Company',	1),
(6,	'career',	'index',	'Career',	1),
(7,	'career',	'detail',	'Career Detail',	1),
(8,	'news',	'index',	'News Home',	1),
(9,	'news',	'view',	'News Detail',	1),
(10,	'download',	'index',	'Download',	1);

CREATE TABLE `page_slider_detail` (
  `id` int(11) NOT NULL AUTO_INCREMENT,
  `page_slider_id` int(11) NOT NULL DEFAULT '1',
  `image_path` varchar(255) NOT NULL,
  `title` varchar(255) DEFAULT NULL,
  `title_indo` varchar(255) DEFAULT NULL,
  `description` text,
  `description_indo` text,
  `slider_height` int(11) DEFAULT '491',
  `order` int(11) NOT NULL DEFAULT '1',
  `status` int(11) DEFAULT '1',
  PRIMARY KEY (`id`),
  KEY `page_slider_id` (`page_slider_id`),
  CONSTRAINT `page_slider_detail_ibfk_1` FOREIGN KEY (`page_slider_id`) REFERENCES `page_slider` (`id`)
) ENGINE=InnoDB DEFAULT CHARSET=latin1;

INSERT INTO `page_slider_detail` (`id`, `page_slider_id`, `image_path`, `title`, `title_indo`, `description`, `description_indo`, `slider_height`, `order`, `status`) VALUES
(39,	10,	'slider-ab223be66e3b6e3b3326a74e99daff6a.jpg',	'Welcome to Our Website',	'Selamat Datang di Situs Kami',	'Lorem ipsum dolor sit amet, consectetur adipiscing elit, sed do eiusmod tempor incididunt ut labore et dolore magna aliqua. Ut enim ad minim veniam, quis nostrud exercitation ullamco laboris nisi ut aliquip ex ea commodo consequat.',	'Temukan produk dan layanan terbaru kami untuk kebutuhan projek Anda. Jadilah berbeda dan jelajahi rangkaian desain menawan yang akan membawa ide Anda pada batasan kreatifitas yang lebih tinggi. Bersama kami, kemungkinan Anda tak terbatas.',	491,	3,	1),
(40,	10,	'slider-40c80bef5189a7755a6c50c2c73b47f8.jpg',	'Visit Our Showroom',	'Kunjungi Ruang Pamer Kami',	'Come and be inspired in our showroom where our creative interior designers have put together an array of room layouts using our featured products. Get in touch with our line of experts and don’t hesitate to consult your ideas with us.',	'Datang dan rasakan inspirasi dalam ruang pamer dimana para desainer interior handal kami telah menciptakan susunan ruangan menggunakan produk unggulan kami. Berbincanglah dengan para ahli yang tersedia dan jangan ragu untuk mendiskusikan ide Anda dengan kami.',	491,	4,	1),
(41,	10,	'slider-bca6f528f8709c5142728ee9248476e8.jpg',	'Join Our Events',	'Bergabung di Acara Kami',	'Join us on our exhibitions to discover our newest products. Get a free on-the-spot consulting and experience our products directly. Feel the textures, finishing, and see the actual color to envision your ideas.',	'Kunjungi pameran kami untuk mengetahui rangkaian produk terbaru. Dapatkan gratis konsultasi di tempat dan sentuh produk kami secara langsung. Rasakan tekstur, permukaan, dan lihat warna aslinya sebagai inspirasi ide Anda.',	491,	2,	1),
(42,	10,	'slider-befa090aa4d6c55837d5783be8ab6478.jpg',	'Your Inspiring Design Starts Here',	'Inspirasi Desain Anda Dimulai Dari Sini',	'Whether you’re planning on an interior with modern design, classic, avant-garde, or others, start your mood board here. Visualizing a concept with materials will help you grasp your vision on the desired output.',	'Apapun kebutuhan Anda baik interior bergaya modern, klasik, avant-garde, atau lainnya, mulailah perencanaan Anda dari sini. Memvisualisasikan sebuah konsep dengan material terkait akan membantu Anda memahami visi dari hasil yang Anda inginkan.',	491,	1,	1),
(43,	1,	'slider-b850dac193041aa392f34244e447473c.jpg',	'Welcome to Our Website',	'Selamat Datang di Situs Kami',	'Discover our latest products and inspirations for your projects. Be different and explore a world of exquisite design that will take your ideas to a whole new benchmark of creativity. With us, the possibilities are endless.',	'Temukan produk dan layanan terbaru kami untuk kebutuhan projek Anda. Jadilah berbeda dan jelajahi rangkaian desain menawan yang akan membawa ide Anda pada batasan kreatifitas yang lebih tinggi. Bersama kami, kemungkinan Anda tak terbatas.',	600,	1,	1),
(44,	1,	'slider-5b38b3387fe4e26169d0945b93253cb0.jpg',	'Your Inspiring Design Starts Here',	'Inspirasi Desain Anda Dimulai Dari Sini',	'Whether you’re planning on an interior with modern design, classic, avant-garde, or others, start your mood board here. Visualizing a concept with materials will help you grasp your vision on the desired output.',	'Apapun kebutuhan Anda baik interior bergaya modern, klasik, avant-garde, atau lainnya, mulailah perencanaan Anda dari sini. Memvisualisasikan sebuah konsep dengan material terkait akan membantu Anda memahami visi dari hasil yang Anda inginkan.',	600,	3,	1),
(45,	1,	'slider-2626e4dcc5d5060285d74eac781ac569.jpg',	'Join Our Events',	'Bergabung di Acara Kami',	'Join us on our exhibitions to discover our newest products. Get a free on-the-spot consulting and experience our products directly. Feel the textures, finishing, and see the actual color to envision your ideas.',	'Kunjungi pameran kami untuk mengetahui rangkaian produk terbaru. Dapatkan gratis konsultasi di tempat dan sentuh produk kami secara langsung. Rasakan tekstur, permukaan, dan lihat warna aslinya sebagai inspirasi ide Anda.',	600,	4,	1),
(46,	1,	'slider-ed50ff09eae5ac851a2eff7c75e87413.jpg',	'Visit Our Showroom',	'Kunjungi Ruang Pamer Kami',	'Come and be inspired in our showroom where our creative interior designers have put together an array of room layouts using our featured products. Get in touch with our line of experts and don’t hesitate to consult your ideas with us.',	'Datang dan rasakan inspirasi dalam ruang pamer dimana para desainer interior handal kami telah menciptakan susunan ruangan menggunakan produk unggulan kami. Berbincanglah dengan para ahli yang tersedia dan jangan ragu untuk mendiskusikan ide Anda dengan kami.',	600,	2,	1),
(52,	7,	'slider-101478723bd1afff67775f56da397854.jpg',	'Lets Join Us',	'',	'',	'',	491,	1,	0),
(53,	7,	'slider-33d1869d7409dc044b015f111c5a446b.jpg',	'Lets Join Us',	'',	'',	'',	491,	2,	0),
(54,	7,	'slider-7d91f364e20f95ba6d7e4c5bfd0b4272.jpg',	'Lets Join Us',	'',	'',	'',	491,	3,	0),
(55,	5,	'slider-63a0837a9c74677c5a9680039ba5f548.jpg',	'Welcome to Our Website',	'Selamat Datang di Website Kami',	'',	'',	491,	1,	0),
(56,	5,	'slider-5e9f5a0b66632cc50d91629ef3e3318f.jpg',	'Welcome to Our Website',	'Selamat Datang di Website Kami',	'',	'',	491,	2,	0),
(57,	5,	'slider-35b257afcc7998347c62469f787896f5.jpg',	'Welcome to Our Website',	'Selamat Datang di Website Kami',	'',	'',	491,	3,	0),
(58,	5,	'slider-7adbcc848b2413d7c138a75344919546.jpg',	'Welcome to Our Website',	'Selamat Datang di Website Kami',	'',	'',	491,	4,	0),
(59,	8,	'slider-9a80fc2bf643dfad1d62f2c9581b0a78.jpg',	'Welcome to Our Website',	'Selamat Datang di Website Kami',	'',	'',	491,	4,	0),
(60,	8,	'slider-8b6fc564b6babf896f2ab0d61bfd8b8f.jpg',	'Welcome to Our Website',	'Selamat Datang di Website Kami',	'',	'',	491,	1,	0),
(61,	8,	'slider-4b11287ed934f899a5dec3a4eb8867d7.jpg',	'Welcome to Our Website',	'Selamat Datang di Website Kami',	'',	'',	491,	3,	0),
(70,	8,	'slider-bf92fd707a415fb4bf58b809dcc374c5.jpg',	'',	'',	'',	'',	491,	2,	0),
(71,	7,	'slider-92b541df6069bbe1cf8e69ec882c9ea8.jpg',	'',	'',	'',	'',	491,	4,	0),
(76,	9,	'slider-a5117e494b6f9b95beb07e1d129e4a98.jpg',	'Welcome to Our Website',	'',	'',	'',	491,	3,	0),
(77,	9,	'slider-bca179b53ffb05401e511733a67d54bd.jpg',	'Welcome to Our Website',	'',	'',	'',	491,	4,	0),
(78,	9,	'slider-5efcf20862d6b14e3e2620dfc7a83b0c.jpg',	'Welcome to Our Website',	NULL,	'',	NULL,	491,	2,	0),
(79,	9,	'slider-2844e8aa609bf96a44f31ddd8f7f03ec.jpg',	'',	NULL,	'',	NULL,	491,	1,	0),
(82,	6,	'slider-101478723bd1afff67775f56da397854.jpg',	'Lets Join Us',	NULL,	'',	NULL,	491,	2,	0),
(83,	6,	'slider-33d1869d7409dc044b015f111c5a446b.jpg',	'Lets Join Us',	NULL,	'',	NULL,	491,	3,	0),
(84,	6,	'slider-1f5eb6529785909b4bcd29b9ec92a3ba.jpg',	'Lets Join Us',	NULL,	'',	NULL,	491,	4,	0),
(85,	6,	'slider-d44ed653fe678036112d27b34d82c7bc.jpg',	'',	NULL,	'',	NULL,	491,	1,	0);

CREATE TABLE `popup_info` (
  `id` int(11) NOT NULL AUTO_INCREMENT,
  `background_url` text NOT NULL,
  `title` varchar(255) DEFAULT NULL,
  `content` text,
  `cta_url` text,
  `cta_label` varchar(100) DEFAULT NULL,
  `icon_url` text NOT NULL,
  `circle_color` varchar(20) NOT NULL,
  `created_at` datetime NOT NULL,
  PRIMARY KEY (`id`)
) ENGINE=InnoDB DEFAULT CHARSET=latin1;

INSERT INTO `popup_info` (`id`, `background_url`, `title`, `content`, `cta_url`, `cta_label`, `icon_url`, `circle_color`, `created_at`) VALUES
(1,	'http://platinum.aplikasitrial.com/uploads/other/photo-20190628-755befe307cf84fb0bc50a8702935739.jpg',	'Informasi',	'<p><img alt=\"\" src=\"http://platinum.aplikasitrial.com/uploads/other/img_frbrepw0.png\" style=\"width: 264px; height: 133px;\" /></p>\r\n\r\n<p>Platinum Ceramics kini hadir Tokopedia</p>\r\n',	'https://www.tokopedia.com/platinumceramics',	'Belanja Sekarang',	'http://platinum.aplikasitrial.com/uploads/other/photo-20190628-62b6890db43a7d5d56921a5ba286c5a1.png',	'#ffffff',	'2019-06-15 06:51:48');

CREATE TABLE `product` (
  `id` int(11) NOT NULL AUTO_INCREMENT,
  `name` varchar(200) NOT NULL,
  `type` varchar(100) DEFAULT NULL,
  `type_indo` varchar(100) DEFAULT NULL,
  `brand` varchar(100) DEFAULT NULL,
  `model` varchar(100) DEFAULT NULL,
  `color` varchar(100) DEFAULT NULL,
  `look` varchar(100) DEFAULT NULL,
  `finish` varchar(100) DEFAULT NULL,
  `dimension` varchar(100) DEFAULT NULL,
  `suitable` varchar(100) DEFAULT NULL,
  `suitable_indo` varchar(100) DEFAULT NULL,
  `image` varchar(255) DEFAULT NULL,
  `inspiration_id` int(11) DEFAULT NULL,
  PRIMARY KEY (`id`)
) ENGINE=InnoDB DEFAULT CHARSET=latin1;

INSERT INTO `product` (`id`, `name`, `type`, `type_indo`, `brand`, `model`, `color`, `look`, `finish`, `dimension`, `suitable`, `suitable_indo`, `image`, `inspiration_id`) VALUES
(1,	'ALPHA',	'FLOOR TILE',	NULL,	'ASIA TILE',	'model',	'BLACK,BLUE,CREAM,GREEN,GREY,WHITE,,,',	'MATT',	'finish',	'20X20',	'BATHROOM',	NULL,	NULL,	NULL),
(2,	'ALPHA',	'FLOOR TILE',	NULL,	'ASIA TILE',	'model',	'BLACK,BLUE,BROWN,GREEN,GREY,WHITE,,,',	'MATT',	'finish',	'25X25',	'BATHROOM',	NULL,	NULL,	NULL),
(3,	'ALPHA',	'FLOOR TILE',	NULL,	'ASIA TILE',	'model',	'BLACK,BLUE,CREAM,GREEN,GREY,WHITE,,,',	'MATT',	'finish',	'30X30',	'BATHROOM',	NULL,	NULL,	NULL),
(4,	'GALAXY',	'FLOOR TILE',	NULL,	'ASIA TILE',	'model',	'BLACK,BROWN,CREAM,GREY,,,,,',	'MATT',	'finish',	'20X20',	'KITCHEN',	NULL,	NULL,	NULL),
(5,	'GALAXY',	'FLOOR TILE',	NULL,	'ASIA TILE',	'model',	'BLACK,BROWN,CREAM,GREY,,,,,',	'MATT',	'finish',	'25X25',	'KITCHEN',	NULL,	NULL,	NULL),
(6,	'ROXY',	'FLOOR TILE',	NULL,	'ASIA TILE',	'model',	'BLACK,BLUE,BROWN,GREY,,,,,',	'MATT',	'finish',	'20X20',	'FEATURED WALL',	NULL,	NULL,	NULL),
(7,	'WELCO',	'FLOOR TILE',	NULL,	'ASIA TILE',	'model',	'BLUE,BROWN,GREEN ,RED,,,,,',	'MATT',	'finish',	'20X20',	'RESIDENTIAL FLOOR',	NULL,	NULL,	NULL),
(8,	'BERCA',	'FLOOR TILE',	NULL,	'ASIA TILE',	'model',	'BLUE,BROWN,GREEN ,RED,,,,,',	'MATT',	'finish',	'20X20',	'COMMERCIAL FLOOR',	NULL,	NULL,	NULL),
(9,	'ROMEO',	'FLOOR TILE',	NULL,	'ASIA TILE',	'model',	'BLUE,BROWN,GREY,RED,,,,,',	'MATT',	'finish',	'20X20',	'GARAGE',	NULL,	NULL,	NULL),
(10,	'ZION',	'FLOOR TILE',	NULL,	'ASIA TILE',	'model',	'BLUE,BROWN,GREEN ,RED,GREY,WHITE,,,',	'MATT',	'finish',	'20X20',	'SERVICE AREA',	NULL,	NULL,	NULL),
(11,	'ZION',	'FLOOR TILE',	NULL,	'ASIA TILE',	'model',	'BLACK,BLUE,CREAM,GREEN,GREY,WHITE,,,',	'MATT',	'finish',	'25X25',	'SERVICE AREA',	NULL,	NULL,	NULL),
(12,	'RITZ',	'FLOOR TILE',	NULL,	'ASIA TILE',	'model',	'BLUE,BROWN,GREEN ,GREY,ORANGE,,,,',	'MATT',	'finish',	'25X25',	'suitable',	NULL,	NULL,	NULL),
(13,	'ROCA',	'FLOOR TILE',	NULL,	'ASIA TILE',	'model',	'BONE,BROWN,GREY,,,,,,',	'MATT',	'finish',	'25X25',	'suitable',	NULL,	NULL,	NULL),
(14,	'ROMA',	'FLOOR TILE',	NULL,	'ASIA TILE',	'model',	'BROWN,GREY,BROWN DÉCOR,GREY DÉCOR,,,,,',	'MATT',	'finish',	'25X25',	'suitable',	NULL,	NULL,	NULL),
(15,	'ZEUS',	'FLOOR TILE',	NULL,	'ASIA TILE',	'model',	'BLACK,BLUE,CREAM,GREEN,GREY,WHITE,,,',	'MATT',	'finish',	'25X25',	'suitable',	NULL,	NULL,	NULL),
(16,	'CORSICA',	'FLOOR TILE',	NULL,	'ASIA TILE',	'model',	'CORSICA,,,,,,,,',	'GLOSSY',	'finish',	'30X30',	'suitable',	NULL,	NULL,	NULL),
(17,	'MURANO',	'FLOOR TILE',	NULL,	'ASIA TILE',	'model',	'MURANO,,,,,,,,',	'GLOSSY',	'finish',	'30X30',	'suitable',	NULL,	NULL,	NULL),
(18,	'MURANO',	'FLOOR TILE',	NULL,	'ASIA TILE',	'model',	'MURANO,,,,,,,,',	'GLOSSY',	'finish',	'40X40',	'suitable',	NULL,	NULL,	NULL),
(19,	'NIRWANA',	'FLOOR TILE',	NULL,	'ASIA TILE',	'model',	'CREAM,GREEN,GREY,,,,,,',	'GLOSSY',	'finish',	'30X30',	'suitable',	NULL,	NULL,	NULL),
(20,	'OSCAR',	'FLOOR TILE',	NULL,	'ASIA TILE',	'model',	'BLACK,BROWN,GREEN ,GREY,RED,TAUPE,,,',	'MATT',	'finish',	'30X30',	'suitable',	NULL,	NULL,	NULL),
(21,	'OSCAR',	'FLOOR TILE',	NULL,	'ASIA TILE',	'model',	'BLACK,BROWN,,,,,,,',	'MATT',	'finish',	'40X40',	'suitable',	NULL,	NULL,	NULL),
(22,	'OTTO',	'FLOOR TILE',	NULL,	'ASIA TILE',	'model',	'CREAM,GREY,GREY,TAUPE,,,,,',	'GLOSSY',	'finish',	'30X30',	'suitable',	NULL,	NULL,	NULL),
(23,	'OTTO',	'FLOOR TILE',	NULL,	'ASIA TILE',	'model',	'CREAM,GREY,,,,,,,',	'GLOSSY',	'finish',	'40X40',	'suitable',	NULL,	NULL,	NULL),
(24,	'ZENSA',	'FLOOR TILE',	NULL,	'ASIA TILE',	'model',	'CREAM,GREY,,,,,,,',	'GLOSSY',	'finish',	'30X30',	'suitable',	NULL,	NULL,	NULL),
(25,	'ZENSA',	'FLOOR TILE',	NULL,	'ASIA TILE',	'model',	'CREAM,GREY,,,,,,,',	'GLOSSY',	'finish',	'40X40',	'suitable',	NULL,	NULL,	NULL),
(26,	'ZIGMA',	'FLOOR TILE',	NULL,	'ASIA TILE',	'model',	'CREAM,GREY,,,,,,,',	'GLOSSY',	'finish',	'30X30',	'suitable',	NULL,	NULL,	NULL),
(27,	'ZIGMA',	'FLOOR TILE',	NULL,	'ASIA TILE',	'model',	'CREAM,GREY,,,,,,,',	'GLOSSY',	'finish',	'40X40',	'suitable',	NULL,	NULL,	NULL),
(28,	'ZURICH',	'FLOOR TILE',	NULL,	'ASIA TILE',	'model',	'BROWN,GREEN,GREY,,,,,,',	'GLOSSY',	'finish',	'30X30',	'suitable',	NULL,	NULL,	NULL),
(29,	'ZURICH',	'FLOOR TILE',	NULL,	'ASIA TILE',	'model',	'BROWN,GREEN,GREY,,,,,,',	'GLOSSY',	'finish',	'40X40',	'suitable',	NULL,	NULL,	NULL),
(30,	'VOLARE',	'FLOOR TILE',	NULL,	'ASIA TILE',	'model',	'CREAM,GREY,,,,,,,',	'GLOSSY',	'finish',	'30X30',	'suitable',	NULL,	NULL,	NULL),
(31,	'MORENO',	'FLOOR TILE',	NULL,	'ASIA TILE',	'model',	'BROWN,GREY,,,,,,,',	'GLOSSY',	'finish',	'40X40',	'suitable',	NULL,	NULL,	NULL),
(32,	'MALDIVES',	'FLOOR TILE',	NULL,	'ASIA TILE',	'model',	'BROWN,GREY,,,,,,,',	'GLOSSY',	'finish',	'40X40',	'suitable',	NULL,	NULL,	NULL),
(33,	'FONTE',	'FLOOR TILE',	NULL,	'ASIA TILE',	'model',	'BLACK,,,,,,,,',	'GLOSSY',	'finish',	'40X40',	'suitable',	NULL,	NULL,	NULL),
(34,	'EBONY',	'FLOOR TILE',	NULL,	'ASIA TILE',	'model',	'BROWN,,,,,,,,',	'GLOSSY',	'finish',	'40X40',	'suitable',	NULL,	NULL,	NULL),
(35,	'OCRA',	'FLOOR TILE',	NULL,	'ASIA TILE',	'model',	'BROWN,GREY,RED,WHITE,BLACK,,,,',	'GLOSSY',	'finish',	'40X40',	'suitable',	NULL,	NULL,	NULL),
(36,	'CORNELLO',	'WALL TILE',	NULL,	'ASIA TILE',	'model',	'BROWN,DARK BROWN,GREEN ,DARK GREEN,,,,,',	'GLOSSY',	'finish',	'20X25',	'suitable',	NULL,	NULL,	NULL),
(38,	'EXCEL',	'WALL TILE',	NULL,	'ASIA TILE',	'model',	'WHITE,,,,,,,,',	'GLOSSY',	'finish',	'20X25',	'suitable',	NULL,	NULL,	NULL),
(39,	'METRO',	'WALL TILE',	NULL,	'ASIA TILE',	'model',	'BASIC,DARK BLUE,DARK GREEN,DARK RED,,,,,',	'GLOSSY',	'finish',	'20X25',	'suitable',	NULL,	NULL,	NULL),
(41,	'MONTANA',	'WALL TILE',	NULL,	'ASIA TILE',	'model',	'BASIC,DARK BLUE,DARK GREEN,DARK RED,DARK BROWN,,,,',	'GLOSSY',	'finish',	'20X25',	'suitable',	NULL,	NULL,	NULL),
(43,	'VALLEN',	'WALL TILE',	NULL,	'ASIA TILE',	'model',	'BLUE,GREEN,GREY,RED,,,,,',	'GLOSSY',	'finish',	'20X25',	'suitable',	NULL,	NULL,	NULL),
(44,	'VIOLA',	'WALL TILE',	NULL,	'ASIA TILE',	'model',	'BLUE,GREEN,GREY,RED,,,,,',	'GLOSSY',	'finish',	'20X25',	'suitable',	NULL,	NULL,	NULL),
(45,	'ZARA',	'WALL TILE',	NULL,	'ASIA TILE',	'model',	'BASIC,BLUE,BROWN,RED,,,,,',	'GLOSSY',	'finish',	'20X25',	'suitable',	NULL,	NULL,	NULL),
(47,	'ZOLA',	'WALL TILE',	NULL,	'ASIA TILE',	'model',	'BASIC,BLUE,BROWN,GREY,,,,,',	'GLOSSY',	'finish',	'20X25',	'suitable',	NULL,	NULL,	NULL),
(49,	'ZEVA',	'WALL TILE',	NULL,	'ASIA TILE',	'model',	'BASIC,BLUE,BROWN,GREEN,RED,GREY,,,',	'GLOSSY',	'finish',	'20X25',	'suitable',	NULL,	NULL,	NULL),
(51,	'CARGO',	'FLOOR TILE',	NULL,	'PLATINUM',	'model',	'BROWN,DARK BROWN,GREY,DARK GREY,,,,,',	'MATT',	'finish',	'30X30',	'suitable',	NULL,	NULL,	NULL),
(52,	'LAGOS',	'FLOOR TILE',	NULL,	'PLATINUM',	'model',	'BROWN,GREY,,,,,,,',	'MATT',	'finish',	'30X30',	'suitable',	NULL,	NULL,	NULL),
(53,	'ALEXA',	'FLOOR TILE',	NULL,	'PLATINUM',	'model',	'GREY,GREY DECOR,TERRACOTTA,TERRACOTTA DECOR,,,,,',	'MATT',	'finish',	'40X40',	'suitable',	NULL,	NULL,	NULL),
(54,	'ALVARO',	'FLOOR TILE',	NULL,	'PLATINUM',	'model',	'BROWN,GREY,,,,,,,',	'MATT',	'finish',	'40X40',	'suitable',	NULL,	NULL,	NULL),
(55,	'AMAZON',	'FLOOR TILE',	NULL,	'PLATINUM',	'model',	'BONE,BEIGE,BROWN,GREY,,,,,',	'MATT',	'finish',	'40X40',	'suitable',	NULL,	NULL,	NULL),
(56,	'AMALFI',	'FLOOR TILE',	NULL,	'PLATINUM',	'model',	'BROWN,GREY,WHITE,,,,,,',	'MATT',	'finish',	'40X40',	'suitable',	NULL,	NULL,	NULL),
(57,	'ANCONA',	'FLOOR TILE',	NULL,	'PLATINUM',	'model',	'BONE,BROWN,GREY,,,,,,',	'MATT',	'finish',	'40X40',	'suitable',	NULL,	NULL,	NULL),
(58,	'ANCORA',	'FLOOR TILE',	NULL,	'PLATINUM',	'model',	'BONE,BROWN,GREY,,,,,,',	'GLOSSY',	'finish',	'40X40',	'suitable',	NULL,	NULL,	NULL),
(59,	'ANGELO',	'FLOOR TILE',	NULL,	'PLATINUM',	'model',	'BONE,BROWN,GREY,BONE DECOR,BROWN DECOR,GREY DECOR,,,',	'MATT',	'finish',	'40X40',	'suitable',	NULL,	NULL,	NULL),
(60,	'ARDMORE',	'FLOOR TILE',	NULL,	'PLATINUM',	'model',	'BROWN,GREY,,,,,,,',	'MATT',	'finish',	'40X40',	'suitable',	NULL,	NULL,	NULL),
(61,	'ASPEN',	'FLOOR TILE',	NULL,	'PLATINUM',	'model',	'BROWN,GREY,DARK BROWN,DARK GREY,,,,,',	'MATT',	'finish',	'40X40',	'suitable',	NULL,	NULL,	NULL),
(62,	'ASTURO',	'FLOOR TILE',	NULL,	'PLATINUM',	'model',	'BROWN,GREY,WHITE,,,,,,',	'MATT',	'finish',	'40X40',	'suitable',	NULL,	NULL,	NULL),
(63,	'ATLAS',	'FLOOR TILE',	NULL,	'PLATINUM',	'model',	'BROWN,GREY,,,,,,,',	'MATT',	'finish',	'40X40',	'suitable',	NULL,	NULL,	NULL),
(64,	'ATRIA',	'FLOOR TILE',	NULL,	'PLATINUM',	'model',	'BROWN,GREY,,,,,,,',	'MATT',	'finish',	'40X40',	'suitable',	NULL,	NULL,	NULL),
(65,	'AZURO',	'FLOOR TILE',	NULL,	'PLATINUM',	'model',	'BROWN,GREY,,,,,,,',	'MATT',	'finish',	'40X40',	'suitable',	NULL,	NULL,	NULL),
(66,	'AZUVI',	'FLOOR TILE',	NULL,	'PLATINUM',	'model',	'BROWN,GREY,,,,,,,',	'MATT',	'finish',	'40X40',	'suitable',	NULL,	NULL,	NULL),
(67,	'BRIGHTON',	'FLOOR TILE',	NULL,	'PLATINUM',	'model',	'BASIC,BLACK DECOR,,,,,,,',	'MATT',	'finish',	'40X40',	'suitable',	NULL,	NULL,	NULL),
(68,	'BRISTOL',	'FLOOR TILE',	NULL,	'PLATINUM',	'model',	'BASIC,BLUE DECOR,,,,,,,',	'MATT',	'finish',	'40X40',	'suitable',	NULL,	NULL,	NULL),
(69,	'BOLTON',	'FLOOR TILE',	NULL,	'PLATINUM',	'model',	'BLACK,BEIGE,GREY,,,,,,',	'GLOSSY',	'finish',	'40X40',	'suitable',	NULL,	NULL,	NULL),
(70,	'BRESCIA',	'FLOOR TILE',	NULL,	'PLATINUM',	'model',	'BROWN,GREY,CREAM,,,,,,',	'GLOSSY',	'finish',	'40X40',	'suitable',	NULL,	NULL,	NULL),
(71,	'BONZA',	'FLOOR TILE',	NULL,	'PLATINUM',	'model',	'WHITE,,,,,,,,',	'GLOSSY',	'finish',	'40X40',	'suitable',	NULL,	NULL,	NULL),
(73,	'BONZA',	'FLOOR TILE',	NULL,	'PLATINUM',	'model',	'WHITE,,,,,,,,',	'GLOSSY',	'finish',	'50X50',	'suitable',	NULL,	NULL,	NULL),
(74,	'BONZA',	'FLOOR TILE',	NULL,	'PLATINUM',	'model',	'WHITE,MATT WHITE,BLACK EMBOS,,,,,,',	'GLOSSY',	'finish',	'25X40',	'suitable',	NULL,	NULL,	NULL),
(76,	'BONZA',	'FLOOR TILE',	NULL,	'PLATINUM',	'model',	'WHITE,,,,,,,,',	'GLOSSY',	'finish',	'30X60',	'suitable',	NULL,	NULL,	NULL),
(77,	'BONZA',	'FLOOR TILE',	NULL,	'PLATINUM',	'model',	'WHITE,,,,,,,,',	'GLOSSY',	'finish',	'30X75',	'suitable',	NULL,	NULL,	NULL),
(79,	'CASA',	'FLOOR TILE',	NULL,	'PLATINUM',	'model',	'CREAM,GREY,,,,,,,',	'GLOSSY',	'finish',	'40X40',	'suitable',	NULL,	NULL,	NULL),
(80,	'CORSO',	'FLOOR TILE',	NULL,	'PLATINUM',	'model',	'BLACK,BROWN,GREY,,,,,,',	'MATT',	'finish',	'40X40',	'suitable',	NULL,	NULL,	NULL),
(81,	'GOLIA',	'FLOOR TILE',	NULL,	'PLATINUM',	'model',	'BROWN,GREY,,,,,,,',	'GLOSSY',	'finish',	'40X40',	'suitable',	NULL,	NULL,	NULL),
(82,	'GOLIA',	'FLOOR TILE',	NULL,	'PLATINUM',	'model',	'BROWN,GREY,,,,,,,',	'GLOSSY',	'finish',	'50X50',	'suitable',	NULL,	NULL,	NULL),
(84,	'HAROLD',	'FLOOR TILE',	NULL,	'PLATINUM',	'model',	'BROWN,GREY,,,,,,,',	'GLOSSY',	'finish',	'40X40',	'suitable',	NULL,	NULL,	NULL),
(85,	'HARPER',	'FLOOR TILE',	NULL,	'PLATINUM',	'model',	'BROWN,GREY,,,,,,,',	'GLOSSY',	'finish',	'40X40',	'suitable',	NULL,	NULL,	NULL),
(86,	'HELGA',	'FLOOR TILE',	NULL,	'PLATINUM',	'model',	'BROWN,GREY,,,,,,,',	'GLOSSY',	'finish',	'40X40',	'suitable',	NULL,	NULL,	NULL),
(87,	'HERRERA',	'FLOOR TILE',	NULL,	'PLATINUM',	'model',	'CREAM,GREY,,,,,,,',	'GLOSSY',	'finish',	'40X40',	'suitable',	NULL,	NULL,	NULL),
(88,	'HERRERA',	'FLOOR TILE',	NULL,	'PLATINUM',	'model',	'CREAM,GREY,,,,,,,',	'GLOSSY',	'finish',	'50X50',	'suitable',	NULL,	NULL,	NULL),
(90,	'HILTON',	'FLOOR TILE',	NULL,	'PLATINUM',	'model',	'CREAM,GREY,,,,,,,',	'GLOSSY',	'finish',	'40X40',	'suitable',	NULL,	NULL,	NULL),
(91,	'HILTON',	'FLOOR TILE',	NULL,	'PLATINUM',	'model',	'CREAM,GREY,,,,,,,',	'GLOSSY',	'finish',	'50X50',	'suitable',	NULL,	NULL,	NULL),
(93,	'HOLLY',	'FLOOR TILE',	NULL,	'PLATINUM',	'model',	'BROWN,GREY,,,,,,,',	'GLOSSY',	'finish',	'40X40',	'suitable',	NULL,	NULL,	NULL),
(94,	'HUDSON',	'FLOOR TILE',	NULL,	'PLATINUM',	'model',	'BROWN,GREY,,,,,,,',	'GLOSSY',	'finish',	'40X40',	'suitable',	NULL,	NULL,	NULL),
(95,	'LEXUS',	'FLOOR TILE',	NULL,	'PLATINUM',	'model',	'CREAM,GREY,,,,,,,',	'GLOSSY',	'finish',	'40X40',	'suitable',	NULL,	NULL,	NULL),
(97,	'LEXUS',	'FLOOR TILE',	NULL,	'PLATINUM',	'model',	'CREAM,GREY,,,,,,,',	'GLOSSY',	'finish',	'50X50',	'suitable',	NULL,	NULL,	NULL),
(98,	'LEXUS',	'FLOOR TILE',	NULL,	'PLATINUM',	'model',	'CREAM,GREY,,,,,,,',	'GLOSSY',	'finish',	'60X60',	'suitable',	NULL,	NULL,	NULL),
(99,	'LEXUS',	'FLOOR TILE',	NULL,	'PLATINUM',	'model',	'CREAM,GREY,,,,,,,',	'GLOSSY',	'finish',	'60X60',	'suitable',	NULL,	NULL,	NULL),
(100,	'NIKO',	'FLOOR TILE',	NULL,	'PLATINUM',	'model',	'CREAM,GREY,,,,,,,',	'GLOSSY',	'finish',	'40X40',	'suitable',	NULL,	NULL,	NULL),
(101,	'STRATA',	'FLOOR TILE',	NULL,	'PLATINUM',	'model',	'CREAM,GREY,,,,,,,',	'GLOSSY',	'finish',	'40X40',	'suitable',	NULL,	NULL,	NULL),
(102,	'VEGAS',	'FLOOR TILE',	NULL,	'PLATINUM',	'model',	'BROWN,,,,,,,,',	'GLOSSY',	'finish',	'40X40',	'suitable',	NULL,	NULL,	NULL),
(103,	'XEROX',	'FLOOR TILE',	NULL,	'PLATINUM',	'model',	'GREY,CREAM,,,,,,,',	'GLOSSY',	'finish',	'40X40',	'suitable',	NULL,	NULL,	NULL),
(104,	'LAZIO',	'FLOOR TILE',	NULL,	'PLATINUM',	'model',	'GREY,CREAM,,,,,,,',	'GLOSSY',	'finish',	'40X40',	'suitable',	NULL,	NULL,	NULL),
(105,	'MORENO',	'FLOOR TILE',	NULL,	'PLATINUM',	'model',	'GREY,BROWN,,,,,,,',	'GLOSSY',	'finish',	'40X40',	'suitable',	NULL,	NULL,	NULL),
(106,	'MALDIVES',	'FLOOR TILE',	NULL,	'PLATINUM',	'model',	'GREY,BROWN,,,,,,,',	'GLOSSY',	'finish',	'40X40',	'suitable',	NULL,	NULL,	NULL),
(107,	'DALLAS',	'FLOOR TILE',	NULL,	'PLATINUM',	'model',	'BROWN,GREY,,,,,,,',	'GLOSSY',	'finish',	'50X50',	'suitable',	NULL,	NULL,	NULL),
(108,	'DUPONT',	'FLOOR TILE',	NULL,	'PLATINUM',	'model',	'GREY,,,,,,,,',	'GLOSSY',	'finish',	'50X50',	'suitable',	NULL,	NULL,	NULL),
(110,	'DUBLIN',	'FLOOR TILE',	NULL,	'PLATINUM',	'model',	'BROWN,GREY,,,,,,,',	'GLOSSY',	'finish',	'50X50',	'suitable',	NULL,	NULL,	NULL),
(112,	'HANOVER',	'FLOOR TILE',	NULL,	'PLATINUM',	'model',	'CREAM/BROWN,GREY,,,,,,,',	'GLOSSY',	'finish',	'50X50',	'suitable',	NULL,	NULL,	NULL),
(114,	'HARVARD',	'FLOOR TILE',	NULL,	'PLATINUM',	'model',	'CREAM/BROWN,GREY,,,,,,,',	'GLOSSY',	'finish',	'50X50',	'suitable',	NULL,	NULL,	NULL),
(116,	'HAVANA',	'FLOOR TILE',	NULL,	'PLATINUM',	'model',	'CREAM,GREY,,,,,,,',	'GLOSSY',	'finish',	'50X50',	'suitable',	NULL,	NULL,	NULL),
(118,	'HAZEL',	'FLOOR TILE',	NULL,	'PLATINUM',	'model',	'BROWN,GREY,,,,,,,',	'GLOSSY',	'finish',	'50X50',	'suitable',	NULL,	NULL,	NULL),
(120,	'HESTON',	'FLOOR TILE',	NULL,	'PLATINUM',	'model',	'CREAM,GREY,,,,,,,',	'GLOSSY',	'finish',	'50X50',	'suitable',	NULL,	NULL,	NULL),
(122,	'HUGO',	'FLOOR TILE',	NULL,	'PLATINUM',	'model',	'BROWN,GREY,,,,,,,',	'GLOSSY',	'finish',	'50X50',	'suitable',	NULL,	NULL,	NULL),
(124,	'XAVERO',	'FLOOR TILE',	NULL,	'PLATINUM',	'model',	'CREAM,GREY,,,,,,,',	'GLOSSY',	'finish',	'50X50',	'suitable',	NULL,	NULL,	NULL),
(126,	'MASA',	'FLOOR TILE',	NULL,	'PLATINUM',	'model',	'BROWN,GREY,,,,,,,',	'MATT',	'finish',	'50X50',	'suitable',	NULL,	NULL,	NULL),
(128,	'MAGMA',	'FLOOR TILE',	NULL,	'PLATINUM',	'model',	'BROWN,GREY,,,,,,,',	'MATT',	'finish',	'50X50',	'suitable',	NULL,	NULL,	NULL),
(130,	'NAPA',	'FLOOR TILE',	NULL,	'PLATINUM',	'model',	'CREAM,GREY,,,,,,,',	'GLOSSY',	'finish',	'60X60',	'suitable',	NULL,	NULL,	NULL),
(132,	'NIGEL',	'FLOOR TILE',	NULL,	'PLATINUM',	'model',	'CREAM,GREY,,,,,,,',	'GLOSSY',	'finish',	'60X60',	'suitable',	NULL,	NULL,	NULL),
(134,	'NILON',	'FLOOR TILE',	NULL,	'PLATINUM',	'model',	'BROWN,GREY,,,,,,,',	'GLOSSY',	'finish',	'60X60',	'suitable',	NULL,	NULL,	NULL),
(136,	'NINO',	'WALL TILE',	NULL,	'PLATINUM',	'model',	'CREAM,GREY,DARK GREY,,,,,,',	'GLOSSY',	'finish',	'60X60',	'suitable',	NULL,	NULL,	NULL),
(138,	'NINO',	'WALL TILE',	NULL,	'PLATINUM',	'model',	'BASIC,CREAM,CREAM DECOR,GREY,GREY DECOR,,,,',	'GLOSSY',	'finish',	'25X40',	'suitable',	NULL,	NULL,	NULL),
(139,	'NOMA',	'FLOOR TILE',	NULL,	'PLATINUM',	'model',	'DARK BROWN,,,,,,,,',	'GLOSSY',	'finish',	'60X60',	'suitable',	NULL,	NULL,	NULL),
(141,	'NOBU',	'FLOOR TILE',	NULL,	'PLATINUM',	'model',	'DARK BROWN,DARK GREY,,,,,,,',	'MATT',	'finish',	'60X60',	'suitable',	NULL,	NULL,	NULL),
(143,	'TEAKWOOD',	'FLOOR TILE',	NULL,	'PLATINUM',	'model',	'BEIGE,BROWN,LATTE,,,,,,',	'MATT',	'finish',	'60X60',	'suitable',	NULL,	NULL,	NULL),
(145,	'ADORE',	'WALL TILE',	NULL,	'PLATINUM',	'model',	'BASIC,BROWN DECOR EMBOS,BROWN EMBOS,GREY DECOR EMBOS,GREY EMBOS,,,,',	'GLOSSY',	'finish',	'25X40',	'suitable',	NULL,	NULL,	NULL),
(147,	'BARI',	'WALL TILE',	NULL,	'PLATINUM',	'model',	'BASIC,DARK BLUE,DARK GREY,BLUE DECOR EMBOS,GREY DECOR EMBOS,,,,',	'GLOSSY',	'finish',	'25X40',	'suitable',	NULL,	NULL,	NULL),
(149,	'BALKAN',	'WALL TILE',	NULL,	'PLATINUM',	'model',	'BROWN,BROWN DECOR EMBOS,GREY,GREY DECOR EMBOS,BROWN BASIC,GREY BASIC,,,',	'MATT',	'finish',	'25X40',	'suitable',	NULL,	NULL,	NULL),
(151,	'BEATRIX',	'WALL TILE',	NULL,	'PLATINUM',	'model',	'BASIC/WHITE,BLUE,BROWN,GREEN,GREY,,,,',	'GLOSSY',	'finish',	'25X40',	'suitable',	NULL,	NULL,	NULL),
(152,	'BRIGO',	'WALL TILE',	NULL,	'PLATINUM',	'model',	'BROWN EMBOS,GREY EMBOS,BROWN BASIC,GREY BASIC,,,,,',	'MATT',	'finish',	'25X40',	'suitable',	NULL,	NULL,	NULL),
(153,	'DANON',	'WALL TILE',	NULL,	'PLATINUM',	'model',	'GREY BASIC,GREY EMBOS,GREY PANEL,BONZA MATT WHITE,,,,,',	'MATT',	'finish',	'25X40',	'suitable',	NULL,	NULL,	NULL),
(154,	'DANON',	'WALL TILE',	NULL,	'PLATINUM',	'model',	'GREY EMBOS,GREY BASIC,GREY PANEL,,,,,,',	'MATT',	'finish',	'30X60',	'suitable',	NULL,	NULL,	NULL),
(157,	'DENISE',	'WALL TILE',	NULL,	'PLATINUM',	'model',	'CREAM,CREAM BASIC,CREAM DECOR EMBOS,,,,,,',	'GLOSSY',	'finish',	'25X40',	'suitable',	NULL,	NULL,	NULL),
(158,	'DENISE',	'FLOOR TILE',	NULL,	'PLATINUM',	'model',	'CREAM,CREAM BASIC,CREAM DECOR EMBOS,,,,,,',	'GLOSSY',	'finish',	'30X60',	'suitable',	NULL,	NULL,	NULL),
(161,	'HAKONE',	'WALL TILE',	NULL,	'PLATINUM',	'model',	'BASIC,BLUE,BROWN,GREY,,,,,',	'GLOSSY',	'finish',	'25X40',	'suitable',	NULL,	NULL,	NULL),
(163,	'HARVEY',	'WALL TILE',	NULL,	'PLATINUM',	'model',	'BASIC,BROWN EMBOS ,GREY EMBOS,,,,,,',	'MATT',	'finish',	'25X40',	'suitable',	NULL,	NULL,	NULL),
(165,	'HAYDEN',	'WALL TILE',	NULL,	'PLATINUM',	'model',	'BLUE,BLUE DECOR,GREEN,GREEN DECOR,ORANGE,ORANGE DECOR,PURPLE,PURPLE DECOR,',	'GLOSSY',	'finish',	'25X40',	'suitable',	NULL,	NULL,	NULL),
(167,	'HECTOR',	'WALL TILE',	NULL,	'PLATINUM',	'model',	'BROWN BASIC,GREY BASIC,BROWN EMBOS,GREY EMBOS,,,,,',	'MATT',	'finish',	'25X40',	'suitable',	NULL,	NULL,	NULL),
(168,	'HELIOS',	'WALL TILE',	NULL,	'PLATINUM',	'model',	'BROWN BASIC,GREY BASIC,BROWN EMBOS,GREY EMBOS,,,,,',	'MATT',	'finish',	'25X40',	'suitable',	NULL,	NULL,	NULL),
(169,	'HOLDEN',	'WALL TILE',	NULL,	'PLATINUM',	'model',	'BASIC,BROWN EMBOS ,GREY EMBOS,DARK GREY,,,,,',	'GLOSSY',	'finish',	'25X40',	'suitable',	NULL,	NULL,	NULL),
(170,	'NOLIA',	'WALL TILE',	NULL,	'PLATINUM',	'model',	'BASIC,DARK BLUE,DARK BROWN,DARK GREEN,,,,,',	'GLOSSY',	'finish',	'25X40',	'suitable',	NULL,	NULL,	NULL),
(172,	'AVON',	'WALL TILE',	NULL,	'PLATINUM',	'model',	'BASIC EMBOS,BLUE DECOR,BLUE EMBOS,PURPLE DECOR,PURPLE EMBOS,,,,',	'GLOSSY',	'finish',	'25X40',	'suitable',	NULL,	NULL,	NULL),
(174,	'BOFA',	'WALL TILE',	NULL,	'PLATINUM',	'model',	'BASIC,DARK GREEN EMBOS,DARK BLUE EMBOS,DECOR,,,,,',	'GLOSSY',	'finish',	'25X40',	'suitable',	NULL,	NULL,	NULL),
(176,	'NYRA',	'WALL TILE',	NULL,	'PLATINUM',	'model',	'BROWN BASIC,BROWN DÉCOR,DARK BROWN,GREY BASIC,GREY DECOR,DARK GREY,,,',	'GLOSSY',	'finish',	'25X40',	'suitable',	NULL,	NULL,	NULL),
(178,	'DENIM',	'WALL TILE',	NULL,	'PLATINUM',	'model',	'BASIC,DARK GREY EMBOS,DARK PURPLE EMBOS,GREY DECOR,PURPLE DECOR,,,,',	'GLOSSY',	'finish',	'30X60',	'suitable',	NULL,	NULL,	NULL),
(182,	'DEXA',	'WALL TILE',	NULL,	'PLATINUM',	'model',	'CREAM BASIC,GREY BASIC,CREAM DECOR,GREY DECOR,CREAM EMBOS,GREY EMBOS,,,',	'GLOSSY',	'finish',	'30X60',	'suitable',	NULL,	NULL,	NULL),
(184,	'DAKOTA',	'WALL TILE',	NULL,	'PLATINUM',	'model',	'BEIGE,BEIGE EMBOS,BLACK,BLACK EMBOS,DARK BROWN,DARK BROWN EMBOS,GREY,GREY EMBOS,',	'MATT',	'finish',	'30X60',	'suitable',	NULL,	NULL,	NULL),
(185,	'DIXON',	'WALL TILE',	NULL,	'PLATINUM',	'model',	'BASIC EMBOS,BROWN DECOR EMBOS,GREY DECOR EMBOS,BROWN EMBOS,GREY EMBOS,MASKIN DIXON BASIC,MASKIN DIXO',	'MATT',	'finish',	'30X60',	'suitable',	NULL,	NULL,	NULL),
(187,	'EDECO',	'WALL TILE',	NULL,	'PLATINUM',	'model',	'BLACK EMBOS,WHITE EMBOS,BLACK PANEL,BLACK DECOR,BONZA WHITE,,,,',	'GLOSSY',	'finish',	'30X75',	'suitable',	NULL,	NULL,	NULL),
(189,	'ELENA',	'WALL TILE',	NULL,	'PLATINUM',	'model',	'DARK GREY EMBOS,DARK YELLOW EMBOS,GREY DECOR REC,YELLOW DECOR REC,,,,,',	'GLOSSY',	'finish',	'30X75',	'suitable',	NULL,	NULL,	NULL),
(191,	'ENOVA',	'WALL TILE',	NULL,	'PLATINUM',	'model',	'BASIC REC,CREAM REC,DECOR REC,GREY REC,,,,,',	'GLOSSY',	'finish',	'30X75',	'suitable',	NULL,	NULL,	NULL),
(195,	'EPIC',	'WALL TILE',	NULL,	'PLATINUM',	'model',	'BROWN BASIC,GREY BASIC,BROWN DECOR,GREY DECOR,,,,,',	'GLOSSY',	'finish',	'30X75',	'suitable',	NULL,	NULL,	NULL),
(197,	'EVORA',	'WALL TILE',	NULL,	'PLATINUM',	'model',	'DARK BROWN EMBOS,DARK GREY EMBOS,BROWN DECOR 3,GREY DECOR 3,,,,,',	'GLOSSY',	'finish',	'30X75',	'suitable',	NULL,	NULL,	NULL),
(199,	'ELIA',	'WALL TILE',	NULL,	'PLATINUM',	'model',	'BROWN EMBOS,GREY EMBOS,BROWN BASIC EMBOS,GREY BASIC EMBOS,GREY PANEL EMBOS,BROWN PANEL EMBOS,,,',	'MATT',	'finish',	'30X75',	'suitable',	NULL,	NULL,	NULL),
(201,	'ETORE',	'WALL TILE',	NULL,	'PLATINUM',	'model',	'CREAM DECOR EMBOS,CREAM BASIC,CREAM,BONZA MATT WHITE,,,,,',	'MATT',	'finish',	'30X75',	'suitable',	NULL,	NULL,	NULL),
(203,	'DANTE',	'WALL TILE',	NULL,	'PLATINUM',	'model',	'BONZA WHITE,BASIC,DARK BLUE,DARK BROWN,BLUE DECOR EMBOS,BROWN DECOR EMBOS,,,',	'MATT',	'finish',	'30X60',	'suitable',	NULL,	NULL,	NULL),
(206,	'TEXAS',	'WALL TILE',	NULL,	'PLATINUM',	'model',	'GREY EMBOS,BROWN EMBOS ,,,,,,,',	'MATT',	'finish',	'20X40',	'suitable',	NULL,	NULL,	NULL),
(207,	'TRAVIS',	'WALL TILE',	NULL,	'PLATINUM',	'model',	'GREY EMBOS,BROWN EMBOS ,,,,,,,',	'GLOSSY',	'finish',	'20X40',	'suitable',	NULL,	NULL,	NULL),
(208,	'TIVOLI',	'WALL TILE',	NULL,	'PLATINUM',	'model',	'GREY EMBOS,BROWN EMBOS ,,,,,,,',	'MATT',	'finish',	'20X40',	'suitable',	NULL,	NULL,	NULL);

CREATE TABLE `product_color` (
  `id` int(11) NOT NULL AUTO_INCREMENT,
  `product_id` int(11) NOT NULL,
  `color` varchar(50) NOT NULL,
  `tanggal_tampil` datetime NOT NULL,
  `status_tampil` tinyint(4) NOT NULL,
  `image_path` text,
  PRIMARY KEY (`id`),
  KEY `product_id` (`product_id`),
  CONSTRAINT `product_color_ibfk_1` FOREIGN KEY (`product_id`) REFERENCES `product` (`id`)
) ENGINE=InnoDB DEFAULT CHARSET=latin1;

INSERT INTO `product_color` (`id`, `product_id`, `color`, `tanggal_tampil`, `status_tampil`, `image_path`) VALUES
(1,	1,	'BLACK',	'2019-05-12 18:30:26',	0,	'photo-20190627-e02a2e986744064617c10c76e2bf5b31.jpg'),
(2,	1,	'BLUE',	'2019-05-12 18:30:26',	0,	'photo-20190627-cdbcc309bdb6f38f5e0cb09146aab77a.jpg'),
(3,	1,	'CREAM',	'2019-05-12 18:30:26',	0,	'photo-20190627-fa8cb72b688f9b119432ed5cfd7a8bc4.jpg'),
(4,	1,	'GREEN',	'2019-05-12 18:30:26',	0,	'photo-20190627-dcfeb1759f89ea46ca88d457e1358b50.jpg'),
(5,	1,	'GREY',	'2019-05-12 18:30:26',	0,	'photo-20190627-e144a670c1c71540b5b659ff6284a2cd.jpg'),
(6,	1,	'WHITE',	'2019-05-12 18:30:26',	0,	'photo-20190627-f9f7d1ffa40ad96d669ef95b952baf53.jpg'),
(7,	2,	'BLACK',	'2019-05-12 18:30:26',	0,	'photo-20190627-2baf30d67b27f63df6fb38a03a6f1a2c.jpg'),
(8,	2,	'BLUE',	'2019-05-12 18:30:26',	0,	'photo-20190627-554d82cbd5930ad34a2e0779f8970785.jpg'),
(9,	2,	'BROWN',	'2019-05-12 18:30:26',	0,	'photo-20190627-cf43de3300272d8975749a7f1f9ba898.jpg'),
(10,	2,	'GREEN',	'2019-05-12 18:30:26',	0,	'photo-20190627-98acb7b691e7c39e145bb0a31771765c.jpg'),
(11,	2,	'GREY',	'2019-05-12 18:30:26',	0,	'photo-20190627-4547d5ba9c7285a82f7d44f3c7b2a8cf.jpg'),
(12,	2,	'WHITE',	'2019-05-12 18:30:26',	0,	'photo-20190627-8d98ccc548c3bfa1ccf8c27400c7bc69.jpg'),
(13,	3,	'BLACK',	'2019-05-12 18:30:26',	0,	'photo-20190627-7c78cb0f50951da36ea5e8f3ad3f1a90.jpg'),
(14,	3,	'BLUE',	'2019-05-12 18:30:26',	0,	'photo-20190627-323a3317afb0508a46403570e37ef5ce.jpg'),
(15,	3,	'CREAM',	'2019-05-12 18:30:26',	0,	'photo-20190627-1ac16183949fc4b9eef0a4182e16c351.jpg'),
(16,	3,	'GREEN',	'2019-05-12 18:30:26',	0,	'photo-20190627-8d0cc306e4d9a26bb33fdabf6f3542f8.jpg'),
(17,	3,	'GREY',	'2019-05-12 18:30:26',	0,	'photo-20190627-b6723b1b3f4e64a0f5d22e0b6d27a2e4.jpg'),
(18,	3,	'WHITE',	'2019-05-12 18:30:26',	0,	'photo-20190627-bc19a168af1021476b48f118d294c7cd.jpg'),
(19,	4,	'BLACK',	'2019-05-12 18:30:26',	0,	'photo-20190627-7702753e97e2add6699859e7c2f8e09e.jpg'),
(20,	4,	'BROWN',	'2019-05-12 18:30:26',	0,	'photo-20190627-5e54bcc287c414df88f6d7629bdec9eb.jpg'),
(21,	4,	'CREAM',	'2019-05-12 18:30:26',	0,	'photo-20190627-8b250f46331130edd2c130b5b56cfb79.jpg'),
(22,	4,	'GREY',	'2019-05-12 18:30:26',	0,	'photo-20190627-f9ebe4bb6d810e530cedc11a2b1e5439.jpg'),
(23,	5,	'BLACK',	'2019-05-12 18:30:26',	0,	'photo-20190627-12511a7944eb24f41df6c0cfb0a89ab9.jpg'),
(24,	5,	'BROWN',	'2019-05-12 18:30:26',	0,	'photo-20190627-cdc8880c68f522cf2e403b26cc6cd7d8.jpg'),
(25,	5,	'CREAM',	'2019-05-12 18:30:26',	0,	'photo-20190627-6671992881a2180bcfd50395c5695e38.jpg'),
(26,	5,	'GREY',	'2019-05-12 18:30:26',	0,	'photo-20190627-d625cec65ff7ae063768bd9cdec191d8.jpg'),
(27,	6,	'BLACK',	'2019-05-12 18:30:26',	0,	'photo-20190627-93519f2b0f3c165ea3cfc72b645d7507.jpg'),
(28,	6,	'BLUE',	'2019-05-12 18:30:26',	0,	'photo-20190627-a00864800f5cf861e35732ead484f811.jpg'),
(29,	6,	'BROWN',	'2019-05-12 18:30:26',	0,	'photo-20190627-ed8035ac126526a56796afc20bd90c0e.jpg'),
(30,	6,	'GREY',	'2019-05-12 18:30:26',	0,	'photo-20190627-1e679853019a5080c03a413effc296cb.jpg'),
(31,	7,	'BLUE',	'2019-05-12 18:30:26',	0,	'photo-20190627-c6a7c237ab2ec9024fb9243aa6e87479.jpg'),
(32,	7,	'BROWN',	'2019-05-12 18:30:26',	0,	'photo-20190627-0606cf9f6592e1524d9393602e82df53.jpg'),
(33,	7,	'GREEN ',	'2019-05-12 18:30:26',	0,	'photo-20190627-23e462eae54a6b59380157e638d4aa8b.jpg'),
(34,	7,	'RED',	'2019-05-12 18:30:26',	0,	'photo-20190627-164790d975a7aa30444d812021d8c474.jpg'),
(35,	8,	'BLUE',	'2019-05-12 18:30:26',	0,	'photo-20190627-453f6f36c8403d234abc36877a7c4cc5.jpg'),
(36,	8,	'BROWN',	'2019-05-12 18:30:26',	0,	'photo-20190627-789e5257902643bbf36b46469eca967b.jpg'),
(37,	8,	'GREEN ',	'2019-05-12 18:30:26',	0,	'photo-20190627-2e64ebfb24557dc4db2657fda54218e8.jpg'),
(38,	8,	'RED',	'2019-05-12 18:30:26',	0,	'photo-20190627-157f4ebdd98f8a0775e58c989cdcbe84.jpg'),
(39,	9,	'BLUE',	'2019-05-12 18:30:26',	0,	'photo-20190627-7079eef9debbc30f692f46bd2d76f86e.jpg'),
(40,	9,	'BROWN',	'2019-05-12 18:30:26',	0,	'photo-20190627-3ecb3584f02e474c32a0c29cb6c54b97.jpg'),
(41,	9,	'GREY',	'2019-05-12 18:30:26',	0,	'photo-20190627-28aaaeec8a1bb7c29eabd82b797776dc.jpg'),
(42,	9,	'RED',	'2019-05-12 18:30:26',	0,	'photo-20190627-cf09d0ef00133d9e4c01dd7d79502ea5.jpg'),
(43,	10,	'BLUE',	'2019-05-12 18:30:26',	0,	'photo-20190627-6adeaeb7675015d77a6bd109f0a70aba.jpg'),
(44,	10,	'BROWN',	'2019-05-12 18:30:26',	0,	'photo-20190627-2f08c74fb03a6de005200ce89c4767bb.jpg'),
(45,	10,	'GREEN ',	'2019-05-12 18:30:26',	0,	'photo-20190627-46b007d081dfe5df5042f7d7b72c7b02.jpg'),
(46,	10,	'RED',	'2019-05-12 18:30:26',	0,	'photo-20190627-2a5e3d2db135f8e692b23da89151bdff.jpg'),
(47,	10,	'GREY',	'2019-05-12 18:30:26',	0,	'photo-20190627-73984f1b9d096e82b276a0a24b7f6532.jpg'),
(48,	10,	'WHITE',	'2019-05-12 18:30:26',	0,	'photo-20190627-787402c19e364cfc67feafc953a990cb.jpg'),
(49,	11,	'BLACK',	'2019-05-12 18:30:26',	0,	'photo-20190627-e030ea936e69500d0a8c6d9375b60417.jpg'),
(50,	11,	'BLUE',	'2019-05-12 18:30:26',	0,	'photo-20190627-d596bd440ea563f4a2380b998c6f3f8f.jpg'),
(51,	11,	'CREAM',	'2019-05-12 18:30:26',	0,	'photo-20190627-299e822f3298a693c44cb996e9ca5ad9.jpg'),
(52,	11,	'GREEN',	'2019-05-12 18:30:26',	0,	'photo-20190627-59dda976b44360fc52fd7e1f2bc66547.jpg'),
(53,	11,	'GREY',	'2019-05-12 18:30:26',	0,	'photo-20190627-49e41a028f63487c895e581c19f1b4fc.jpg'),
(54,	11,	'WHITE',	'2019-05-12 18:30:26',	0,	'photo-20190627-43700bf22b1d9199ea1233956e15090f.jpg'),
(55,	12,	'BLUE',	'2019-05-12 18:30:26',	0,	'photo-20190627-9dd18a8f8180ac330435155a7fa123b8.jpg'),
(56,	12,	'BROWN',	'2019-05-12 18:30:26',	0,	'photo-20190627-1b6f09b70664e01311944a9496c1d803.jpg'),
(57,	12,	'GREEN ',	'2019-05-12 18:30:26',	0,	'photo-20190627-e83bd5588904163ba4c18862a41d06db.jpg'),
(58,	12,	'GREY',	'2019-05-12 18:30:26',	0,	'photo-20190627-e8aa35bb306ac098df7953caf777fa3f.jpg'),
(59,	12,	'ORANGE',	'2019-05-12 18:30:26',	0,	'photo-20190627-d6b8291f9384a67727b4e9d103495a68.jpg'),
(60,	13,	'BONE',	'2019-05-12 18:30:26',	0,	'photo-20190627-fff81c60e1d1283f617f8c20710429fd.jpg'),
(61,	13,	'BROWN',	'2019-05-12 18:30:26',	0,	'photo-20190627-8e4b434fe67ce20d468f06a94713f86b.jpg'),
(62,	13,	'GREY',	'2019-05-12 18:30:26',	0,	'photo-20190627-0ff3326750d830ac444f9e3f1c168418.jpg'),
(63,	14,	'BROWN',	'2019-05-12 18:30:26',	0,	'photo-20190627-63b60539bf54dde1b811e523b1eca561.jpg'),
(64,	14,	'GREY',	'2019-05-12 18:30:26',	0,	'photo-20190627-02ab0f708ce18ff2431314370364cae5.jpg'),
(65,	14,	'BROWN DÉCOR',	'2019-05-12 18:30:26',	0,	'photo-20190627-928015cbdbba69b617c390f7350c8991.jpg'),
(66,	14,	'GREY DÉCOR',	'2019-05-12 18:30:26',	0,	'photo-20190627-3391fc822ccf67aed169eba2985abe8f.jpg'),
(67,	15,	'BLACK',	'2019-05-12 18:30:26',	0,	'photo-20190627-e353c42b70264e078c2a9462aa9a9120.jpg'),
(68,	15,	'BLUE',	'2019-05-12 18:30:26',	0,	'photo-20190627-d99783e90a33d60337a76dd904d68076.jpg'),
(69,	15,	'CREAM',	'2019-05-12 18:30:26',	0,	''),
(70,	15,	'GREEN',	'2019-05-12 18:30:26',	0,	'photo-20190627-2c4477d3d0f6eef9a0fc5df7288ceba4.jpg'),
(71,	15,	'GREY',	'2019-05-12 18:30:26',	0,	'photo-20190627-fa9745726b9e5d5f360f75b109140d8b.jpg'),
(72,	15,	'WHITE',	'2019-05-12 18:30:26',	0,	'photo-20190627-515df72557e73e0d6c749b417e4200c7.jpg'),
(73,	16,	'CORSICA',	'2019-05-12 18:30:26',	0,	'photo-20190627-2a5d8d7ad76cb76cef51a7af9242c563.jpg'),
(74,	17,	'MURANO',	'2019-05-12 18:30:26',	0,	'photo-20190627-ee39ab69d5f2a220ab944428ea40bd55.jpg'),
(75,	18,	'MURANO',	'2019-05-12 18:30:26',	0,	'photo-20190627-d4ff1f44876d5769ce31b16093d4d3ef.jpg'),
(76,	19,	'CREAM',	'2019-05-12 18:30:26',	0,	''),
(77,	19,	'GREEN',	'2019-05-12 18:30:26',	0,	''),
(78,	19,	'GREY',	'2019-05-12 18:30:26',	0,	''),
(79,	20,	'BLACK',	'2019-05-12 18:30:26',	0,	'photo-20190627-8f0cfa1f3be579645cd22d9c05554810.jpg'),
(80,	20,	'BROWN',	'2019-05-12 18:30:26',	0,	'photo-20190627-e683c8965f14887490a8f62c5f217353.jpg'),
(81,	20,	'GREEN ',	'2019-05-12 18:30:26',	0,	'photo-20190627-51d7c5d2e204d165c7c289f034a6c445.jpg'),
(82,	20,	'GREY',	'2019-05-12 18:30:26',	0,	'photo-20190627-5abecc0e55aaab42867cf95c65f56b81.jpg'),
(83,	20,	'RED',	'2019-05-12 18:30:26',	0,	'photo-20190627-c93610a75ebd35e5343648cbe94415a4.jpg'),
(84,	20,	'TAUPE',	'2019-05-12 18:30:26',	0,	'photo-20190627-73128300db3f2c7833d7f57c2f4e2e7d.jpg'),
(85,	21,	'BLACK',	'2019-05-12 18:30:26',	0,	'photo-20190627-33a204800de8f6a6f39f1621c58d1ebf.jpg'),
(86,	21,	'BROWN',	'2019-05-12 18:30:26',	0,	'photo-20190627-9b231222b8831b0c9a4a8ebe9d4ae552.jpg'),
(87,	22,	'CREAM',	'2019-05-12 18:30:26',	0,	'photo-20190627-88af900387c49aa196aa07e1ad38a44f.jpg'),
(88,	22,	'GREY',	'2019-05-12 18:30:26',	0,	'photo-20190627-955c1c49ceb6524727bdabd1059f4c07.jpg'),
(89,	22,	'TAUPE',	'2019-05-12 18:30:26',	0,	''),
(90,	23,	'CREAM',	'2019-05-12 18:30:26',	0,	'photo-20190627-626d8317889d6e005d8fc035a8db47ce.jpg'),
(91,	23,	'GREY',	'2019-05-12 18:30:26',	0,	'photo-20190627-75a4ff54c9b965d40631aa8f8d954cef.jpg'),
(92,	24,	'CREAM',	'2019-05-12 18:30:26',	0,	'photo-20190627-0d785479d2557bc315981e85e73b91d2.jpg'),
(93,	24,	'GREY',	'2019-05-12 18:30:26',	0,	'photo-20190627-3793d286cd76bb080c2656de0f44aedc.jpg'),
(94,	25,	'CREAM',	'2019-05-12 18:30:26',	0,	'photo-20190627-211fc3eee9af1620fca79a410d2ebcd6.jpg'),
(95,	25,	'GREY',	'2019-05-12 18:30:26',	0,	'photo-20190627-6f6450b98ac4c96c227fe73c68bd38ee.jpg'),
(96,	26,	'CREAM',	'2019-05-12 18:30:26',	0,	'photo-20190627-c25f4929d3420956995755f1f3433340.jpg'),
(97,	26,	'GREY',	'2019-05-12 18:30:26',	0,	'photo-20190627-ec2f5f9cb400f65427cab7dea37cd0d7.jpg'),
(98,	27,	'CREAM',	'2019-05-12 18:30:26',	0,	'photo-20190627-dc26938f82f06777ac0d2b83bb488a1c.jpg'),
(99,	27,	'GREY',	'2019-05-12 18:30:26',	0,	'photo-20190627-2c85680e0a7e047e7e87662399bd7d25.jpg'),
(100,	28,	'BROWN',	'2019-05-12 18:30:26',	0,	'photo-20190627-f3dd1c378854f203c4193bd620ca2240.jpg'),
(101,	28,	'GREEN',	'2019-05-12 18:30:26',	0,	'photo-20190627-fea939008d58a157c37072d3b1fa0860.jpg'),
(102,	28,	'GREY',	'2019-05-12 18:30:26',	0,	'photo-20190627-d4cf656d344da88983f53fff061b63cd.jpg'),
(103,	29,	'BROWN',	'2019-05-12 18:30:26',	0,	'photo-20190627-916450696317c71845e2f2d09e383977.jpg'),
(104,	29,	'GREEN',	'2019-05-12 18:30:26',	0,	'photo-20190627-d26ae74d9c20c433ff4eefa25e8a20bf.jpg'),
(105,	29,	'GREY',	'2019-05-12 18:30:26',	0,	'photo-20190627-73caa0fbee55c76a7ae0613b55d4a472.jpg'),
(106,	30,	'CREAM',	'2019-05-12 18:30:26',	0,	'photo-20190627-fac803a5821f0c8671a84b7d4f9cbf07.jpg'),
(107,	30,	'GREY',	'2019-05-12 18:30:26',	0,	'photo-20190627-4c26fee48cec0ec4b7dec80e9f1319b7.jpg'),
(108,	31,	'BROWN',	'2019-05-12 18:30:26',	0,	'photo-20190627-ea5accf0a480900d91d42a7b2f18624d.jpg'),
(109,	31,	'GREY',	'2019-05-12 18:30:26',	0,	'photo-20190627-e534dddbc87ef86ef74ae4c17113ab2d.jpg'),
(110,	32,	'BROWN',	'2019-05-12 18:30:26',	0,	'photo-20190627-10fb24fb8ff6a30a9b4e79df804b4e0c.jpg'),
(111,	32,	'GREY',	'2019-05-12 18:30:26',	0,	'photo-20190627-33e99de73cb1c3416b1dd6a41fac4396.jpg'),
(112,	33,	'BLACK',	'2019-05-12 18:30:26',	0,	'photo-20190627-8408d41a794e54d706d9b2100a057431.jpg'),
(113,	34,	'BROWN',	'2019-05-12 18:30:26',	0,	'photo-20190627-12e5ac3e3025684093510bcceee42b36.jpg'),
(114,	35,	'BROWN',	'2019-05-12 18:30:26',	0,	'photo-20190627-772b20f5419eaac78d2084d225658691.jpg'),
(115,	35,	'GREY',	'2019-05-12 18:30:26',	0,	'photo-20190627-3626afd80c490238e33227853e58be00.jpg'),
(116,	35,	'RED',	'2019-05-12 18:30:26',	0,	'photo-20190627-1520034fa4e7a1cd352f54e36b526f2b.jpg'),
(117,	35,	'WHITE',	'2019-05-12 18:30:26',	0,	'photo-20190627-8affa46cc5529771cd64d455a1f973d6.jpg'),
(118,	35,	'BLACK',	'2019-05-12 18:30:26',	0,	'photo-20190627-ce5bf0d0ecd1819462f7b6def747c715.jpg'),
(119,	36,	'BROWN',	'2019-05-12 18:30:26',	0,	'photo-20190627-578277e610765a3027e99fc2b97dfb7b.jpg'),
(120,	36,	'DARK BROWN',	'2019-05-12 18:30:26',	0,	'photo-20190627-5a16491f922965784f89c061b716b1f0.jpg'),
(121,	36,	'GREEN ',	'2019-05-12 18:30:26',	0,	'photo-20190627-5f889c31ce484eb714af126e9a64a121.jpg'),
(122,	36,	'DARK GREEN',	'2019-05-12 18:30:26',	0,	'photo-20190627-66fd643bbf18d5539c22704e75674a2c.jpg'),
(125,	38,	'WHITE',	'2019-05-12 18:30:26',	0,	'photo-20190627-f814642821f7a077ace9c18e982e546f.jpg'),
(126,	39,	'BASIC',	'2019-05-12 18:30:26',	0,	'photo-20190627-31faf8ad47022485bc85280a6599ca2f.jpg'),
(127,	39,	'DARK BLUE',	'2019-05-12 18:30:26',	0,	'photo-20190627-3224cacdd4e933762604030116f119db.jpg'),
(128,	39,	'DARK GREEN',	'2019-05-12 18:30:26',	0,	'photo-20190627-eb09216c8e3aa5fd1ae872668b4b5807.jpg'),
(129,	39,	'DARK RED',	'2019-05-12 18:30:26',	0,	'photo-20190627-2800c6571b50ce51af7332f1dd2b2d19.jpg'),
(133,	41,	'BASIC',	'2019-05-12 18:30:26',	0,	'photo-20190627-046934aaae258a8f088d55c6e90fb28c.jpg'),
(134,	41,	'DARK BLUE',	'2019-05-12 18:30:26',	0,	'photo-20190627-0af04ed0ec3bdb55047c0af923f4b9ad.jpg'),
(135,	41,	'DARK GREEN',	'2019-05-12 18:30:26',	0,	'photo-20190627-ef03256a7f793fdd4fd1cc366b5a1a8f.jpg'),
(136,	41,	'DARK RED',	'2019-05-12 18:30:26',	0,	'photo-20190627-6647d3a001f34c7fc0324576e8fd9c51.jpg'),
(137,	41,	'DARK BROWN',	'2019-05-12 18:30:26',	0,	'photo-20190627-19b262bad4cd61ec32f2ed21742a2b7c.jpg'),
(142,	43,	'BLUE',	'2019-05-12 18:30:26',	0,	'photo-20190627-fa8169f42318b1cc3cb0fe970adb0b96.jpg'),
(143,	43,	'GREEN',	'2019-05-12 18:30:26',	0,	'photo-20190627-a817fc0f8e7f1bc47140229c87119179.jpg'),
(144,	43,	'GREY',	'2019-05-12 18:30:26',	0,	'photo-20190627-4e71d745a2b83df1fb024413d1f35a6e.jpg'),
(145,	43,	'RED',	'2019-05-12 18:30:26',	0,	'photo-20190627-e639b3b67cbc4a6865dbcbe3996a3ecc.jpg'),
(146,	44,	'BLUE',	'2019-05-12 18:30:26',	0,	'photo-20190627-b4032a0ca66ca116acd40c4042f80dc9.jpg'),
(147,	44,	'GREEN',	'2019-05-12 18:30:26',	0,	'photo-20190627-c38357919950acf6433edf0021e29845.jpg'),
(148,	44,	'GREY',	'2019-05-12 18:30:26',	0,	'photo-20190627-d12ea29afeca1090603a90c69e7db7b9.jpg'),
(149,	44,	'RED',	'2019-05-12 18:30:26',	0,	'photo-20190627-e0bb9b8eb85c59329ee7c0be068296a3.jpg'),
(150,	45,	'BASIC',	'2019-05-12 18:30:26',	0,	'photo-20190627-16118ee19602cd8e40ab63044ca338fd.jpg'),
(151,	45,	'BLUE',	'2019-05-12 18:30:26',	0,	'photo-20190627-70966dfc8a88c8123d0a233aa263657c.jpg'),
(152,	45,	'BROWN',	'2019-05-12 18:30:26',	0,	'photo-20190627-382e3fa3065952bb12c69226604d2627.jpg'),
(153,	45,	'RED',	'2019-05-12 18:30:26',	0,	'photo-20190627-6b66a947fc183b1b2f2ecda817622d8a.jpg'),
(157,	47,	'BASIC',	'2019-05-12 18:30:26',	0,	'photo-20190627-5d35629006ae4a9226c7150954a82405.jpg'),
(158,	47,	'BLUE',	'2019-05-12 18:30:26',	0,	'photo-20190627-4fce6d7bc473f9c39b751769372fab28.jpg'),
(159,	47,	'BROWN',	'2019-05-12 18:30:26',	0,	'photo-20190627-8a2dd7f4609b9cfa2c26daaafd84c76d.jpg'),
(160,	47,	'GREY',	'2019-05-12 18:30:26',	0,	'photo-20190627-3b227bc6c0392a1c076267ae16f4143f.jpg'),
(165,	49,	'BASIC',	'2019-05-12 18:30:26',	0,	'photo-20190627-784d22e67edb675db628925ed6489956.jpg'),
(166,	49,	'BLUE',	'2019-05-12 18:30:26',	0,	'photo-20190627-8653fed8963980d87f1cc530fa70bbf8.jpg'),
(167,	49,	'BROWN',	'2019-05-12 18:30:26',	0,	'photo-20190627-fa79f2d713e6ea74ef61b1185f1bba61.jpg'),
(168,	49,	'GREEN',	'2019-05-12 18:30:26',	0,	'photo-20190627-b85a61608c8b714b9609e8f471e66438.jpg'),
(169,	49,	'RED',	'2019-05-12 18:30:26',	0,	'photo-20190627-0b77215f9991723f2ebb6ee4a492e91b.jpg'),
(170,	49,	'GREY',	'2019-05-12 18:30:26',	0,	'photo-20190627-a37b85c1e03cb50f6e7413029ea85b6b.jpg'),
(176,	51,	'BROWN',	'2019-05-12 18:30:26',	0,	'photo-20190627-0c3a2555a9643974ba4167bd8be22e6c.jpg'),
(177,	51,	'DARK BROWN',	'2019-05-12 18:30:26',	0,	'photo-20190627-c050f9c7c47221ea1ba3074558fc0d17.jpg'),
(178,	51,	'GREY',	'2019-05-12 18:30:26',	0,	'photo-20190627-d28c5ffd2f097d4e5806d2a44092adbb.jpg'),
(179,	51,	'DARK GREY',	'2019-05-12 18:30:26',	0,	'photo-20190627-dc406e7ec08e4a09fa39ca053e9affa3.jpg'),
(180,	52,	'BROWN',	'2019-05-12 18:30:26',	0,	'photo-20190627-e3f303c128f0877f78c03a3bcce0f4e8.jpg'),
(181,	52,	'GREY',	'2019-05-12 18:30:26',	0,	'photo-20190627-6ef562d6cac11c5c18150a5130776a31.jpg'),
(182,	53,	'GREY',	'2019-05-12 18:30:26',	0,	'photo-20190627-bc4a5a63957f6c3a39b817719c0a14ec.jpg'),
(183,	53,	'GREY DECOR',	'2019-05-12 18:30:26',	0,	'photo-20190627-2c39f51065953a4e90bf1a8d49693b6d.jpg'),
(184,	53,	'TERRACOTTA',	'2019-05-12 18:30:26',	0,	'photo-20190627-dcd492e447b092336e414fa60415a824.jpg'),
(185,	53,	'TERRACOTTA DECOR',	'2019-05-12 18:30:26',	0,	'photo-20190627-ab685e9a947745142e397ca9a59cf762.jpg'),
(186,	54,	'BROWN',	'2019-05-12 18:30:26',	0,	'photo-20190627-247a7a064bbacedd6a513dc6731b2cd1.jpg'),
(187,	54,	'GREY',	'2019-05-12 18:30:26',	0,	'photo-20190627-46f014ae015819bb9ef11a9f57306de8.jpg'),
(188,	55,	'BONE',	'2019-05-12 18:30:26',	0,	'photo-20190627-832b75386f35558a3792585c51445161.jpg'),
(189,	55,	'BEIGE',	'2019-05-12 18:30:26',	0,	'photo-20190627-38116e34ddb2ed01faafaf72d36bf6a9.jpg'),
(190,	55,	'BROWN',	'2019-05-12 18:30:26',	0,	'photo-20190627-6180b1d22fa94fe64dfa75df1c001dd8.jpg'),
(191,	55,	'GREY',	'2019-05-12 18:30:26',	0,	'photo-20190627-000deb0e88e15441f35e9c870a7bcbad.jpg'),
(192,	56,	'BROWN',	'2019-05-12 18:30:26',	0,	'photo-20190627-6ee9bcafe17835219dd02f5e862797d4.jpg'),
(193,	56,	'GREY',	'2019-05-12 18:30:26',	0,	'photo-20190627-39b9ba9c7794147a923e74dfc0b9cdeb.jpg'),
(194,	56,	'WHITE',	'2019-05-12 18:30:26',	0,	'photo-20190627-057754c34fcbb324f46f5b07d45f9b7b.jpg'),
(195,	57,	'BONE',	'2019-05-12 18:30:26',	0,	'photo-20190627-4b8b5575399963e957f5b094fe1e5189.jpg'),
(196,	57,	'BROWN',	'2019-05-12 18:30:26',	0,	'photo-20190627-4a66a85e1ad037edbc03d47a22f10ebb.jpg'),
(197,	57,	'GREY',	'2019-05-12 18:30:26',	0,	'photo-20190627-9f51ee550d9634fcc6abfc097ae002f0.jpg'),
(198,	58,	'BONE',	'2019-05-12 18:30:26',	0,	'photo-20190627-05d84529f4a09af0cae88aefc2fc2d69.jpg'),
(199,	58,	'BROWN',	'2019-05-12 18:30:26',	0,	'photo-20190627-30df934aed89ff804c1ba2c70086bfa5.jpg'),
(200,	58,	'GREY',	'2019-05-12 18:30:26',	0,	'photo-20190627-567541b3e8db98224cbfb5090855e7be.jpg'),
(201,	59,	'BONE',	'2019-05-12 18:30:26',	0,	'photo-20190627-734b561f9abe6860cdf5863f82461413.jpg'),
(202,	59,	'BROWN',	'2019-05-12 18:30:26',	0,	'photo-20190627-7ce00068c20c437cdcf104fdea9912f9.jpg'),
(203,	59,	'GREY',	'2019-05-12 18:30:26',	0,	'photo-20190627-7c581c7308c91ad9529cae5f9c15292c.jpg'),
(204,	59,	'BONE DECOR',	'2019-05-12 18:30:26',	0,	'photo-20190627-d61dbd2c9def85cd92f0f708e49f876a.jpg'),
(205,	59,	'BROWN DECOR',	'2019-05-12 18:30:26',	0,	'photo-20190627-e8635a9e8129eed7b65aa5477a7d1b19.jpg'),
(206,	59,	'GREY DECOR',	'2019-05-12 18:30:26',	0,	'photo-20190627-e1938df08757014a5f4beea9b4565033.jpg'),
(207,	60,	'BROWN',	'2019-05-12 18:30:26',	0,	'photo-20190627-bd5838d26e8498a0a8bb1d826f1ddfde.jpg'),
(208,	60,	'GREY',	'2019-05-12 18:30:26',	0,	'photo-20190627-28387cd6d8f1ef2c82dd595ab8ad5086.jpg'),
(209,	61,	'BROWN',	'2019-05-12 18:30:26',	0,	'photo-20190627-656e791e573fcfd43cbb8b14fae367a6.jpg'),
(210,	61,	'GREY',	'2019-05-12 18:30:26',	0,	'photo-20190627-118243f9cceb93a0835eb8b23b832daa.jpg'),
(211,	61,	'DARK BROWN',	'2019-05-12 18:30:26',	0,	'photo-20190627-d2bee074783cbd7e7fe41ff46395a1be.jpg'),
(212,	61,	'DARK GREY',	'2019-05-12 18:30:26',	0,	'photo-20190627-b0e3bd5ea32be4102f090730039476c0.jpg'),
(213,	62,	'BROWN',	'2019-05-12 18:30:26',	0,	'photo-20190627-519d8053f34ca888ce2cc8d0cea92090.jpg'),
(214,	62,	'GREY',	'2019-05-12 18:30:26',	0,	'photo-20190627-ec39839bbeb57c16b686492b326b0200.jpg'),
(215,	62,	'WHITE',	'2019-05-12 18:30:26',	0,	'photo-20190627-fa6445b2ed49e630ad757b417cfbe70f.jpg'),
(216,	63,	'BROWN',	'2019-05-12 18:30:26',	0,	'photo-20190627-a0ef48204d40100c87f41acc5d1eaaa8.jpg'),
(217,	63,	'GREY',	'2019-05-12 18:30:26',	0,	'photo-20190627-ee12658e5c1f0af716d28cd810861f7b.jpg'),
(218,	64,	'BROWN',	'2019-05-12 18:30:26',	0,	'photo-20190627-4190f72d10ca2e97049cd30900aef9d0.jpg'),
(219,	64,	'GREY',	'2019-05-12 18:30:26',	0,	'photo-20190627-a529467e2db5c5b4c870d288c9403c4c.jpg'),
(220,	65,	'BROWN',	'2019-05-12 18:30:26',	0,	'photo-20190627-2d02c525b68a2164200c7e36630f1cf5.jpg'),
(221,	65,	'GREY',	'2019-05-12 18:30:26',	0,	'photo-20190627-2cf9f4063df30d15aa351b2421c309f9.jpg'),
(222,	66,	'BROWN',	'2019-05-12 18:30:26',	0,	'photo-20190627-ad95194b4cbd9d14de192231d5a2c54f.jpg'),
(223,	66,	'GREY',	'2019-05-12 18:30:26',	0,	'photo-20190627-e40f0cf3d0968447d3a206378afd7f0f.jpg'),
(224,	67,	'BASIC',	'2019-05-12 18:30:26',	0,	'photo-20190627-b0f43a1823dbc334659e87397e408154.jpg'),
(225,	67,	'BLACK DECOR',	'2019-05-12 18:30:26',	0,	'photo-20190627-f3acb0b6e139045e5e9d95642fc6f1ba.jpg'),
(226,	68,	'BASIC',	'2019-05-12 18:30:26',	0,	'photo-20190627-b029d36e868e534c979afea1bcda8c05.jpg'),
(227,	68,	'BLUE DECOR',	'2019-05-12 18:30:26',	0,	'photo-20190627-7e8a6f05a111babc682085743e859d26.jpg'),
(228,	69,	'BLACK',	'2019-05-12 18:30:26',	0,	'photo-20190627-5a18e0888b5dcae34c3e85430d94a37b.jpg'),
(229,	69,	'BEIGE',	'2019-05-12 18:30:26',	0,	'photo-20190627-03bb70cb9f6fcefea886746c0d5651b9.jpg'),
(230,	69,	'GREY',	'2019-05-12 18:30:26',	0,	'photo-20190627-beb85595e89d6d8ae4252cd8aa7e073e.jpg'),
(231,	70,	'BROWN',	'2019-05-12 18:30:26',	0,	'photo-20190627-8c94eb9ea69c0dcb39efee06424d18f2.jpg'),
(232,	70,	'GREY',	'2019-05-12 18:30:26',	0,	'photo-20190627-8a65b2206985faa779042330e507f2ed.jpg'),
(233,	70,	'CREAM',	'2019-05-12 18:30:26',	0,	'photo-20190627-16691a9be04d3475e14d3ea01ff8f787.jpg'),
(234,	71,	'WHITE',	'2019-05-12 18:30:26',	0,	'photo-20190627-669026bde04ee20fb43e4e3057e5f749.jpg'),
(236,	73,	'WHITE',	'2019-05-12 18:30:26',	0,	'photo-20190627-90ea9563c002a928b06ceca1ffe0e461.jpg'),
(237,	74,	'WHITE',	'2019-05-12 18:30:26',	0,	'photo-20190627-31e68a0d03ab68e09373a5d5e5eefce5.jpg'),
(238,	74,	'MATT WHITE',	'2019-05-12 18:30:26',	0,	'photo-20190621-e5e5eaff4978d3adcc288fc67aded0f6.jpg'),
(239,	74,	'BLACK EMBOSSED',	'2019-05-12 18:30:26',	0,	'photo-20190621-70593f9b0d1736ff79b17f255c53387d.jpg'),
(241,	76,	'WHITE',	'2019-05-12 18:30:26',	0,	'photo-20190627-2a0614bf3437f98202d527d88f04cfbd.jpg'),
(242,	77,	'WHITE',	'2019-05-12 18:30:26',	0,	'photo-20190627-8417c3c105436f0c66947320b9fd24b8.jpg'),
(244,	79,	'CREAM',	'2019-05-12 18:30:26',	0,	'photo-20190627-45bc6a89a72e5df6ec4c6fe6c83b5a47.jpg'),
(245,	79,	'GREY',	'2019-05-12 18:30:26',	0,	'photo-20190627-a8513114ca0cd80f8af9b6a0f9c9b178.jpg'),
(246,	80,	'BLACK',	'2019-05-12 18:30:26',	0,	'photo-20190627-b1c35bfcf10a042585969ac6b5ea51f3.jpg'),
(247,	80,	'BROWN',	'2019-05-12 18:30:26',	0,	'photo-20190627-02157a1ea823785a5880c8f071bb59c1.jpg'),
(248,	80,	'GREY',	'2019-05-12 18:30:26',	0,	'photo-20190627-a11d14238b0c5c0ad6dd7502e9a0130c.jpg'),
(249,	81,	'BROWN',	'2019-05-12 18:30:26',	0,	'photo-20190627-9e8098f962469b2c6db60881ba351647.jpg'),
(250,	81,	'GREY',	'2019-05-12 18:30:26',	0,	'photo-20190627-2559cfd44f213d6bc8e85bc3aacabda5.jpg'),
(251,	82,	'BROWN',	'2019-05-12 18:30:26',	0,	'photo-20190627-11ad455875bc20dd0b093414139b0b52.jpg'),
(252,	82,	'GREY',	'2019-05-12 18:30:26',	0,	'photo-20190627-62afc118646f7fdaf4113e67545803a7.jpg'),
(255,	84,	'BROWN',	'2019-05-12 18:30:26',	0,	'photo-20190627-25724c5d35e4991dac18c08e07550cd9.jpg'),
(256,	84,	'GREY',	'2019-05-12 18:30:26',	0,	'photo-20190627-978d159309ff9b416c4c0936709d82ad.jpg'),
(257,	85,	'BROWN',	'2019-05-12 18:30:26',	0,	'photo-20190627-7fd5f4d17f1264acbe0168f1547c3a09.jpg'),
(258,	85,	'GREY',	'2019-05-12 18:30:26',	0,	'photo-20190627-4a14d3f4b62ae0858af43afa9f63ad2c.jpg'),
(259,	86,	'BROWN',	'2019-05-12 18:30:26',	0,	'photo-20190627-7acb1fae67bf14b08038216c106e1ed5.jpg'),
(260,	86,	'GREY',	'2019-05-12 18:30:26',	0,	'photo-20190627-9ec0e5375e883e9d6ba16de3d134e014.jpg'),
(261,	87,	'CREAM',	'2019-05-12 18:30:26',	0,	'photo-20190627-8bd0fb213e691f6494c99469fbf7b607.jpg'),
(262,	87,	'GREY',	'2019-05-12 18:30:26',	0,	'photo-20190627-d8f9e8bfaeff075dd313e01b5ce480ae.jpg'),
(263,	88,	'CREAM',	'2019-05-12 18:30:26',	0,	'photo-20190627-5f1646652b0cf74dc2a7ca76431c10c6.jpg'),
(264,	88,	'GREY',	'2019-05-12 18:30:26',	0,	'photo-20190627-d1ad3e2a40f2c0b54f34899d7c18f02b.jpg'),
(267,	90,	'CREAM',	'2019-05-12 18:30:26',	0,	'photo-20190627-3117b977e81abcb3ea4fef7607a96a01.jpg'),
(268,	90,	'GREY',	'2019-05-12 18:30:26',	0,	'photo-20190627-41a9e2769db8fa9e2caa3943e1177c7c.jpg'),
(269,	91,	'CREAM',	'2019-05-12 18:30:26',	0,	'photo-20190627-b3813473061d443d40797fc8d1f8bb05.jpg'),
(270,	91,	'GREY',	'2019-05-12 18:30:26',	0,	'photo-20190627-4587bc5dc1887107dae812b91cf00f84.jpg'),
(273,	93,	'BROWN',	'2019-05-12 18:30:26',	0,	'photo-20190628-76f4fee4958cae56afdaba47e6e1cc2b.jpg'),
(274,	93,	'GREY',	'2019-05-12 18:30:26',	0,	'photo-20190628-4c248b77506dd8899a687afc06cdca3a.jpg'),
(275,	94,	'BROWN',	'2019-05-12 18:30:26',	0,	'photo-20190628-a9f990e2f32dd83caf73b49370c97167.jpg'),
(276,	94,	'GREY',	'2019-05-12 18:30:26',	0,	'photo-20190628-0385cdbd3ab0998c2c55534139007629.jpg'),
(277,	95,	'CREAM',	'2019-05-12 18:30:26',	0,	'photo-20190628-608c81aea69503709774a628a96acf17.jpg'),
(278,	95,	'GREY',	'2019-05-12 18:30:26',	0,	'photo-20190628-d488b1016acfc7d995c220d837579c9a.jpg'),
(281,	97,	'CREAM',	'2019-05-12 18:30:26',	0,	'photo-20190628-f0c69a058d934dd5c3bc84b2b80ef61c.jpg'),
(282,	97,	'GREY',	'2019-05-12 18:30:26',	0,	'photo-20190628-892e11e0ccbc536a7364fcd9d97c76ae.jpg'),
(283,	98,	'CREAM',	'2019-05-12 18:30:26',	0,	'photo-20190628-be64238f5c60429092171e29fa256b0a.jpg'),
(284,	98,	'GREY',	'2019-05-12 18:30:26',	0,	'photo-20190628-a62fbff9cacffb0c6c7c6ff47a6c8188.jpg'),
(285,	99,	'CREAM',	'2019-05-12 18:30:26',	0,	'photo-20190625-9fc4a0140b8484fc3d254c1e5d930838.jpg'),
(286,	99,	'GREY',	'2019-05-12 18:30:26',	0,	'photo-20190625-4a7619d6b83ebb735b0d437391819055.jpg'),
(287,	100,	'CREAM',	'2019-05-12 18:30:26',	0,	'photo-20190628-b92483962e7ae3f82501209c87f4bbd4.jpg'),
(288,	100,	'GREY',	'2019-05-12 18:30:26',	0,	'photo-20190628-16d8d261017d341dd27c389fa98071ba.jpg'),
(289,	101,	'CREAM',	'2019-05-12 18:30:26',	0,	'photo-20190628-bd427468e7fb98b780baa10beed4097d.jpg'),
(290,	101,	'GREY',	'2019-05-12 18:30:26',	0,	'photo-20190628-a05f49b572197dea95266b28c9abb78d.jpg'),
(291,	102,	'BROWN',	'2019-05-12 18:30:26',	0,	'photo-20190628-25be9671b87556d8782500ad577c0de8.jpg'),
(292,	103,	'GREY',	'2019-05-12 18:30:26',	0,	'photo-20190628-3a7f015799020bd73b9650680a960e68.jpg'),
(293,	103,	'CREAM',	'2019-05-12 18:30:26',	0,	'photo-20190628-72a6efac995cb98e62b5f9803a86d761.jpg'),
(294,	104,	'GREY',	'2019-05-12 18:30:26',	0,	'photo-20190628-f5fff766ecfc695253d2ccbce7797d73.jpg'),
(295,	104,	'CREAM',	'2019-05-12 18:30:26',	0,	'photo-20190628-1bc6dce7ec061239aa57cc3585814c1e.jpg'),
(296,	105,	'GREY',	'2019-05-12 18:30:26',	0,	'photo-20190628-3b99148f004a95d6f4c09ea9179fc52a.jpg'),
(297,	105,	'BROWN',	'2019-05-12 18:30:26',	0,	'photo-20190628-aeac8811ad9163f3d8586ee785fdb058.jpg'),
(298,	106,	'GREY',	'2019-05-12 18:30:26',	0,	'photo-20190628-b3ccda5f70e0f960b2c1cd3b7ebe9b3e.jpg'),
(299,	106,	'BROWN',	'2019-05-12 18:30:26',	0,	'photo-20190628-473cb36e5da4aaea9123663f58c8dfe6.jpg'),
(300,	107,	'BROWN',	'2019-05-12 18:30:26',	0,	''),
(301,	107,	'GREY',	'2019-05-12 18:30:26',	0,	''),
(302,	108,	'GREY',	'2019-05-12 18:30:26',	0,	''),
(304,	110,	'BROWN',	'2019-05-12 18:30:26',	0,	'photo-20190628-72b39b1a5e563130762f59612b4f884e.jpg'),
(305,	110,	'GREY',	'2019-05-12 18:30:26',	0,	'photo-20190628-8689414f958701ae4e9bf27dd68b72e1.jpg'),
(308,	112,	'BROWN',	'2019-05-12 18:30:26',	0,	'photo-20190628-82d7f40ac2045ccad0f1b01a102706ab.jpg'),
(309,	112,	'GREY',	'2019-05-12 18:30:26',	0,	'photo-20190628-e0f0edb3d335c13912c78b88fe968c83.jpg'),
(312,	114,	'BROWN',	'2019-05-12 18:30:26',	0,	'photo-20190628-7192544c4e069fa99ee042838310e766.jpg'),
(313,	114,	'GREY',	'2019-05-12 18:30:26',	0,	'photo-20190628-7f04659c63abc100c07dfdbf0d5a847f.jpg'),
(316,	116,	'CREAM',	'2019-05-12 18:30:26',	0,	'photo-20190628-5e4d670bbd2e5116bded7c056967ed0d.jpg'),
(317,	116,	'GREY',	'2019-05-12 18:30:26',	0,	'photo-20190628-78a51ee85d508a7a3b5458df60d88829.jpg'),
(320,	118,	'BROWN',	'2019-05-12 18:30:26',	0,	'photo-20190628-64abb7c00c4ce8d9441e2d68e8589c02.jpg'),
(321,	118,	'GREY',	'2019-05-12 18:30:26',	0,	'photo-20190628-ee0a7d2b499898b792e70f21c2550fcf.jpg'),
(324,	120,	'CREAM',	'2019-05-12 18:30:26',	0,	'photo-20190628-97daa94d2b541898e255bb5d7ac1d0a8.jpg'),
(325,	120,	'GREY',	'2019-05-12 18:30:26',	0,	'photo-20190628-42eb9f450a4347b7edf6176c51ac2387.jpg'),
(328,	122,	'BROWN',	'2019-05-12 18:30:26',	0,	'photo-20190628-f9d6ed27eada8ed1882ee0f3b290549b.jpg'),
(329,	122,	'GREY',	'2019-05-12 18:30:26',	0,	'photo-20190628-3246c83da71d5778b3a96efe919ecc39.jpg'),
(332,	124,	'CREAM',	'2019-05-12 18:30:26',	0,	'photo-20190628-fc7a4706f45a256f7651f7ba0989d5f8.jpg'),
(333,	124,	'GREY',	'2019-05-12 18:30:26',	0,	'photo-20190628-58eebdaec98046babc6119230988a22e.jpg'),
(336,	126,	'BROWN',	'2019-05-12 18:30:26',	0,	'photo-20190628-3d94264ba4233f53873454ca27f13d15.jpg'),
(337,	126,	'GREY',	'2019-05-12 18:30:26',	0,	'photo-20190628-d72ae55b20e1dfe37d37bad603579d03.jpg'),
(340,	128,	'BROWN',	'2019-05-12 18:30:26',	0,	'photo-20190628-6bf20e0f1531920f975717402338ea6f.jpg'),
(341,	128,	'GREY',	'2019-05-12 18:30:26',	0,	'photo-20190628-b406339a1cc68c9cc153e37fd4a714bb.jpg'),
(344,	130,	'CREAM',	'2019-05-12 18:30:26',	0,	'photo-20190628-5e2b59deba331757cc55258e021184ab.jpg'),
(345,	130,	'GREY',	'2019-05-12 18:30:26',	0,	'photo-20190628-162595baedee2507637dbaa13c73a21b.jpg'),
(348,	132,	'CREAM',	'2019-05-12 18:30:26',	0,	'photo-20190628-6bda03e0bff97c53ded30e64e7066c6a.jpg'),
(349,	132,	'GREY',	'2019-05-12 18:30:26',	0,	'photo-20190628-ab05292d914fb81d68c7154d5e94c1e9.jpg'),
(352,	134,	'BROWN',	'2019-05-12 18:30:26',	0,	'NYLON_BROWN.jpg'),
(353,	134,	'GREY',	'2019-05-12 18:30:26',	0,	'NYLON_GREY.jpg'),
(356,	136,	'CREAM',	'2019-05-12 18:30:26',	0,	'photo-20190628-b6cacf4fd76f3348faef0ab4d6f2a71b.jpg'),
(357,	136,	'GREY',	'2019-05-12 18:30:26',	0,	'photo-20190628-b28008aeca3192e674eb9d5ccffb9b9b.jpg'),
(358,	136,	'DARK GREY',	'2019-05-12 18:30:26',	0,	'photo-20190628-225035771fc23d93e49b247974b45e36.jpg'),
(362,	138,	'BASIC',	'2019-05-12 18:30:26',	0,	'photo-20190625-391697e2b80da78c8333fc5ee47ac0e0.jpg'),
(363,	138,	'CREAM',	'2019-05-12 18:30:26',	0,	'photo-20190625-ee001a95971741e1b3f64040ba8d2572.jpg'),
(364,	138,	'CREAM DECOR',	'2019-05-12 18:30:26',	0,	'photo-20190625-2d3a354976cebef565b11fc70825a673.jpg'),
(365,	138,	'GREY',	'2019-05-12 18:30:26',	0,	'photo-20190625-64a0b6ab5195c6b4821bed368a23142e.jpg'),
(366,	138,	'GREY DECOR',	'2019-05-12 18:30:26',	0,	'photo-20190625-5356d3edd935b76e0224e1c91302e6ea.jpg'),
(367,	139,	'DARK BROWN',	'2019-05-12 18:30:26',	0,	'photo-20190628-f2c7eddb2634a6bc92dd3e5d40040274.jpg'),
(369,	141,	'DARK BROWN',	'2019-05-12 18:30:26',	0,	'photo-20190628-11c33244c97e3c8b6dd1aa25f51f06d8.jpg'),
(370,	141,	'DARK GREY',	'2019-05-12 18:30:26',	0,	'photo-20190628-ae0dc943ac6b5bdff0f27f1d2652f572.jpg'),
(373,	143,	'BEIGE',	'2019-05-12 18:30:26',	0,	'photo-20190628-9284c6a0624799674c40bf0f7c2f336b.jpg'),
(374,	143,	'BROWN',	'2019-05-12 18:30:26',	0,	'photo-20190628-5f2f2deb583e4cb9cd11a0683398743e.jpg'),
(375,	143,	'LATTE',	'2019-05-12 18:30:26',	0,	'photo-20190628-1b1df73d0ffb5ac7d6d46379b0e6ba00.jpg'),
(379,	145,	'BASIC',	'2019-05-12 18:30:26',	0,	'photo-20190628-e43fe45cb230c716d9936e5f1a77bde4.jpg'),
(380,	145,	'BROWN DECOR EMBOSSED',	'2019-05-12 18:30:26',	0,	'photo-20190628-c98804d8c74e7af92fd0a8f8fe0af9f7.jpg'),
(381,	145,	'BROWN EMBOSSED',	'2019-05-12 18:30:26',	0,	'photo-20190628-0d08be79a02a0f242ea8cb6c170a6836.jpg'),
(382,	145,	'GREY DECOR EMBOSSED',	'2019-05-12 18:30:26',	0,	'photo-20190628-d1f0e6f44f467ef2b60c950e341f9379.jpg'),
(383,	145,	'GREY EMBOSSED',	'2019-05-12 18:30:26',	0,	'photo-20190628-3431771e5f5bed2870258f42560aea0e.jpg'),
(386,	147,	'BASIC',	'2019-05-12 18:30:26',	0,	'photo-20190628-8a1c2e04d68c0da27a6149d765094a10.jpg'),
(387,	147,	'DARK BLUE',	'2019-05-12 18:30:26',	0,	'photo-20190628-0bdcea87fbb9a89fd14f9c200e4868b8.jpg'),
(388,	147,	'DARK GREY',	'2019-05-12 18:30:26',	0,	'photo-20190628-42150b6d00459f9c16dbc2f844cd46c5.jpg'),
(389,	147,	'BLUE DECOR EMBOSSED',	'2019-05-12 18:30:26',	0,	'photo-20190628-8911e3b844ad8180c8bbc74d808d1196.jpg'),
(390,	147,	'GREY DECOR EMBOSSED',	'2019-05-12 18:30:26',	0,	'photo-20190628-4759a00feae88d8e5ad08c21107db16a.jpg'),
(393,	149,	'BROWN',	'2019-05-12 18:30:26',	0,	'photo-20190628-dd8224b3cd96a369c170a19ec2b904eb.jpg'),
(394,	149,	'BROWN DECOR EMBOSSED',	'2019-05-12 18:30:26',	0,	'photo-20190628-64ee6d98a95258aedc51c4c92082a4cb.jpg'),
(395,	149,	'GREY',	'2019-05-12 18:30:26',	0,	'photo-20190628-5bd67a457c356b1b09843148a5d42bac.jpg'),
(396,	149,	'GREY DECOR EMBOSSED',	'2019-05-12 18:30:26',	0,	'photo-20190628-3b25a6e8b0c22acba5b9ed3e9faf32a4.jpg'),
(397,	149,	'BROWN BASIC',	'2019-05-12 18:30:26',	0,	'photo-20190628-7c3b1c28dd820f52133838a2ef2b8905.jpg'),
(398,	149,	'GREY BASIC',	'2019-05-12 18:30:26',	0,	'photo-20190628-843c8909c500d7a077102ee332e26b43.jpg'),
(401,	151,	'BASIC/WHITE',	'2019-05-12 18:30:26',	0,	'photo-20190628-46f2f94f42ee54f055df11e03a83fc4a.jpg'),
(402,	151,	'BLUE',	'2019-05-12 18:30:26',	0,	'photo-20190628-5790274e402e7b6d4868e1fd5840bbb9.jpg'),
(403,	151,	'BROWN',	'2019-05-12 18:30:26',	0,	'photo-20190628-70a3e6cd08722cf53202068c68cf799a.jpg'),
(404,	151,	'GREEN',	'2019-05-12 18:30:26',	0,	''),
(405,	151,	'GREY',	'2019-05-12 18:30:26',	0,	'photo-20190628-5dce74c9d54de6236848d7d28ade4b0a.jpg'),
(406,	152,	'BROWN EMBOSSED',	'2019-05-12 18:30:26',	0,	'photo-20190628-4d642c67bb4aa1132cd51886fa46e2dc.jpg'),
(407,	152,	'GREY EMBOSSED',	'2019-05-12 18:30:26',	0,	'photo-20190628-ac3078e3b5d23b9f1460d1e3baef073f.jpg'),
(408,	152,	'BROWN BASIC',	'2019-05-12 18:30:26',	0,	'photo-20190628-ffd7b2d12c8c2722d58de2ff715f8759.jpg'),
(409,	152,	'GREY BASIC',	'2019-05-12 18:30:26',	0,	'photo-20190628-535a369ee119ae15699cf5be9d86e749.jpg'),
(410,	153,	'GREY BASIC',	'2019-05-12 18:30:26',	0,	'photo-20190628-03623bc23e68322f7107e820d9155c4e.jpg'),
(411,	153,	'GREY EMBOSSED',	'2019-05-12 18:30:26',	0,	'photo-20190628-54a8c511778b9bfef6c563a479bdab05.jpg'),
(412,	153,	'GREY PANEL',	'2019-05-12 18:30:26',	0,	'photo-20190628-aa0435ba2432a4a53bf3ba02024a640d.jpg'),
(413,	153,	'BONZA MATT WHITE',	'2019-05-12 18:30:26',	0,	''),
(414,	154,	'GREY EMBOSSED',	'2019-05-12 18:30:26',	0,	'photo-20190628-1c84bcf75e745c84c253bae0d58b07c0.jpg'),
(415,	154,	'GREY BASIC',	'2019-05-12 18:30:26',	0,	'photo-20190628-af175fa5108cbf73304019f2dbed5a5d.jpg'),
(416,	154,	'GREY PANEL',	'2019-05-12 18:30:26',	0,	'photo-20190628-bfa5a8217348718ca838061453c57d0d.jpg'),
(419,	157,	'CREAM',	'2019-05-12 18:30:26',	0,	'photo-20190628-ebae46340586418b4d1b1be27580c854.jpg'),
(420,	157,	'CREAM BASIC',	'2019-05-12 18:30:26',	0,	'photo-20190628-6ed7f22fb93ad84f22af2e866ce077f2.jpg'),
(421,	157,	'CREAM DECOR EMBOSSED',	'2019-05-12 18:30:26',	0,	'photo-20190628-581fd429bdf12f353c6bab2b755dfc14.jpg'),
(422,	158,	'CREAM',	'2019-05-12 18:30:26',	0,	'photo-20190628-95f28031f662b3e4d4636211b39460f5.jpg'),
(423,	158,	'CREAM BASIC',	'2019-05-12 18:30:26',	0,	'photo-20190628-6fcd414099f506b026faba909b14617b.jpg'),
(424,	158,	'CREAM DECOR EMBOSSED',	'2019-05-12 18:30:26',	0,	'photo-20190628-e3e2b197c5abb9ce03717259926f24d0.jpg'),
(427,	161,	'BASIC',	'2019-05-12 18:30:26',	0,	'photo-20190628-6380843a481426f1c1e0b066f0351921.jpg'),
(428,	161,	'BLUE',	'2019-05-12 18:30:26',	0,	'photo-20190628-e9bfec765399fae953ead06b22e9f451.jpg'),
(429,	161,	'BROWN',	'2019-05-12 18:30:26',	0,	'photo-20190628-3c00be61ed64b852aca977a31b75d03b.jpg'),
(430,	161,	'GREY',	'2019-05-12 18:30:26',	0,	'photo-20190628-e817925926ebb3224edfd8d69af5584a.jpg'),
(434,	163,	'BASIC',	'2019-05-12 18:30:26',	0,	'photo-20190628-5e57aec1a15cbc07e4bb0f9c0b6a6072.jpg'),
(435,	163,	'BROWN EMBOSSED',	'2019-05-12 18:30:26',	0,	'photo-20190628-5649731a5b3c0ec5755ae16ee4fd4789.jpg'),
(436,	163,	'GREY EMBOSSED',	'2019-05-12 18:30:26',	0,	'photo-20190628-08d0b705ca0e2ed7b25530b3233e953d.jpg'),
(439,	165,	'BLUE',	'2019-05-12 18:30:26',	0,	'photo-20190628-98fceecc7abc61b559c142e0f9619639.jpg'),
(440,	165,	'BLUE DECOR',	'2019-05-12 18:30:26',	0,	'photo-20190628-805a17fb7f4454cb36573cd6b0533e84.jpg'),
(441,	165,	'GREEN',	'2019-05-12 18:30:26',	0,	'photo-20190628-da4a4161be2f9aa4a7ee38ba330bd7cf.jpg'),
(442,	165,	'GREEN DECOR',	'2019-05-12 18:30:26',	0,	'photo-20190628-fc4888898e0765cc9904e8e7a61d3e9f.jpg'),
(443,	165,	'ORANGE',	'2019-05-12 18:30:26',	0,	'photo-20190628-5ae5cd0c4b47300099581c78a347393a.jpg'),
(444,	165,	'ORANGE DECOR',	'2019-05-12 18:30:26',	0,	'photo-20190628-4c11970c59bab2b0b97b57619fade1d6.jpg'),
(445,	165,	'PURPLE',	'2019-05-12 18:30:26',	0,	'photo-20190628-2887e5863bebb58bc249ad10102a0663.jpg'),
(446,	165,	'PURPLE DECOR',	'2019-05-12 18:30:26',	0,	'photo-20190628-243b4a98cfc68c1454d4880275ecaa00.jpg'),
(451,	167,	'BROWN BASIC',	'2019-05-12 18:30:26',	0,	'photo-20190628-6150b062a302fe0c53d8886989fcd1f0.jpg'),
(452,	167,	'GREY BASIC',	'2019-05-12 18:30:26',	0,	'photo-20190628-c35e380a6f53b6a0102da99c74abefa5.jpg'),
(453,	167,	'BROWN EMBOSSED',	'2019-05-12 18:30:26',	0,	'photo-20190628-6c9b744cae0cb20923d7c4462f0de48a.jpg'),
(454,	167,	'GREY EMBOSSED',	'2019-05-12 18:30:26',	0,	'photo-20190628-2d2574423f630a4f62b8cac389ff7341.jpg'),
(455,	168,	'BROWN BASIC',	'2019-05-12 18:30:26',	0,	'photo-20190628-b1520f7300d5d196cf1cfb7644bc0bac.jpg'),
(456,	168,	'GREY BASIC',	'2019-05-12 18:30:26',	0,	'photo-20190628-b3fe83f028ef65c9229d8b2023faf573.jpg'),
(457,	168,	'BROWN EMBOSSED',	'2019-05-12 18:30:26',	0,	'photo-20190628-4e8be88ef04de371c6a54057cb044110.jpg'),
(458,	168,	'GREY EMBOSSED',	'2019-05-12 18:30:26',	0,	'photo-20190628-91cc64e95a01cb14d329443db71ce6bf.jpg'),
(459,	169,	'BASIC',	'2019-05-12 18:30:26',	0,	'photo-20190628-63afb74f39772efece349b25dcfe45dd.jpg'),
(460,	169,	'BROWN EMBOSSED',	'2019-05-12 18:30:26',	0,	'photo-20190628-72276ba8654af0e4e525732a72171311.jpg'),
(461,	169,	'GREY EMBOSSED',	'2019-05-12 18:30:26',	0,	'photo-20190628-94683add963179099b5ffc59bd89709d.jpg'),
(462,	169,	'DARK GREY',	'2019-05-12 18:30:26',	0,	'photo-20190628-794ba80f2a8091de25ae3eff1c476bde.jpg'),
(463,	170,	'BASIC',	'2019-05-12 18:30:26',	0,	'photo-20190628-29613adaabdcc7515456ca0b2aa6fde3.jpg'),
(464,	170,	'DARK BLUE',	'2019-05-12 18:30:26',	0,	'photo-20190628-ad5e8226572f27fbe1d468deddffc8b5.jpg'),
(465,	170,	'DARK BROWN',	'2019-05-12 18:30:26',	0,	'photo-20190628-816ddc766c73f4e1e21bd0551bea1129.jpg'),
(466,	170,	'DARK GREEN',	'2019-05-12 18:30:26',	0,	'photo-20190628-e6b47d57a2e0a1ab14fc75bad002dd60.jpg'),
(470,	172,	'BASIC EMBOSSED',	'2019-05-12 18:30:26',	0,	'photo-20190628-66174bbca1fbc902fff8b0671d29035d.jpg'),
(471,	172,	'BLUE DECOR',	'2019-05-12 18:30:26',	0,	'photo-20190628-f4f53ac8622da37bdba2f904bca98248.jpg'),
(472,	172,	'BLUE EMBOSSED',	'2019-05-12 18:30:26',	0,	'photo-20190628-9afb82819234bd521203d5ee5790e5ab.jpg'),
(473,	172,	'PURPLE DECOR',	'2019-05-12 18:30:26',	0,	'photo-20190628-db7df7ed3ea464b27c533bff74bf6a21.jpg'),
(474,	172,	'PURPLE EMBOSSED',	'2019-05-12 18:30:26',	0,	'photo-20190628-4540c279482f2860e3e75bce6505d92b.jpg'),
(477,	174,	'BASIC',	'2019-05-12 18:30:26',	0,	'photo-20190628-2b73a27cc14469f7eebe8d42d5473882.jpg'),
(478,	174,	'DARK GREEN EMBOSSED',	'2019-05-12 18:30:26',	0,	'photo-20190628-24e5e1b1b4dd481abbe66b915f0daecf.jpg'),
(479,	174,	'DARK BLUE EMBOSSED',	'2019-05-12 18:30:26',	0,	'photo-20190628-566d178c82a0077015f3b0b9e95f20ae.jpg'),
(480,	174,	'DECOR',	'2019-05-12 18:30:26',	0,	'photo-20190628-303602813afabf999441b6c14c88571e.jpg'),
(483,	176,	'BROWN BASIC',	'2019-05-12 18:30:26',	0,	'photo-20190628-c9657df3372650b816e6f93b15b8a073.jpg'),
(484,	176,	'BROWN DÉCOR',	'2019-05-12 18:30:26',	0,	'photo-20190628-859def1d22d218cc7b24d78885cc60a1.jpg'),
(485,	176,	'DARK BROWN',	'2019-05-12 18:30:26',	0,	'photo-20190628-9aec289f87e74090df61508a5cb25071.jpg'),
(486,	176,	'GREY BASIC',	'2019-05-12 18:30:26',	0,	'photo-20190628-be828bd0a5dfa6b10e098e5b273ec01d.jpg'),
(487,	176,	'GREY DECOR',	'2019-05-12 18:30:26',	0,	'photo-20190628-184bae5f493582ce6a5745afabaecbd7.jpg'),
(488,	176,	'DARK GREY',	'2019-05-12 18:30:26',	0,	'photo-20190628-fe29e35530f14160911aafaa1c8205b5.jpg'),
(491,	178,	'BASIC',	'2019-05-12 18:30:26',	0,	'photo-20190628-beb446aa1f434b9f449544beefa6ecfb.jpg'),
(492,	178,	'DARK GREY EMBOSSED',	'2019-05-12 18:30:26',	0,	'photo-20190628-9ce1b6126d926f1bb34d17e3a05f4ca2.jpg'),
(493,	178,	'DARK PURPLE EMBOSSED',	'2019-05-12 18:30:26',	0,	'photo-20190628-41371346a0fcc082c28514afafdbc4ab.jpg'),
(494,	178,	'GREY DECOR',	'2019-05-12 18:30:26',	0,	'photo-20190628-349bec6e94eb3d3fe3bac674fc1aa073.jpg'),
(495,	178,	'PURPLE DECOR',	'2019-05-12 18:30:26',	0,	'photo-20190628-17fdde2651c9d4e83af7b9c6a12ef5d8.jpg'),
(505,	182,	'CREAM BASIC',	'2019-05-12 18:30:26',	0,	'photo-20190628-27dfbc94541ad834eb85d34b979ea999.jpg'),
(506,	182,	'GREY BASIC',	'2019-05-12 18:30:26',	0,	'photo-20190628-08842d395d61030df7f22965cbd57d32.jpg'),
(507,	182,	'CREAM DECOR',	'2019-05-12 18:30:26',	0,	'photo-20190628-d930c4ccd5c82d0acae6a46593d1626b.jpg'),
(508,	182,	'GREY DECOR',	'2019-05-12 18:30:26',	0,	'photo-20190628-ac7d476431d2b90c3f3b27ed736e1059.jpg'),
(509,	182,	'CREAM EMBOSSED',	'2019-05-12 18:30:26',	0,	'photo-20190628-b1a005d6aaf36aa78d8b79fdf51c8a9a.jpg'),
(510,	182,	'GREY EMBOSSED',	'2019-05-12 18:30:26',	0,	'photo-20190628-74f69ef4488200e8e04d793df90108ad.jpg'),
(513,	184,	'BEIGE',	'2019-05-12 18:30:26',	0,	'photo-20190628-3c1493033d92a6af874ce94e097ec509.jpg'),
(514,	184,	'BEIGE EMBOSSED',	'2019-05-12 18:30:26',	0,	'photo-20190628-2bbb1f7af8755093a5ee845143efbe7a.jpg'),
(515,	184,	'BLACK',	'2019-05-12 18:30:26',	0,	'photo-20190628-00cc12c5925ebf6984c7b36b097bcef3.jpg'),
(516,	184,	'BLACK EMBOSSED',	'2019-05-12 18:30:26',	0,	'photo-20190628-c675aedd48f6b1b079c3b19199d12b7a.jpg'),
(517,	184,	'DARK BROWN',	'2019-05-12 18:30:26',	0,	'photo-20190628-3094c138fd3feaaa0b57098fa872fa8a.jpg'),
(518,	184,	'DARK BROWN EMBOSSED',	'2019-05-12 18:30:26',	0,	'photo-20190628-596d85fd8f52cf060ec527b69c998290.jpg'),
(519,	184,	'GREY',	'2019-05-12 18:30:26',	0,	'photo-20190628-8ca39f8215d4a5a79f00084d6add21da.jpg'),
(520,	184,	'GREY EMBOSSED',	'2019-05-12 18:30:26',	0,	'photo-20190628-d77a3998acd709412f2644f9b82a703e.jpg'),
(521,	185,	'BASIC EMBOSSED',	'2019-05-12 18:30:26',	0,	'photo-20190628-c528dfefcd3c4624764f5b28077925db.jpg'),
(522,	185,	'BROWN DECOR EMBOSSED',	'2019-05-12 18:30:26',	0,	'photo-20190628-721bf311e67e5823006deb6f4b1cebec.jpg'),
(523,	185,	'GREY DECOR EMBOSSED',	'2019-05-12 18:30:26',	0,	'photo-20190628-4d6f1a673fad2ade236b44acaa943ef5.jpg'),
(524,	185,	'BROWN EMBOSSED',	'2019-05-12 18:30:26',	0,	'photo-20190628-5119060fb52d5c682968febe465838e0.jpg'),
(525,	185,	'GREY EMBOSSED',	'2019-05-12 18:30:26',	0,	'photo-20190628-3125d136dfc5ea4ba7bb3e6cd521b4d0.jpg'),
(526,	185,	'MASKING DIXON BASIC',	'2019-05-12 18:30:26',	0,	'photo-20190628-de53bb5e5b59e698ff755ee842b7ecdd.jpg'),
(527,	185,	'MASKING DIXON',	'2019-05-12 18:30:26',	0,	'photo-20190621-0366c82c566aa1b02923e0ddda847f87.jpg'),
(529,	187,	'DARK GREY EMBOSSED',	'2019-05-12 18:30:26',	0,	'photo-20190628-6c679c998514387ee482babddd0d3ed5.jpg'),
(530,	187,	'WHITE EMBOSSED',	'2019-05-12 18:30:26',	0,	'photo-20190628-65b50d28469c8a931d81b1c77a2c9d8d.jpg'),
(531,	187,	'DARK GREY PANEL',	'2019-05-12 18:30:26',	0,	'photo-20190628-0ef78331d3ec319779afc05a427a3a1c.jpg'),
(532,	187,	'DARK GREY DECOR',	'2019-05-12 18:30:26',	0,	'photo-20190628-89221f2c5d4ae084e516aa6fea0a3c76.jpg'),
(533,	187,	'BONZA WHITE',	'2019-05-12 18:30:26',	0,	'photo-20190628-1576bc1e338dd90420138261c3d996f6.jpg'),
(535,	189,	'DARK GREY EMBOSSED',	'2019-05-12 18:30:26',	0,	'photo-20190628-56275688ca8e88207e5c666f8f994dbe.jpg'),
(536,	189,	'DARK YELLOW EMBOSSED',	'2019-05-12 18:30:26',	0,	'photo-20190628-30fc49da14fbf782af65babbb5ba6c7d.jpg'),
(537,	189,	'GREY DECOR REC',	'2019-05-12 18:30:26',	0,	'photo-20190628-a77c52eefeb480377f03fabce20c1415.jpg'),
(538,	189,	'YELLOW DECOR REC',	'2019-05-12 18:30:26',	0,	'photo-20190628-d389551f3428141b6b6ba84ccec8f599.jpg'),
(541,	191,	'BASIC REC',	'2019-05-12 18:30:26',	0,	'photo-20190628-f897f4b7337ce1c9b91628da2616d79e.jpg'),
(542,	191,	'CREAM REC',	'2019-05-12 18:30:26',	0,	'photo-20190628-8643fe3f66577514f7375a2b8a1185e5.jpg'),
(543,	191,	'DECOR REC',	'2019-05-12 18:30:26',	0,	'photo-20190628-a8cc7ad56a7b276e2b5e97443e00d609.jpg'),
(544,	191,	'GREY REC',	'2019-05-12 18:30:26',	0,	'photo-20190628-f702bbcda9e25ab46d19ce30a2abfc39.jpg'),
(553,	195,	'BROWN BASIC',	'2019-05-12 18:30:26',	0,	'photo-20190628-6babab732510c00457695fc6013e6264.jpg'),
(554,	195,	'GREY BASIC',	'2019-05-12 18:30:26',	0,	'photo-20190628-ffba126773689cf3e63d4f1cfc09ea60.jpg'),
(555,	195,	'BROWN DECOR',	'2019-05-12 18:30:26',	0,	'photo-20190628-c688e37d959d8d4b5a0be93483781e8e.jpg'),
(556,	195,	'GREY DECOR',	'2019-05-12 18:30:26',	0,	'photo-20190628-db7c546347f2c90b41d1be6b226361f8.jpg'),
(559,	197,	'DARK BROWN EMBOSSED',	'2019-05-12 18:30:26',	0,	'photo-20190628-af17d3a38be3b0f968b862a5d27f658b.jpg'),
(560,	197,	'DARK GREY EMBOSSED',	'2019-05-12 18:30:26',	0,	'photo-20190628-3292700b8c07343e40f7ec9dfe721ee1.jpg'),
(561,	197,	'BROWN DECOR 3',	'2019-05-12 18:30:26',	0,	'photo-20190628-79cae9fa446bc733050a67811bc8f758.jpg'),
(562,	197,	'GREY DECOR 3',	'2019-05-12 18:30:26',	0,	'photo-20190628-901c2a5f3d5313314dc39bd48c841ef5.jpg'),
(565,	199,	'BROWN PANEL EMBOSSED 1',	'2019-05-12 18:30:26',	0,	'photo-20190628-e4b1748ca0de827b437408768c066574.jpg'),
(566,	199,	'GREY PANEL EMBOSSED 1',	'2019-05-12 18:30:26',	0,	'photo-20190628-42e713f9d1e222e4a2ea2d8b4f5c7d54.jpg'),
(567,	199,	'BROWN BASIC EMBOSSED',	'2019-05-12 18:30:26',	0,	'photo-20190628-01e9f73bf88068e921ce864d11e906b3.jpg'),
(568,	199,	'GREY BASIC EMBOSSED',	'2019-05-12 18:30:26',	0,	'photo-20190628-e3414e6570d8d54deb73d415dbc66402.jpg'),
(569,	199,	'GREY PANEL EMBOSSED 2',	'2019-05-12 18:30:26',	0,	'photo-20190628-c332e6cb691a2d2f06aa4fe18bc009b1.jpg'),
(570,	199,	'BROWN PANEL EMBOSSED 2',	'2019-05-12 18:30:26',	0,	'photo-20190628-ee6e9a1e64f4b6199f02c1ddec45926f.jpg'),
(573,	201,	'CREAM DECOR EMBOSSED',	'2019-05-12 18:30:26',	0,	'photo-20190628-d24d192b10ca2251cb5c8f3ca4b94253.jpg'),
(574,	201,	'CREAM BASIC',	'2019-05-12 18:30:26',	0,	'photo-20190628-449997a0fcbeaf3a6877b98abc4fe670.jpg'),
(575,	201,	'CREAM',	'2019-05-12 18:30:26',	0,	'photo-20190628-b9fa9f0b097684d2dc2861ab64cf8649.jpg'),
(576,	201,	'BONZA MATT WHITE',	'2019-05-12 18:30:26',	0,	''),
(578,	203,	'BONZA WHITE',	'2019-05-12 18:30:26',	0,	'photo-20190628-053b72e0fc7ad5265aa62437c193b4c3.jpg'),
(579,	203,	'BASIC',	'2019-05-12 18:30:26',	0,	'photo-20190628-7ddeeeb93fdd22f8d2146d7b600cb83c.jpg'),
(580,	203,	'DARK BLUE',	'2019-05-12 18:30:26',	0,	'photo-20190628-25275598c8888b0afedb6effd2004b47.jpg'),
(581,	203,	'DARK BROWN',	'2019-05-12 18:30:26',	0,	'photo-20190628-6dd4d2190621c63be70cf82fc5182fe2.jpg'),
(582,	203,	'BLUE DECOR EMBOSSED',	'2019-05-12 18:30:26',	0,	''),
(583,	203,	'BROWN DECOR EMBOSSED',	'2019-05-12 18:30:26',	0,	'photo-20190628-4e960490df1b22f96add9c4aa493a04b.jpg'),
(588,	206,	'GREY EMBOSSED',	'2019-05-12 18:30:26',	0,	'photo-20190628-22fbf8a6bf1596e9b4ad1892f30d9382.jpg'),
(589,	206,	'BROWN EMBOSSED',	'2019-05-12 18:30:26',	0,	'photo-20190628-2f6c3ecde17c0c717b38f2b983244a50.jpg'),
(590,	207,	'GREY EMBOSSED',	'2019-05-12 18:30:26',	0,	'photo-20190628-a2b6d426de1f7ae344979b6d2d3ac2d6.jpg'),
(591,	207,	'BROWN EMBOS ',	'2019-05-12 18:30:26',	0,	'photo-20190628-a7750ce4f9a886f8b910a78a796504e7.jpg'),
(592,	208,	'GREY EMBOSSED',	'2019-05-12 18:30:26',	0,	'photo-20190628-f4b8101a9ed900d562258b76a827fb19.jpg'),
(593,	208,	'BROWN EMBOS ',	'2019-05-12 18:30:26',	0,	'photo-20190628-e25eee176fcaad4545082200766610ba.jpg'),
(594,	187,	'DARK GREY DECOR PANEL',	'2019-06-21 00:00:00',	1,	'photo-20190628-20d76ebf52cdd0227077b083b286aa5d.jpg'),
(597,	195,	'GREY EMBOSSED',	'2019-06-28 00:00:00',	1,	'photo-20190628-5cc79951b1f7251b65a57bad734474e1.jpg'),
(599,	195,	'BROWN EMBOSSED',	'2019-06-28 00:00:00',	1,	'photo-20190628-43227380939950d73d8e507d09896d46.jpg'),
(602,	199,	'BROWN PANEL EMBOSSED 3',	'2019-06-28 00:00:00',	1,	'photo-20190628-0191ba6d79c0836928e49ee656e3b0ed.jpg'),
(603,	199,	'GREY PANEL EMBOSSED 3',	'2019-06-28 00:00:00',	1,	'photo-20190628-5c4cd1cfd29d3f1f735bcd4dee72c5b5.jpg'),
(604,	199,	'GREY EMBOSSED',	'2019-06-28 00:00:00',	1,	'photo-20190628-3a79a0b421a8dbffda6fbb60805acf71.jpg'),
(605,	199,	'BROWN EMBOSSED',	'2019-06-28 00:00:00',	1,	'photo-20190628-fe1b884e390d2487475c64dd9be2c9e5.jpg'),
(606,	208,	'BONE EMBOSSED',	'2019-06-28 00:00:00',	1,	'photo-20190628-de4f51768d9e0d374c836e25840792d7.jpg');

CREATE TABLE `product_color_filter` (
  `id` int(11) NOT NULL AUTO_INCREMENT,
  `brand` varchar(20) NOT NULL,
  `color` varchar(50) NOT NULL,
  PRIMARY KEY (`id`)
) ENGINE=InnoDB DEFAULT CHARSET=latin1;

INSERT INTO `product_color_filter` (`id`, `brand`, `color`) VALUES
(1,	'ASIA TILE',	'BLACK'),
(2,	'ASIA TILE',	'BLUE'),
(3,	'ASIA TILE',	'CREAM'),
(4,	'ASIA TILE',	'BROWN'),
(5,	'ASIA TILE',	'GREEN'),
(6,	'ASIA TILE',	'GREY'),
(7,	'ASIA TILE',	'WHITE'),
(8,	'ASIA TILE',	'RED'),
(9,	'ASIA TILE',	'ORANGE'),
(10,	'ASIA TILE',	'CORSICA'),
(11,	'ASIA TILE',	'MURANO'),
(12,	'ASIA TILE',	'BASIC'),
(13,	'ASIA TILE',	'BONE'),
(14,	'ASIA TILE',	'TAUPE'),
(15,	'PLATINUM',	'BROWN'),
(16,	'PLATINUM',	'GREY'),
(17,	'PLATINUM',	'TERRACOTTA'),
(18,	'PLATINUM',	'BONE'),
(19,	'PLATINUM',	'BEIGE'),
(20,	'PLATINUM',	'WHITE'),
(21,	'PLATINUM',	'BASIC'),
(22,	'PLATINUM',	'BLACK'),
(23,	'PLATINUM',	'BLUE'),
(24,	'PLATINUM',	'CREAM'),
(25,	'PLATINUM',	'LATTE'),
(26,	'PLATINUM',	'GREEN'),
(27,	'PLATINUM',	'YELLOW'),
(28,	'PLATINUM',	'PURPLE'),
(29,	'PLATINUM',	'ORANGE');

CREATE TABLE `product_color_suitable` (
  `id` int(11) NOT NULL AUTO_INCREMENT,
  `product_color_id` int(11) NOT NULL,
  `suitable_id` int(11) NOT NULL,
  PRIMARY KEY (`id`),
  KEY `product_color_id` (`product_color_id`),
  KEY `suitable_id` (`suitable_id`),
  CONSTRAINT `product_color_suitable_ibfk_1` FOREIGN KEY (`product_color_id`) REFERENCES `product_color` (`id`),
  CONSTRAINT `product_color_suitable_ibfk_2` FOREIGN KEY (`suitable_id`) REFERENCES `suitable` (`id`)
) ENGINE=InnoDB DEFAULT CHARSET=latin1;

INSERT INTO `product_color_suitable` (`id`, `product_color_id`, `suitable_id`) VALUES
(185,	16,	1),
(186,	16,	2),
(187,	16,	4),
(188,	16,	6),
(189,	16,	7),
(208,	23,	6),
(209,	23,	7),
(210,	24,	6),
(211,	24,	7),
(470,	77,	4),
(471,	77,	5),
(472,	78,	4),
(473,	78,	5),
(554,	103,	4),
(555,	103,	5),
(556,	104,	4),
(557,	104,	5),
(558,	105,	4),
(559,	105,	5),
(745,	1,	1),
(746,	1,	2),
(747,	1,	4),
(748,	1,	6),
(749,	1,	7),
(762,	2,	1),
(763,	2,	2),
(764,	2,	4),
(765,	2,	6),
(766,	2,	7),
(771,	3,	1),
(772,	3,	2),
(773,	3,	4),
(774,	3,	6),
(775,	3,	7),
(776,	4,	1),
(777,	4,	2),
(778,	4,	4),
(779,	4,	6),
(780,	4,	7),
(781,	5,	1),
(782,	5,	2),
(783,	5,	4),
(784,	5,	6),
(785,	5,	7),
(794,	6,	1),
(795,	6,	2),
(796,	6,	4),
(797,	6,	6),
(798,	6,	7),
(799,	7,	1),
(800,	7,	2),
(801,	7,	4),
(802,	7,	6),
(803,	7,	7),
(835,	8,	1),
(836,	8,	2),
(837,	8,	4),
(838,	8,	6),
(839,	8,	7),
(840,	9,	1),
(841,	9,	2),
(842,	9,	4),
(843,	9,	6),
(844,	9,	7),
(845,	10,	1),
(846,	10,	2),
(847,	10,	4),
(848,	10,	6),
(849,	10,	7),
(850,	11,	1),
(851,	11,	2),
(852,	11,	4),
(853,	11,	6),
(854,	11,	7),
(855,	12,	1),
(856,	12,	2),
(857,	12,	4),
(858,	12,	6),
(859,	12,	7),
(860,	13,	1),
(861,	13,	2),
(862,	13,	4),
(863,	13,	6),
(864,	13,	7),
(865,	14,	1),
(866,	14,	2),
(867,	14,	4),
(868,	14,	6),
(869,	14,	7),
(870,	15,	1),
(871,	15,	2),
(872,	15,	4),
(873,	15,	6),
(874,	15,	7),
(875,	17,	1),
(876,	17,	2),
(877,	17,	4),
(878,	17,	6),
(879,	17,	7),
(880,	18,	1),
(881,	18,	2),
(882,	18,	4),
(883,	18,	6),
(884,	18,	7),
(885,	19,	6),
(886,	19,	7),
(887,	20,	6),
(888,	20,	7),
(889,	21,	6),
(890,	21,	7),
(891,	22,	6),
(892,	22,	7),
(893,	25,	6),
(894,	25,	7),
(895,	26,	6),
(896,	26,	7),
(897,	27,	1),
(898,	27,	2),
(899,	27,	4),
(900,	27,	5),
(901,	27,	6),
(902,	27,	7),
(903,	28,	1),
(904,	28,	2),
(905,	28,	4),
(906,	28,	5),
(907,	28,	6),
(908,	28,	7),
(909,	29,	1),
(910,	29,	2),
(911,	29,	4),
(912,	29,	5),
(913,	29,	6),
(914,	29,	7),
(915,	30,	1),
(916,	30,	2),
(917,	30,	4),
(918,	30,	5),
(919,	30,	6),
(920,	30,	7),
(921,	31,	1),
(922,	31,	2),
(923,	31,	6),
(924,	31,	7),
(929,	32,	1),
(930,	32,	2),
(931,	32,	6),
(932,	32,	7),
(933,	33,	1),
(934,	33,	2),
(935,	33,	6),
(936,	33,	7),
(937,	34,	1),
(938,	34,	2),
(939,	34,	6),
(940,	34,	7),
(941,	35,	1),
(942,	35,	2),
(943,	35,	6),
(944,	35,	7),
(945,	36,	1),
(946,	36,	2),
(947,	36,	6),
(948,	36,	7),
(949,	37,	1),
(950,	37,	2),
(951,	37,	6),
(952,	37,	7),
(953,	38,	1),
(954,	38,	2),
(955,	38,	6),
(956,	38,	7),
(957,	39,	1),
(958,	39,	2),
(959,	39,	6),
(960,	39,	7),
(965,	40,	1),
(966,	40,	2),
(967,	40,	6),
(968,	40,	7),
(969,	41,	1),
(970,	41,	2),
(971,	41,	6),
(972,	41,	7),
(973,	42,	1),
(974,	42,	2),
(975,	42,	6),
(976,	42,	7),
(983,	43,	1),
(984,	43,	2),
(985,	43,	4),
(986,	43,	5),
(987,	43,	6),
(988,	43,	7),
(995,	44,	1),
(996,	44,	2),
(997,	44,	4),
(998,	44,	5),
(999,	44,	6),
(1000,	44,	7),
(1001,	45,	1),
(1002,	45,	2),
(1003,	45,	4),
(1004,	45,	5),
(1005,	45,	6),
(1006,	45,	7),
(1007,	46,	1),
(1008,	46,	2),
(1009,	46,	4),
(1010,	46,	5),
(1011,	46,	6),
(1012,	46,	7),
(1025,	47,	1),
(1026,	47,	2),
(1027,	47,	4),
(1028,	47,	5),
(1029,	47,	6),
(1030,	47,	7),
(1035,	48,	1),
(1036,	48,	2),
(1037,	48,	4),
(1038,	48,	5),
(1039,	48,	6),
(1040,	48,	7),
(1041,	49,	1),
(1042,	49,	2),
(1043,	49,	4),
(1044,	49,	5),
(1045,	49,	6),
(1046,	49,	7),
(1047,	50,	1),
(1048,	50,	2),
(1049,	50,	4),
(1050,	50,	5),
(1051,	50,	6),
(1052,	50,	7),
(1053,	51,	1),
(1054,	51,	2),
(1055,	51,	4),
(1056,	51,	5),
(1057,	51,	6),
(1058,	51,	7),
(1059,	52,	1),
(1060,	52,	2),
(1061,	52,	4),
(1062,	52,	5),
(1063,	52,	6),
(1064,	52,	7),
(1065,	53,	1),
(1066,	53,	2),
(1067,	53,	4),
(1068,	53,	5),
(1069,	53,	6),
(1070,	53,	7),
(1071,	54,	1),
(1072,	54,	2),
(1073,	54,	4),
(1074,	54,	5),
(1075,	54,	6),
(1076,	54,	7),
(1085,	55,	1),
(1086,	55,	2),
(1087,	55,	4),
(1088,	55,	5),
(1089,	55,	6),
(1090,	55,	7),
(1095,	56,	1),
(1096,	56,	2),
(1097,	56,	4),
(1098,	56,	5),
(1099,	56,	6),
(1100,	56,	7),
(1101,	57,	1),
(1102,	57,	2),
(1103,	57,	4),
(1104,	57,	5),
(1105,	57,	6),
(1106,	57,	7),
(1107,	58,	1),
(1108,	58,	2),
(1109,	58,	4),
(1110,	58,	5),
(1111,	58,	6),
(1112,	58,	7),
(1113,	59,	1),
(1114,	59,	2),
(1115,	59,	4),
(1116,	59,	5),
(1117,	59,	6),
(1118,	59,	7),
(1145,	60,	1),
(1146,	60,	2),
(1147,	60,	4),
(1148,	60,	5),
(1149,	60,	6),
(1150,	60,	7),
(1156,	61,	1),
(1157,	61,	2),
(1158,	61,	4),
(1159,	61,	5),
(1160,	61,	6),
(1161,	61,	7),
(1167,	62,	1),
(1168,	62,	2),
(1169,	62,	4),
(1170,	62,	5),
(1171,	62,	6),
(1172,	62,	7),
(1179,	63,	1),
(1180,	63,	2),
(1181,	63,	4),
(1182,	63,	5),
(1183,	63,	6),
(1184,	63,	7),
(1203,	64,	1),
(1204,	64,	2),
(1205,	64,	4),
(1206,	64,	5),
(1207,	64,	6),
(1208,	64,	7),
(1221,	65,	1),
(1222,	65,	2),
(1223,	65,	4),
(1224,	65,	5),
(1225,	65,	6),
(1226,	65,	7),
(1227,	66,	1),
(1228,	66,	2),
(1229,	66,	4),
(1230,	66,	5),
(1231,	66,	6),
(1232,	66,	7),
(1233,	67,	1),
(1234,	67,	2),
(1235,	67,	5),
(1236,	67,	6),
(1237,	67,	7),
(1246,	68,	1),
(1247,	68,	2),
(1248,	68,	5),
(1249,	68,	6),
(1250,	68,	7),
(1251,	69,	1),
(1252,	69,	2),
(1253,	69,	5),
(1254,	69,	6),
(1255,	69,	7),
(1256,	70,	1),
(1257,	70,	2),
(1258,	70,	5),
(1259,	70,	6),
(1260,	70,	7),
(1261,	71,	1),
(1262,	71,	2),
(1263,	71,	5),
(1264,	71,	6),
(1265,	71,	7),
(1271,	72,	1),
(1272,	72,	2),
(1273,	72,	5),
(1274,	72,	6),
(1275,	72,	7),
(1291,	73,	4),
(1292,	73,	5),
(1293,	74,	4),
(1294,	74,	5),
(1307,	75,	4),
(1308,	75,	5),
(1309,	76,	4),
(1310,	76,	5),
(1311,	79,	1),
(1312,	79,	2),
(1313,	79,	4),
(1314,	79,	5),
(1315,	79,	6),
(1316,	79,	7),
(1317,	80,	1),
(1318,	80,	2),
(1319,	80,	4),
(1320,	80,	5),
(1321,	80,	6),
(1322,	80,	7),
(1323,	81,	1),
(1324,	81,	2),
(1325,	81,	4),
(1326,	81,	5),
(1327,	81,	6),
(1328,	81,	7),
(1329,	82,	1),
(1330,	82,	2),
(1331,	82,	4),
(1332,	82,	5),
(1333,	82,	6),
(1334,	82,	7),
(1335,	83,	1),
(1336,	83,	2),
(1337,	83,	4),
(1338,	83,	5),
(1339,	83,	6),
(1340,	83,	7),
(1341,	84,	1),
(1342,	84,	2),
(1343,	84,	4),
(1344,	84,	5),
(1345,	84,	6),
(1346,	84,	7),
(1347,	85,	1),
(1348,	85,	2),
(1349,	85,	4),
(1350,	85,	5),
(1351,	85,	6),
(1352,	85,	7),
(1353,	86,	1),
(1354,	86,	2),
(1355,	86,	4),
(1356,	86,	5),
(1357,	86,	6),
(1358,	86,	7),
(1359,	87,	4),
(1360,	87,	5),
(1361,	88,	4),
(1362,	88,	5),
(1363,	89,	4),
(1364,	89,	5),
(1365,	90,	4),
(1366,	90,	5),
(1367,	91,	4),
(1368,	91,	5),
(1369,	92,	4),
(1370,	92,	5),
(1371,	93,	4),
(1372,	93,	5),
(1373,	94,	4),
(1374,	94,	5),
(1381,	95,	4),
(1382,	95,	5),
(1383,	96,	4),
(1384,	96,	5),
(1385,	97,	4),
(1386,	97,	5),
(1401,	98,	4),
(1402,	98,	5),
(1413,	99,	4),
(1414,	99,	5),
(1420,	100,	4),
(1421,	100,	5),
(1427,	101,	4),
(1428,	101,	5),
(1441,	102,	4),
(1442,	102,	5),
(1445,	106,	4),
(1446,	106,	5),
(1457,	107,	4),
(1458,	107,	5),
(1464,	108,	4),
(1465,	108,	5),
(1471,	109,	4),
(1472,	109,	5),
(1479,	110,	4),
(1480,	110,	5),
(1485,	111,	4),
(1486,	111,	5),
(1489,	112,	4),
(1490,	112,	5),
(1493,	113,	4),
(1494,	113,	5),
(1497,	114,	4),
(1498,	114,	5),
(1499,	115,	4),
(1500,	115,	5),
(1501,	116,	4),
(1502,	116,	5),
(1503,	117,	4),
(1504,	117,	5),
(1505,	118,	4),
(1506,	118,	5),
(1507,	119,	1),
(1508,	119,	2),
(1509,	119,	3),
(1510,	119,	6),
(1511,	119,	7),
(1512,	120,	1),
(1513,	120,	2),
(1514,	120,	3),
(1515,	120,	6),
(1516,	120,	7),
(1517,	121,	1),
(1518,	121,	2),
(1519,	121,	3),
(1520,	121,	6),
(1521,	121,	7),
(1522,	122,	1),
(1523,	122,	2),
(1524,	122,	3),
(1525,	122,	6),
(1526,	122,	7),
(1527,	125,	1),
(1528,	125,	2),
(1529,	125,	3),
(1530,	125,	6),
(1531,	125,	7),
(1532,	126,	1),
(1533,	126,	2),
(1534,	126,	3),
(1535,	126,	6),
(1536,	126,	7),
(1542,	127,	1),
(1543,	127,	2),
(1544,	127,	3),
(1545,	127,	6),
(1546,	127,	7),
(1547,	128,	1),
(1548,	128,	2),
(1549,	128,	3),
(1550,	128,	6),
(1551,	128,	7),
(1552,	129,	1),
(1553,	129,	2),
(1554,	129,	3),
(1555,	129,	6),
(1556,	129,	7),
(1557,	133,	1),
(1558,	133,	2),
(1559,	133,	3),
(1560,	133,	6),
(1561,	133,	7),
(1562,	134,	1),
(1563,	134,	2),
(1564,	134,	3),
(1565,	134,	6),
(1566,	134,	7),
(1571,	135,	1),
(1572,	135,	2),
(1573,	135,	3),
(1574,	135,	6),
(1575,	135,	7),
(1576,	136,	1),
(1577,	136,	2),
(1578,	136,	3),
(1579,	136,	6),
(1580,	136,	7),
(1593,	137,	1),
(1594,	137,	2),
(1595,	137,	3),
(1596,	137,	6),
(1597,	137,	7),
(1602,	142,	1),
(1603,	142,	2),
(1604,	143,	1),
(1605,	143,	2),
(1608,	144,	1),
(1609,	144,	2),
(1612,	145,	1),
(1613,	145,	2),
(1622,	146,	1),
(1623,	146,	2),
(1624,	146,	7),
(1625,	147,	1),
(1626,	147,	2),
(1627,	147,	7),
(1628,	148,	1),
(1629,	148,	2),
(1630,	148,	7),
(1639,	149,	1),
(1640,	149,	2),
(1641,	149,	7),
(1642,	150,	1),
(1643,	150,	2),
(1644,	150,	3),
(1645,	150,	6),
(1646,	150,	7),
(1650,	151,	1),
(1651,	151,	2),
(1652,	151,	3),
(1653,	151,	6),
(1654,	151,	7),
(1657,	152,	1),
(1658,	152,	2),
(1659,	152,	3),
(1660,	152,	6),
(1661,	152,	7),
(1666,	153,	1),
(1667,	153,	2),
(1668,	153,	3),
(1669,	153,	6),
(1670,	153,	7),
(1673,	157,	1),
(1674,	157,	2),
(1675,	157,	7),
(1678,	158,	1),
(1679,	158,	2),
(1680,	158,	7),
(1681,	159,	1),
(1682,	159,	2),
(1683,	159,	7),
(1684,	160,	1),
(1685,	160,	2),
(1686,	160,	7),
(1691,	165,	1),
(1692,	165,	2),
(1693,	165,	7),
(1694,	166,	1),
(1695,	166,	2),
(1696,	166,	7),
(1697,	167,	1),
(1698,	167,	2),
(1699,	167,	7),
(1700,	168,	1),
(1701,	168,	2),
(1702,	168,	7),
(1703,	169,	1),
(1704,	169,	2),
(1705,	169,	7),
(1706,	170,	1),
(1707,	170,	2),
(1708,	170,	7),
(1709,	176,	2),
(1710,	176,	4),
(1711,	176,	5),
(1712,	176,	7),
(1713,	177,	2),
(1714,	177,	4),
(1715,	177,	5),
(1716,	177,	7),
(1717,	178,	2),
(1718,	178,	4),
(1719,	178,	5),
(1720,	178,	7),
(1721,	179,	2),
(1722,	179,	4),
(1723,	179,	5),
(1724,	179,	7),
(1725,	180,	2),
(1726,	180,	4),
(1727,	180,	5),
(1728,	180,	7),
(1729,	181,	2),
(1730,	181,	4),
(1731,	181,	5),
(1732,	181,	7),
(1737,	183,	2),
(1738,	183,	4),
(1739,	183,	5),
(1740,	183,	7),
(1741,	182,	2),
(1742,	182,	4),
(1743,	182,	5),
(1744,	182,	7),
(1745,	184,	2),
(1746,	184,	4),
(1747,	184,	5),
(1748,	184,	7),
(1749,	185,	2),
(1750,	185,	4),
(1751,	185,	5),
(1752,	185,	7),
(1753,	186,	1),
(1754,	186,	2),
(1755,	186,	4),
(1756,	186,	5),
(1757,	186,	6),
(1758,	186,	7),
(1759,	187,	1),
(1760,	187,	2),
(1761,	187,	4),
(1762,	187,	5),
(1763,	187,	6),
(1764,	187,	7),
(1765,	188,	2),
(1766,	188,	4),
(1767,	188,	5),
(1768,	188,	7),
(1769,	189,	2),
(1770,	189,	4),
(1771,	189,	5),
(1772,	189,	7),
(1773,	190,	2),
(1774,	190,	4),
(1775,	190,	5),
(1776,	190,	7),
(1777,	191,	2),
(1778,	191,	4),
(1779,	191,	5),
(1780,	191,	7),
(1781,	192,	2),
(1782,	192,	4),
(1783,	192,	5),
(1784,	192,	7),
(1785,	193,	2),
(1786,	193,	4),
(1787,	193,	5),
(1788,	193,	7),
(1789,	194,	2),
(1790,	194,	4),
(1791,	194,	5),
(1792,	194,	7),
(1793,	195,	2),
(1794,	195,	4),
(1795,	195,	5),
(1796,	195,	6),
(1797,	195,	7),
(1798,	196,	2),
(1799,	196,	4),
(1800,	196,	5),
(1801,	196,	6),
(1802,	196,	7),
(1803,	197,	2),
(1804,	197,	4),
(1805,	197,	5),
(1806,	197,	6),
(1807,	197,	7),
(1808,	198,	2),
(1809,	198,	4),
(1810,	198,	5),
(1811,	198,	6),
(1812,	198,	7),
(1813,	199,	2),
(1814,	199,	4),
(1815,	199,	5),
(1816,	199,	6),
(1817,	199,	7),
(1818,	200,	2),
(1819,	200,	4),
(1820,	200,	5),
(1821,	200,	6),
(1822,	200,	7),
(1823,	201,	1),
(1824,	201,	2),
(1825,	201,	4),
(1826,	201,	5),
(1827,	201,	6),
(1828,	201,	7),
(1829,	202,	1),
(1830,	202,	2),
(1831,	202,	4),
(1832,	202,	5),
(1833,	202,	6),
(1834,	202,	7),
(1835,	203,	1),
(1836,	203,	2),
(1837,	203,	4),
(1838,	203,	5),
(1839,	203,	6),
(1840,	203,	7),
(1841,	204,	1),
(1842,	204,	2),
(1843,	204,	4),
(1844,	204,	5),
(1845,	204,	6),
(1846,	204,	7),
(1847,	205,	1),
(1848,	205,	2),
(1849,	205,	4),
(1850,	205,	5),
(1851,	205,	6),
(1852,	205,	7),
(1853,	206,	1),
(1854,	206,	2),
(1855,	206,	4),
(1856,	206,	5),
(1857,	206,	6),
(1858,	206,	7),
(1859,	207,	2),
(1860,	207,	5),
(1861,	207,	6),
(1862,	207,	7),
(1863,	208,	2),
(1864,	208,	5),
(1865,	208,	6),
(1866,	208,	7),
(1867,	209,	2),
(1868,	209,	4),
(1869,	209,	5),
(1870,	209,	6),
(1871,	209,	7),
(1872,	210,	2),
(1873,	210,	4),
(1874,	210,	5),
(1875,	210,	6),
(1876,	210,	7),
(1882,	212,	2),
(1883,	212,	4),
(1884,	212,	5),
(1885,	212,	6),
(1886,	212,	7),
(1887,	211,	2),
(1888,	211,	4),
(1889,	211,	5),
(1890,	211,	6),
(1891,	211,	7),
(1892,	213,	2),
(1893,	213,	4),
(1894,	213,	5),
(1895,	213,	7),
(1896,	214,	2),
(1897,	214,	4),
(1898,	214,	5),
(1899,	214,	7),
(1900,	215,	2),
(1901,	215,	4),
(1902,	215,	5),
(1903,	215,	7),
(1904,	216,	5),
(1905,	216,	6),
(1906,	216,	7),
(1907,	217,	5),
(1908,	217,	6),
(1909,	217,	7),
(1915,	218,	2),
(1916,	218,	4),
(1917,	218,	5),
(1918,	218,	6),
(1919,	218,	7),
(1920,	219,	2),
(1921,	219,	4),
(1922,	219,	5),
(1923,	219,	6),
(1924,	219,	7),
(1925,	220,	1),
(1926,	220,	2),
(1927,	220,	5),
(1928,	220,	6),
(1929,	220,	7),
(1930,	221,	1),
(1931,	221,	4),
(1932,	221,	5),
(1933,	221,	6),
(1934,	221,	7),
(1935,	222,	1),
(1936,	222,	2),
(1937,	222,	4),
(1938,	222,	5),
(1939,	222,	6),
(1940,	222,	7),
(1941,	223,	1),
(1942,	223,	2),
(1943,	223,	4),
(1944,	223,	5),
(1945,	223,	6),
(1946,	223,	7),
(1947,	224,	1),
(1948,	224,	2),
(1949,	224,	4),
(1950,	224,	5),
(1951,	224,	7),
(1952,	225,	1),
(1953,	225,	2),
(1954,	225,	4),
(1955,	225,	5),
(1956,	225,	7),
(1957,	226,	1),
(1958,	226,	2),
(1959,	226,	4),
(1960,	226,	5),
(1961,	226,	7),
(1962,	227,	1),
(1963,	227,	2),
(1964,	227,	4),
(1965,	227,	5),
(1966,	227,	7),
(1967,	228,	4),
(1968,	228,	5),
(1969,	229,	4),
(1970,	229,	5),
(1971,	230,	4),
(1972,	230,	5),
(1973,	231,	4),
(1974,	231,	5),
(1975,	232,	4),
(1976,	232,	5),
(1977,	233,	4),
(1978,	233,	5),
(1979,	234,	4),
(1980,	234,	5),
(1981,	244,	4),
(1982,	244,	5),
(1983,	245,	4),
(1984,	245,	5),
(1985,	246,	2),
(1986,	246,	4),
(1987,	246,	5),
(1988,	246,	7),
(1989,	247,	2),
(1990,	247,	4),
(1991,	247,	5),
(1992,	247,	7),
(1993,	248,	2),
(1994,	248,	4),
(1995,	248,	5),
(1996,	248,	7),
(1997,	249,	4),
(1998,	249,	5),
(1999,	250,	4),
(2000,	250,	5),
(2001,	251,	4),
(2002,	251,	5),
(2003,	252,	4),
(2004,	252,	5),
(2005,	255,	4),
(2006,	255,	5),
(2007,	256,	4),
(2008,	256,	5),
(2009,	257,	4),
(2010,	257,	5),
(2011,	258,	4),
(2012,	258,	5),
(2013,	259,	4),
(2014,	259,	5),
(2015,	260,	4),
(2016,	260,	5),
(2017,	261,	4),
(2018,	261,	5),
(2019,	262,	4),
(2020,	262,	5),
(2021,	263,	4),
(2022,	263,	5),
(2023,	264,	4),
(2024,	264,	5),
(2025,	267,	4),
(2026,	267,	5),
(2027,	268,	4),
(2028,	268,	5),
(2029,	269,	4),
(2030,	269,	5),
(2031,	270,	4),
(2032,	270,	5),
(2045,	285,	4),
(2046,	285,	5),
(2047,	286,	4),
(2048,	286,	5),
(2083,	301,	4),
(2084,	301,	5),
(2145,	353,	4),
(2146,	353,	5),
(2151,	362,	1),
(2152,	362,	2),
(2153,	362,	3),
(2154,	362,	6),
(2155,	362,	7),
(2156,	363,	1),
(2157,	363,	2),
(2158,	363,	3),
(2159,	363,	6),
(2160,	363,	7),
(2161,	364,	1),
(2162,	364,	2),
(2163,	364,	3),
(2164,	364,	6),
(2165,	364,	7),
(2166,	365,	1),
(2167,	365,	2),
(2168,	365,	3),
(2169,	365,	6),
(2170,	365,	7),
(2171,	366,	1),
(2172,	366,	2),
(2173,	366,	3),
(2174,	366,	6),
(2175,	366,	7),
(2744,	273,	4),
(2745,	273,	5),
(2746,	274,	4),
(2747,	274,	5),
(2748,	275,	4),
(2749,	275,	5),
(2750,	276,	4),
(2751,	276,	5),
(2752,	277,	4),
(2753,	277,	5),
(2754,	278,	4),
(2755,	278,	5),
(2756,	281,	4),
(2757,	281,	5),
(2758,	282,	4),
(2759,	282,	5),
(2760,	287,	4),
(2761,	287,	5),
(2762,	288,	4),
(2763,	288,	5),
(2764,	289,	4),
(2765,	289,	5),
(2766,	290,	4),
(2767,	290,	5),
(2768,	291,	4),
(2769,	291,	5),
(2770,	292,	4),
(2771,	292,	5),
(2772,	293,	4),
(2773,	293,	5),
(2774,	294,	2),
(2775,	294,	4),
(2776,	294,	5),
(2777,	294,	6),
(2778,	294,	7),
(2779,	295,	2),
(2780,	295,	4),
(2781,	295,	5),
(2782,	295,	6),
(2783,	295,	7),
(2784,	296,	4),
(2785,	296,	5),
(2786,	297,	4),
(2787,	297,	5),
(2788,	298,	4),
(2789,	298,	5),
(2790,	299,	4),
(2791,	299,	5),
(2947,	576,	1),
(2948,	576,	2),
(2949,	576,	3),
(2950,	576,	6),
(2951,	576,	7),
(2972,	582,	1),
(2973,	582,	2),
(2974,	582,	3),
(2975,	582,	6),
(2976,	582,	7),
(3032,	300,	4),
(3033,	300,	5),
(3034,	302,	4),
(3035,	302,	5),
(3036,	304,	4),
(3037,	304,	5),
(3038,	305,	4),
(3039,	305,	5),
(3040,	308,	4),
(3041,	308,	5),
(3042,	309,	4),
(3043,	309,	5),
(3044,	312,	4),
(3045,	312,	5),
(3046,	313,	4),
(3047,	313,	5),
(3048,	316,	4),
(3049,	316,	5),
(3050,	317,	4),
(3051,	317,	5),
(3052,	320,	4),
(3053,	320,	5),
(3054,	321,	4),
(3055,	321,	5),
(3056,	324,	4),
(3057,	324,	5),
(3058,	325,	4),
(3059,	325,	5),
(3060,	332,	4),
(3061,	332,	5),
(3062,	333,	4),
(3063,	333,	5),
(3064,	336,	2),
(3065,	336,	4),
(3066,	336,	5),
(3067,	336,	7),
(3068,	337,	2),
(3069,	337,	4),
(3070,	337,	5),
(3071,	337,	7),
(3072,	340,	2),
(3073,	340,	4),
(3074,	340,	5),
(3075,	340,	7),
(3076,	341,	2),
(3077,	341,	4),
(3078,	341,	5),
(3079,	341,	7),
(3080,	344,	4),
(3081,	344,	5),
(3082,	345,	4),
(3083,	345,	5),
(3084,	348,	4),
(3085,	348,	5),
(3086,	349,	4),
(3087,	349,	5),
(3088,	352,	4),
(3089,	352,	5),
(3090,	356,	4),
(3091,	356,	5),
(3092,	357,	4),
(3093,	357,	5),
(3094,	367,	4),
(3095,	367,	5),
(3096,	369,	2),
(3097,	369,	4),
(3098,	369,	5),
(3099,	369,	6),
(3100,	369,	7),
(3101,	370,	2),
(3102,	370,	4),
(3103,	370,	5),
(3104,	370,	6),
(3105,	370,	7),
(3106,	373,	2),
(3107,	373,	4),
(3108,	373,	5),
(3109,	373,	7),
(3110,	374,	2),
(3111,	374,	4),
(3112,	374,	5),
(3113,	374,	7),
(3114,	375,	2),
(3115,	375,	4),
(3116,	375,	5),
(3117,	375,	7),
(3118,	379,	1),
(3119,	379,	2),
(3120,	379,	3),
(3121,	379,	6),
(3122,	379,	7),
(3128,	380,	1),
(3129,	380,	2),
(3130,	380,	3),
(3131,	380,	6),
(3132,	380,	7),
(3133,	381,	1),
(3134,	381,	2),
(3135,	381,	3),
(3136,	381,	6),
(3137,	381,	7),
(3138,	382,	1),
(3139,	382,	2),
(3140,	382,	3),
(3141,	382,	6),
(3142,	382,	7),
(3143,	383,	1),
(3144,	383,	2),
(3145,	383,	3),
(3146,	383,	6),
(3147,	383,	7),
(3148,	386,	1),
(3149,	386,	2),
(3150,	386,	3),
(3151,	386,	6),
(3152,	386,	7),
(3153,	387,	1),
(3154,	387,	2),
(3155,	387,	3),
(3156,	387,	6),
(3157,	387,	7),
(3158,	388,	1),
(3159,	388,	2),
(3160,	388,	3),
(3161,	388,	6),
(3162,	388,	7),
(3163,	389,	1),
(3164,	389,	2),
(3165,	389,	3),
(3166,	389,	6),
(3167,	389,	7),
(3168,	390,	1),
(3169,	390,	2),
(3170,	390,	3),
(3171,	390,	6),
(3172,	390,	7),
(3178,	394,	1),
(3179,	394,	2),
(3180,	394,	3),
(3181,	394,	6),
(3182,	394,	7),
(3183,	395,	1),
(3184,	395,	2),
(3185,	395,	3),
(3186,	395,	6),
(3187,	395,	7),
(3188,	396,	1),
(3189,	396,	2),
(3190,	396,	3),
(3191,	396,	6),
(3192,	396,	7),
(3193,	397,	1),
(3194,	397,	2),
(3195,	397,	3),
(3196,	397,	6),
(3197,	397,	7),
(3198,	398,	1),
(3199,	398,	2),
(3200,	398,	3),
(3201,	398,	6),
(3202,	398,	7),
(3203,	393,	1),
(3204,	393,	2),
(3205,	393,	3),
(3206,	393,	6),
(3207,	393,	7),
(3208,	401,	1),
(3209,	401,	2),
(3210,	401,	3),
(3211,	401,	6),
(3212,	401,	7),
(3213,	402,	1),
(3214,	402,	2),
(3215,	402,	3),
(3216,	402,	6),
(3217,	402,	7),
(3218,	403,	1),
(3219,	403,	2),
(3220,	403,	3),
(3221,	403,	6),
(3222,	403,	7),
(3223,	404,	1),
(3224,	404,	2),
(3225,	404,	3),
(3226,	404,	6),
(3227,	404,	7),
(3228,	405,	1),
(3229,	405,	2),
(3230,	405,	3),
(3231,	405,	6),
(3232,	405,	7),
(3233,	406,	1),
(3234,	406,	2),
(3235,	406,	3),
(3236,	406,	6),
(3237,	406,	7),
(3238,	407,	1),
(3239,	407,	2),
(3240,	407,	3),
(3241,	407,	6),
(3242,	407,	7),
(3243,	408,	1),
(3244,	408,	2),
(3245,	408,	3),
(3246,	408,	6),
(3247,	408,	7),
(3248,	409,	1),
(3249,	409,	2),
(3250,	409,	3),
(3251,	409,	6),
(3252,	409,	7),
(3253,	410,	1),
(3254,	410,	2),
(3255,	410,	3),
(3256,	410,	6),
(3257,	410,	7),
(3258,	411,	1),
(3259,	411,	2),
(3260,	411,	3),
(3261,	411,	6),
(3262,	411,	7),
(3268,	412,	1),
(3269,	412,	2),
(3270,	412,	3),
(3271,	412,	6),
(3272,	412,	7),
(3273,	413,	1),
(3274,	413,	2),
(3275,	413,	3),
(3276,	413,	6),
(3277,	413,	7),
(3278,	414,	1),
(3279,	414,	2),
(3280,	414,	3),
(3281,	414,	6),
(3282,	414,	7),
(3283,	415,	1),
(3284,	415,	2),
(3285,	415,	3),
(3286,	415,	6),
(3287,	415,	7),
(3288,	416,	1),
(3289,	416,	2),
(3290,	416,	3),
(3291,	416,	6),
(3292,	416,	7),
(3298,	419,	1),
(3299,	419,	2),
(3300,	419,	3),
(3301,	419,	6),
(3302,	419,	7),
(3303,	420,	1),
(3304,	420,	2),
(3305,	420,	3),
(3306,	420,	6),
(3307,	420,	7),
(3308,	421,	1),
(3309,	421,	2),
(3310,	421,	3),
(3311,	421,	6),
(3312,	421,	7),
(3313,	422,	1),
(3314,	422,	2),
(3315,	422,	3),
(3316,	422,	6),
(3317,	422,	7),
(3318,	423,	1),
(3319,	423,	2),
(3320,	423,	3),
(3321,	423,	6),
(3322,	423,	7),
(3323,	424,	1),
(3324,	424,	2),
(3325,	424,	3),
(3326,	424,	6),
(3327,	424,	7),
(3328,	427,	1),
(3329,	427,	2),
(3330,	427,	3),
(3331,	427,	6),
(3332,	427,	7),
(3333,	428,	1),
(3334,	428,	2),
(3335,	428,	3),
(3336,	428,	6),
(3337,	428,	7),
(3338,	429,	1),
(3339,	429,	2),
(3340,	429,	3),
(3341,	429,	6),
(3342,	429,	7),
(3343,	430,	1),
(3344,	430,	2),
(3345,	430,	3),
(3346,	430,	6),
(3347,	430,	7),
(3348,	434,	1),
(3349,	434,	2),
(3350,	434,	3),
(3351,	434,	6),
(3352,	434,	7),
(3353,	435,	1),
(3354,	435,	2),
(3355,	435,	3),
(3356,	435,	6),
(3357,	435,	7),
(3358,	436,	1),
(3359,	436,	2),
(3360,	436,	3),
(3361,	436,	6),
(3362,	436,	7),
(3363,	439,	1),
(3364,	439,	2),
(3365,	439,	3),
(3366,	439,	6),
(3367,	439,	7),
(3368,	440,	1),
(3369,	440,	2),
(3370,	440,	3),
(3371,	440,	6),
(3372,	440,	7),
(3373,	441,	1),
(3374,	441,	2),
(3375,	441,	3),
(3376,	441,	6),
(3377,	441,	7),
(3378,	442,	1),
(3379,	442,	2),
(3380,	442,	3),
(3381,	442,	6),
(3382,	442,	7),
(3383,	443,	1),
(3384,	443,	2),
(3385,	443,	3),
(3386,	443,	6),
(3387,	443,	7),
(3388,	444,	1),
(3389,	444,	2),
(3390,	444,	3),
(3391,	444,	6),
(3392,	444,	7),
(3393,	445,	1),
(3394,	445,	2),
(3395,	445,	3),
(3396,	445,	6),
(3397,	445,	7),
(3398,	446,	1),
(3399,	446,	2),
(3400,	446,	3),
(3401,	446,	6),
(3402,	446,	7),
(3403,	451,	1),
(3404,	451,	2),
(3405,	451,	3),
(3406,	451,	6),
(3407,	451,	7),
(3408,	452,	1),
(3409,	452,	2),
(3410,	452,	3),
(3411,	452,	6),
(3412,	452,	7),
(3413,	453,	1),
(3414,	453,	2),
(3415,	453,	3),
(3416,	453,	6),
(3417,	453,	7),
(3418,	454,	1),
(3419,	454,	2),
(3420,	454,	3),
(3421,	454,	6),
(3422,	454,	7),
(3423,	455,	1),
(3424,	455,	2),
(3425,	455,	3),
(3426,	455,	6),
(3427,	455,	7),
(3428,	456,	1),
(3429,	456,	2),
(3430,	456,	3),
(3431,	456,	6),
(3432,	456,	7),
(3433,	457,	1),
(3434,	457,	2),
(3435,	457,	3),
(3436,	457,	6),
(3437,	457,	7),
(3438,	458,	1),
(3439,	458,	2),
(3440,	458,	3),
(3441,	458,	6),
(3442,	458,	7),
(3443,	459,	1),
(3444,	459,	2),
(3445,	459,	3),
(3446,	459,	6),
(3447,	459,	7),
(3448,	460,	1),
(3449,	460,	2),
(3450,	460,	3),
(3451,	460,	6),
(3452,	460,	7),
(3453,	461,	1),
(3454,	461,	2),
(3455,	461,	3),
(3456,	461,	6),
(3457,	461,	7),
(3458,	463,	1),
(3459,	463,	2),
(3460,	463,	3),
(3461,	463,	6),
(3462,	463,	7),
(3463,	464,	1),
(3464,	464,	2),
(3465,	464,	3),
(3466,	464,	6),
(3467,	464,	7),
(3468,	465,	1),
(3469,	465,	2),
(3470,	465,	3),
(3471,	465,	6),
(3472,	465,	7),
(3478,	466,	1),
(3479,	466,	2),
(3480,	466,	3),
(3481,	466,	6),
(3482,	466,	7),
(3483,	470,	1),
(3484,	470,	2),
(3485,	470,	3),
(3486,	470,	6),
(3487,	470,	7),
(3488,	471,	1),
(3489,	471,	2),
(3490,	471,	3),
(3491,	471,	6),
(3492,	471,	7),
(3493,	472,	1),
(3494,	472,	2),
(3495,	472,	3),
(3496,	472,	6),
(3497,	472,	7),
(3503,	474,	1),
(3504,	474,	2),
(3505,	474,	3),
(3506,	474,	6),
(3507,	474,	7),
(3508,	473,	1),
(3509,	473,	2),
(3510,	473,	3),
(3511,	473,	6),
(3512,	473,	7),
(3513,	477,	1),
(3514,	477,	2),
(3515,	477,	3),
(3516,	477,	6),
(3517,	477,	7),
(3518,	478,	1),
(3519,	478,	2),
(3520,	478,	3),
(3521,	478,	6),
(3522,	478,	7),
(3523,	479,	1),
(3524,	479,	2),
(3525,	479,	3),
(3526,	479,	6),
(3527,	479,	7),
(3528,	480,	1),
(3529,	480,	2),
(3530,	480,	3),
(3531,	480,	6),
(3532,	480,	7),
(3533,	483,	1),
(3534,	483,	2),
(3535,	483,	3),
(3536,	483,	6),
(3537,	483,	7),
(3538,	484,	1),
(3539,	484,	2),
(3540,	484,	3),
(3541,	484,	6),
(3542,	484,	7),
(3543,	485,	1),
(3544,	485,	2),
(3545,	485,	3),
(3546,	485,	6),
(3547,	485,	7),
(3548,	486,	1),
(3549,	486,	2),
(3550,	486,	3),
(3551,	486,	6),
(3552,	486,	7),
(3553,	487,	1),
(3554,	487,	2),
(3555,	487,	3),
(3556,	487,	6),
(3557,	487,	7),
(3558,	488,	1),
(3559,	488,	2),
(3560,	488,	3),
(3561,	488,	6),
(3562,	488,	7),
(3563,	491,	1),
(3564,	491,	2),
(3565,	491,	3),
(3566,	491,	6),
(3567,	491,	7),
(3568,	492,	1),
(3569,	492,	2),
(3570,	492,	3),
(3571,	492,	6),
(3572,	492,	7),
(3573,	493,	1),
(3574,	493,	2),
(3575,	493,	3),
(3576,	493,	6),
(3577,	493,	7),
(3578,	494,	1),
(3579,	494,	2),
(3580,	494,	3),
(3581,	494,	6),
(3582,	494,	7),
(3583,	495,	1),
(3584,	495,	2),
(3585,	495,	3),
(3586,	495,	6),
(3587,	495,	7),
(3588,	505,	1),
(3589,	505,	2),
(3590,	505,	3),
(3591,	505,	6),
(3592,	505,	7),
(3593,	506,	1),
(3594,	506,	2),
(3595,	506,	3),
(3596,	506,	6),
(3597,	506,	7),
(3598,	507,	1),
(3599,	507,	2),
(3600,	507,	3),
(3601,	507,	6),
(3602,	507,	7),
(3603,	508,	1),
(3604,	508,	2),
(3605,	508,	3),
(3606,	508,	6),
(3607,	508,	7),
(3608,	509,	1),
(3609,	509,	2),
(3610,	509,	3),
(3611,	509,	6),
(3612,	509,	7),
(3613,	510,	1),
(3614,	510,	2),
(3615,	510,	3),
(3616,	510,	6),
(3617,	510,	7),
(3623,	513,	1),
(3624,	513,	2),
(3625,	513,	3),
(3626,	513,	6),
(3627,	513,	7),
(3628,	514,	1),
(3629,	514,	2),
(3630,	514,	3),
(3631,	514,	6),
(3632,	514,	7),
(3633,	515,	1),
(3634,	515,	2),
(3635,	515,	3),
(3636,	515,	6),
(3637,	515,	7),
(3638,	516,	1),
(3639,	516,	2),
(3640,	516,	3),
(3641,	516,	6),
(3642,	516,	7),
(3643,	517,	1),
(3644,	517,	2),
(3645,	517,	3),
(3646,	517,	6),
(3647,	517,	7),
(3648,	518,	1),
(3649,	518,	2),
(3650,	518,	3),
(3651,	518,	6),
(3652,	518,	7),
(3653,	519,	1),
(3654,	519,	2),
(3655,	519,	3),
(3656,	519,	6),
(3657,	519,	7),
(3658,	520,	1),
(3659,	520,	2),
(3660,	520,	3),
(3661,	520,	6),
(3662,	520,	7),
(3663,	521,	1),
(3664,	521,	2),
(3665,	521,	3),
(3666,	521,	6),
(3667,	521,	7),
(3668,	522,	1),
(3669,	522,	2),
(3670,	522,	3),
(3671,	522,	7),
(3672,	523,	1),
(3673,	523,	2),
(3674,	523,	3),
(3675,	523,	7),
(3691,	524,	1),
(3692,	524,	2),
(3693,	524,	3),
(3694,	524,	6),
(3695,	524,	7),
(3696,	525,	1),
(3697,	525,	2),
(3698,	525,	3),
(3699,	525,	6),
(3700,	525,	7),
(3701,	535,	1),
(3702,	535,	2),
(3703,	535,	3),
(3704,	535,	6),
(3705,	535,	7),
(3706,	536,	1),
(3707,	536,	2),
(3708,	536,	3),
(3709,	536,	6),
(3710,	536,	7),
(3711,	537,	1),
(3712,	537,	2),
(3713,	537,	3),
(3714,	537,	6),
(3715,	537,	7),
(3716,	538,	1),
(3717,	538,	2),
(3718,	538,	3),
(3719,	538,	6),
(3720,	538,	7),
(3726,	541,	1),
(3727,	541,	2),
(3728,	541,	3),
(3729,	541,	6),
(3730,	541,	7),
(3731,	542,	1),
(3732,	542,	2),
(3733,	542,	3),
(3734,	542,	6),
(3735,	542,	7),
(3736,	543,	1),
(3737,	543,	2),
(3738,	543,	3),
(3739,	543,	6),
(3740,	543,	7),
(3741,	544,	1),
(3742,	544,	2),
(3743,	544,	3),
(3744,	544,	6),
(3745,	544,	7),
(3746,	553,	1),
(3747,	553,	2),
(3748,	553,	3),
(3749,	553,	6),
(3750,	553,	7),
(3751,	554,	1),
(3752,	554,	2),
(3753,	554,	3),
(3754,	554,	6),
(3755,	554,	7),
(3756,	555,	1),
(3757,	555,	2),
(3758,	555,	3),
(3759,	555,	6),
(3760,	555,	7),
(3761,	556,	1),
(3762,	556,	2),
(3763,	556,	3),
(3764,	556,	6),
(3765,	556,	7),
(3766,	597,	1),
(3767,	597,	2),
(3768,	597,	3),
(3769,	597,	6),
(3770,	597,	7),
(3771,	599,	1),
(3772,	599,	2),
(3773,	599,	3),
(3774,	599,	6),
(3775,	599,	7),
(3781,	559,	1),
(3782,	559,	2),
(3783,	559,	3),
(3784,	559,	6),
(3785,	559,	7),
(3786,	560,	1),
(3787,	560,	2),
(3788,	560,	3),
(3789,	560,	6),
(3790,	560,	7),
(3791,	561,	1),
(3792,	561,	2),
(3793,	561,	3),
(3794,	561,	6),
(3795,	561,	7),
(3796,	562,	1),
(3797,	562,	2),
(3798,	562,	3),
(3799,	562,	6),
(3800,	562,	7),
(3846,	565,	1),
(3847,	565,	2),
(3848,	565,	3),
(3849,	565,	6),
(3850,	565,	7),
(3851,	566,	1),
(3852,	566,	2),
(3853,	566,	3),
(3854,	566,	6),
(3855,	566,	7),
(3856,	567,	1),
(3857,	567,	2),
(3858,	567,	3),
(3859,	567,	6),
(3860,	567,	7),
(3861,	568,	1),
(3862,	568,	2),
(3863,	568,	3),
(3864,	568,	6),
(3865,	568,	7),
(3866,	569,	1),
(3867,	569,	2),
(3868,	569,	3),
(3869,	569,	6),
(3870,	569,	7),
(3871,	570,	1),
(3872,	570,	2),
(3873,	570,	3),
(3874,	570,	6),
(3875,	570,	7),
(3876,	602,	1),
(3877,	602,	2),
(3878,	602,	3),
(3879,	602,	6),
(3880,	602,	7),
(3881,	603,	1),
(3882,	603,	2),
(3883,	603,	3),
(3884,	603,	6),
(3885,	603,	7),
(3886,	604,	1),
(3887,	604,	2),
(3888,	604,	3),
(3889,	604,	6),
(3890,	604,	7),
(3891,	605,	1),
(3892,	605,	2),
(3893,	605,	3),
(3894,	605,	6),
(3895,	605,	7),
(3896,	573,	1),
(3897,	573,	2),
(3898,	573,	3),
(3899,	573,	6),
(3900,	573,	7),
(3901,	574,	1),
(3902,	574,	2),
(3903,	574,	3),
(3904,	574,	6),
(3905,	574,	7),
(3906,	575,	1),
(3907,	575,	2),
(3908,	575,	3),
(3909,	575,	6),
(3910,	575,	7),
(3911,	578,	1),
(3912,	578,	2),
(3913,	578,	3),
(3914,	578,	6),
(3915,	578,	7),
(3916,	579,	1),
(3917,	579,	2),
(3918,	579,	3),
(3919,	579,	6),
(3920,	579,	7),
(3921,	580,	1),
(3922,	580,	2),
(3923,	580,	3),
(3924,	580,	6),
(3925,	580,	7),
(3926,	581,	1),
(3927,	581,	2),
(3928,	581,	3),
(3929,	581,	6),
(3930,	581,	7),
(3931,	583,	1),
(3932,	583,	2),
(3933,	583,	3),
(3934,	583,	6),
(3935,	583,	7),
(3936,	588,	1),
(3937,	588,	2),
(3938,	588,	3),
(3939,	588,	6),
(3940,	588,	7),
(3941,	589,	1),
(3942,	589,	2),
(3943,	589,	3),
(3944,	589,	6),
(3945,	589,	7),
(3946,	590,	1),
(3947,	590,	2),
(3948,	590,	3),
(3949,	590,	6),
(3950,	590,	7),
(3951,	591,	1),
(3952,	591,	2),
(3953,	591,	3),
(3954,	591,	6),
(3955,	591,	7),
(3956,	592,	1),
(3957,	592,	2),
(3958,	592,	3),
(3959,	592,	6),
(3960,	592,	7),
(3961,	593,	1),
(3962,	593,	2),
(3963,	593,	3),
(3964,	593,	6),
(3965,	593,	7),
(3966,	606,	1),
(3967,	606,	2),
(3968,	606,	3),
(3969,	606,	6),
(3970,	606,	7);

CREATE TABLE `product_size` (
  `id` int(11) NOT NULL AUTO_INCREMENT,
  `size` varchar(10) NOT NULL,
  PRIMARY KEY (`id`)
) ENGINE=InnoDB DEFAULT CHARSET=latin1;

INSERT INTO `product_size` (`id`, `size`) VALUES
(1,	'20X20'),
(2,	'20X25'),
(3,	'20X40'),
(4,	'25X25'),
(5,	'25X40'),
(6,	'30X30'),
(7,	'30X60'),
(8,	'30X75'),
(9,	'40X40'),
(10,	'50X50'),
(11,	'60X60');

CREATE TABLE `role` (
  `id` int(11) NOT NULL AUTO_INCREMENT,
  `name` varchar(50) NOT NULL,
  PRIMARY KEY (`id`)
) ENGINE=InnoDB DEFAULT CHARSET=latin1;

INSERT INTO `role` (`id`, `name`) VALUES
(1,	'Super Administrator'),
(2,	'HRD'),
(3,	'Marketing'),
(4,	'Admin'),
(5,	'Karyawan');

CREATE TABLE `role_action` (
  `id` int(11) NOT NULL AUTO_INCREMENT,
  `role_id` int(11) NOT NULL,
  `action_id` int(11) NOT NULL,
  PRIMARY KEY (`id`),
  KEY `role_id` (`role_id`),
  KEY `action_id` (`action_id`),
  CONSTRAINT `role_action_ibfk_1` FOREIGN KEY (`role_id`) REFERENCES `role` (`id`),
  CONSTRAINT `role_action_ibfk_2` FOREIGN KEY (`action_id`) REFERENCES `action` (`id`)
) ENGINE=InnoDB DEFAULT CHARSET=latin1;


CREATE TABLE `role_menu` (
  `id` int(11) NOT NULL AUTO_INCREMENT,
  `role_id` int(11) NOT NULL,
  `menu_id` int(11) NOT NULL,
  PRIMARY KEY (`id`),
  KEY `role_id` (`role_id`),
  KEY `menu_id` (`menu_id`),
  CONSTRAINT `role_menu_ibfk_1` FOREIGN KEY (`role_id`) REFERENCES `role` (`id`),
  CONSTRAINT `role_menu_ibfk_2` FOREIGN KEY (`menu_id`) REFERENCES `menu` (`id`)
) ENGINE=InnoDB DEFAULT CHARSET=latin1;

INSERT INTO `role_menu` (`id`, `role_id`, `menu_id`) VALUES
(756,	2,	1),
(757,	2,	48),
(758,	3,	1),
(759,	3,	55),
(760,	3,	53),
(761,	3,	54),
(762,	3,	46),
(763,	3,	45),
(764,	3,	47),
(765,	3,	44),
(766,	3,	49),
(767,	3,	50),
(768,	3,	51),
(769,	3,	25),
(770,	3,	52),
(826,	1,	1),
(827,	1,	55),
(828,	1,	56),
(829,	1,	53),
(830,	1,	54),
(831,	1,	46),
(832,	1,	57),
(833,	1,	58),
(834,	1,	45),
(835,	1,	47),
(836,	1,	48),
(837,	1,	44),
(838,	1,	49),
(839,	1,	50),
(840,	1,	51),
(841,	1,	25),
(842,	1,	52),
(843,	1,	59),
(844,	1,	3),
(845,	1,	4),
(846,	1,	5);

CREATE TABLE `seo` (
  `id` int(11) NOT NULL AUTO_INCREMENT,
  `url` varchar(255) NOT NULL,
  `meta_keyword` text NOT NULL,
  `meta_description` text NOT NULL,
  `created_at` datetime NOT NULL,
  PRIMARY KEY (`id`)
) ENGINE=InnoDB DEFAULT CHARSET=latin1;

INSERT INTO `seo` (`id`, `url`, `meta_keyword`, `meta_description`, `created_at`) VALUES
(3,	'index/*',	'beranda platinum ceramics industry, home platinum ceramics industry,\r\nproduk platinum ceramics industry, inspirasi platinum ceramics industry, beranda\r\nasia tile, home asia tile, product platinum ceramics industry,\r\nproduct asia tile, inspiration platinum ceramics industry',	'Welcome to our website, download our catalogue and get inspirations for our products. Expand your imagination!',	'2019-06-22 07:16:05'),
(37,	'product/platinum-ceramics',	'produk platinum ceramics industry, produk asia tile, spesifikasi produk platinum ceramics, produk platinum\r\nlantai kamar mandi, produk platinum lantai dapur, produk platinum marmer, lantai tegel keramik, dinding keramik, desain produk platinum, produk asia tile lantai kamar mandi, produk asia tile, lantai dapur, desain produk asia tile, product platinum ceramics industry, platinum ceramics specifications, product asia tile, product platinum ceramics industry bathroom floor, platinum product kitchen floor, product asia tile bathroom floor, design product asia tile, ceramic floor tile, ceramic wall tile',	'Learn more about specifications of our Platinum Ceramics products here',	'2019-06-22 09:33:18'),
(38,	'product/asia-tile',	'produk platinum ceramics industry, produk asia tile, spesifikasi produk asia tile, produk platinum\r\nlantai kamar mandi, produk platinum lantai dapur, produk platinum marmer, lantai tegel keramik, dinding keramik, desain produk platinum, produk asia tile lantai kamar mandi, produk asia tile\r\nlantai dapur, desain produk asia tile, product platinum ceramics industry, product asia tile, asia tile product specifications, product platinum ceramics industry bathroom floor, platinum product kitchen floor, product asia tile bathroom floor, design product asia tile, ceramic floor tile, ceramic wall tile',	'Learn more about specifications of our Asia Tile products here\r\n',	'2019-06-22 09:34:39'),
(39,	'inspiration',	'inspirasi produk platinum ceramics industry, inspirasi produk asia tile,\r\ninspirasi keramik lantai kamar mandi, inspirasi keramik lantai dapur, inspirasi\r\nproduk platinum, inspirasi lantai kamar mandi, inspirasi dinding kamar mandi, inspirasi lantai dapur, inspirasi dinding dapur, inspirasi inspirasi produk asia tile keramik lantai kamar mandi, inspirasi\r\nproduk asia tile keramik lantai dapur, platinum ceramics industry product inspiration, bathroom tile inspiration, kitchen tile inspiration, asia tile product inspiration, kitchen floor inspiration, bathroom floor inspiration',	'Get inspirations for our product applications and see how you can apply it on your projects',	'2019-06-22 09:43:23'),
(40,	'inspiration/detail?id=1',	'floor tile inspiration, wall tile inspiration, dining room inspiration, kitchen inspiration, platinum ceramics floor tile inspiration, platinum ceramics wall inspiration, interior decoration, inspirasi tegel lantai, inspirasi tegel dinding, inspirasi ruang makan, inspirasi dapur, inspirasi tegel lantai platinum ceramics, inspirasi tegel dinding platinum ceramics, inspirations elena platinum ceramics, inspirasi produk platinum elena',	'Get a detailed inspirations for our Elena product range. For a quirky dining area, don’t be afraid to mix bold colors, motives, and patterns!',	'2019-06-22 09:53:49'),
(41,	'inspiration/detail?id=3',	'floor tile inspiration, wall tile inspiration, dining room inspiration, kitchen inspiration, platinum ceramics floor tile inspiration, platinum ceramics wall inspiration, interior decoration, inspirasi tegel lantai, inspirasi tegel dinding, inspirasi ruang makan, inspirasi dapur, inspirasi tegel lantai platinum ceramics, inspirasi tegel dinding platinum ceramics, inspirations edeco platinum ceramics, inspirasi produk platinum edeco	',	'Get a detailed inspirations for our Edeco product range. Nothing says classic more than black and white. Color scheme that will never go out of style, and suitable for your elegant taste.',	'2019-06-22 10:12:35'),
(42,	'inspiration/detail?id=4',	'floor tile inspiration, wall tile inspiration, dining room inspiration, kitchen inspiration, platinum ceramics floor tile inspiration, platinum ceramics wall inspiration, interior decoration, inspirasi tegel lantai, inspirasi tegel dinding, inspirasi ruang makan, inspirasi dapur, inspirasi tegel lantai platinum ceramics, inspirasi tegel dinding platinum ceramics, inspirations enova platinum ceramics, inspirasi produk platinum enova',	'Get a detailed inspirations for our Enova product range. For a modern look suitable for any room, this collection is your answer.',	'2019-06-22 10:17:52'),
(43,	'inspiration/detail?id=5',	'floor tile inspiration, wall tile inspiration, dining room inspiration, kitchen inspiration, platinum ceramics floor tile inspiration, platinum ceramics wall inspiration, interior decoration, inspirasi tegel lantai, inspirasi tegel dinding, inspirasi ruang makan, inspirasi dapur, inspirasi tegel lantai platinum ceramics, inspirasi tegel dinding platinum ceramics, inspirations etore platinum ceramics, inspirasi produk platinum etore',	'Get a detailed inspirations for our Etore product range. Dining area is an important space where you unwind the day with your loved ones and enjoy your favorite delicacies. Why not has it in a modern and warm design for a bright mood?',	'2019-06-22 10:34:01'),
(44,	'inspiration/detail?id=6',	'floor tile inspiration, wall tile inspiration, dining room inspiration, kitchen inspiration, platinum ceramics floor tile inspiration, platinum ceramics wall inspiration, interior decoration, inspirasi tegel lantai, inspirasi tegel dinding, inspirasi ruang makan, inspirasi dapur, inspirasi tegel lantai platinum ceramics, inspirasi tegel dinding platinum ceramics, inspirations dakota platinum ceramics, inspirasi produk platinum dakota',	'Get a detailed inspirations for our Dakota product range. This collection features various colors to accommodate any style you want. ',	'2019-06-22 10:37:43'),
(45,	'inspiration/detail?id=7',	'floor tile inspiration, wall tile inspiration, dining room inspiration, kitchen inspiration, platinum ceramics floor tile inspiration, platinum ceramics wall inspiration, interior decoration, inspirasi tegel lantai, inspirasi tegel dinding, inspirasi ruang makan, inspirasi dapur, inspirasi tegel lantai platinum ceramics, inspirasi tegel dinding platinum ceramics, inspirations dixon platinum ceramics, inspirasi produk platinum dixon',	'Get a detailed inspirations for our Dixon product range. Versatile as it is, this collection is suitable for teen’s bedroom, kitchen, or your living room. ',	'2019-06-22 10:39:51'),
(46,	'inspiration/detail?id=8',	'floor tile inspiration, wall tile inspiration, dining room inspiration, kitchen inspiration, platinum ceramics floor tile inspiration, platinum ceramics wall inspiration, interior decoration, inspirasi tegel lantai, inspirasi tegel dinding, inspirasi ruang makan, inspirasi dapur, inspirasi tegel lantai platinum ceramics, inspirasi tegel dinding platinum ceramics, inspirations dexa platinum ceramics, inspirasi produk platinum dexa',	'Get a detailed inspirations for our Dexa product range. Create a sunny and warm kitchen that will make your daily kitchen activity fun with this collection.',	'2019-06-22 10:41:52'),
(47,	'inspiration/detail?id=9',	'floor tile inspiration, wall tile inspiration, dining room inspiration, kitchen inspiration, platinum ceramics floor tile inspiration, platinum ceramics wall inspiration, interior decoration, inspirasi tegel lantai, inspirasi tegel dinding, inspirasi ruang makan, inspirasi dapur, inspirasi tegel lantai platinum ceramics, inspirasi tegel dinding platinum ceramics, inspirations denise platinum ceramics, inspirasi produk platinum denise',	'Get a detailed inspirations for our Elena product range. Create an inviting kitchen with warm color that is suitable for a modern family with our Denise collection.',	'2019-06-22 11:04:14'),
(48,	'inspiration/detail?id=10',	'floor tile inspiration, wall tile inspiration, dining room inspiration, kitchen inspiration, platinum ceramics floor tile inspiration, platinum ceramics wall inspiration, interior decoration, inspirasi tegel lantai, inspirasi tegel dinding, inspirasi ruang makan, inspirasi dapur, inspirasi tegel lantai platinum ceramics, inspirasi tegel dinding platinum ceramics, inspirations denim platinum ceramics, inspirasi produk platinum denim',	'Get a detailed inspirations for our Denim product range. ‘Denim’ wall tiles collection consist of Basic, Dark Purple Embossed, Purple Décor, Purple Line, Dark Grey Embossed, Grey Décor, and Grey Line.',	'2019-06-22 11:06:12'),
(49,	'inspiration/detail?id=11',	'floor tile inspiration, wall tile inspiration, dining room inspiration, kitchen inspiration, platinum ceramics floor tile inspiration, platinum ceramics wall inspiration, interior decoration, inspirasi tegel lantai, inspirasi tegel dinding, inspirasi ruang makan, inspirasi dapur, inspirasi tegel lantai platinum ceramics, inspirasi tegel dinding platinum ceramics, inspirations danon platinum ceramics, inspirasi produk platinum danon',	'Get a detailed inspirations for our Danon product range. For a pop of style in your minimalist and simple interior, this collection is a good option.',	'2019-06-22 11:23:22'),
(50,	'inspiration/detail?id=12',	'floor tile inspiration, wall tile inspiration, dining room inspiration, kitchen inspiration, platinum ceramics floor tile inspiration, platinum ceramics wall inspiration, interior decoration, inspirasi tegel lantai, inspirasi tegel dinding, inspirasi ruang makan, inspirasi dapur, inspirasi tegel lantai platinum ceramics, inspirasi tegel dinding platinum ceramics, inspirations brigo platinum ceramics, inspirasi produk platinum brigo	',	'Get a detailed inspirations for our Brigo product range. Add a dimension in your room for a focal point with this collection as its background.',	'2019-06-22 11:24:30'),
(51,	'inspiration/detail?id=13',	'floor tile inspiration, wall tile inspiration, dining room inspiration, kitchen inspiration, platinum ceramics floor tile inspiration, platinum ceramics wall inspiration, interior decoration, inspirasi tegel lantai, inspirasi tegel dinding, inspirasi ruang makan, inspirasi dapur, inspirasi tegel lantai platinum ceramics, inspirasi tegel dinding platinum ceramics, inspirations bari platinum ceramics, inspirasi produk platinum bari	',	'Get a detailed inspirations for our Bari product range. Be playful with this collection, mix and match and pair it with unique décor.',	'2019-06-22 11:26:25'),
(52,	'inspiration/detail?id=14',	'floor tile inspiration, wall tile inspiration, dining room inspiration, kitchen inspiration, platinum ceramics floor tile inspiration, platinum ceramics wall inspiration, interior decoration, inspirasi tegel lantai, inspirasi tegel dinding, inspirasi ruang makan, inspirasi dapur, inspirasi tegel lantai platinum ceramics, inspirasi tegel dinding platinum ceramics, inspirations texas platinum ceramics, inspirasi produk platinum texas	',	'Get a detailed inspirations for our Texas product range. Giving texture to your wall can add a natural feeling, yet simple and elegant. Combine it with minimalistic floor tile, and add a pop of color in your décor.',	'2019-06-22 11:28:18'),
(53,	'inspiration/detail?id=15',	'floor tile inspiration, wall tile inspiration, dining room inspiration, kitchen inspiration, platinum ceramics floor tile inspiration, platinum ceramics wall inspiration, interior decoration, inspirasi tegel lantai, inspirasi tegel dinding, inspirasi ruang makan, inspirasi dapur, inspirasi tegel lantai platinum ceramics, inspirasi tegel dinding platinum ceramics, inspirations lexus platinum ceramics, inspirasi produk platinum lexus	',	'Get a detailed inspirations for our Elena product range. ‘Lexus’ glossy finishing and subtle motive is suitable for your kitchen surface.',	'2019-06-22 11:37:02'),
(54,	'inspiration/detail?id=16',	'floor tile inspiration, wall tile inspiration, dining room inspiration, kitchen inspiration, platinum ceramics floor tile inspiration, platinum ceramics wall inspiration, interior decoration, inspirasi tegel lantai, inspirasi tegel dinding, inspirasi ruang makan, inspirasi dapur, inspirasi tegel lantai platinum ceramics, inspirasi tegel dinding platinum ceramics, inspirations elena platinum ceramics, inspirasi produk platinum elena	',	'Get a detailed inspirations for our Nino product range. \'Nino\' is our glossy collection that will give a pop of style to your interior and available in dark grey, grey and cream.',	'2019-06-22 11:48:52'),
(55,	'inspiration/detail?id=17',	'floor tile inspiration, wall tile inspiration, dining room inspiration, kitchen inspiration, platinum ceramics floor tile inspiration, platinum ceramics wall inspiration, interior decoration, inspirasi tegel lantai, inspirasi tegel dinding, inspirasi ruang makan, inspirasi dapur, inspirasi tegel lantai platinum ceramics, inspirasi tegel dinding platinum ceramics, inspirations nobu platinum ceramics, inspirasi produk platinum nobu	',	'Get a detailed inspirations for our Nobu product range. Nobu is a versatile floor tile variant for both your indoor and outdoor area. ',	'2019-06-22 11:51:39'),
(56,	'inspiration/detail?id=18',	'floor tile inspiration, wall tile inspiration, dining room inspiration, kitchen inspiration, platinum ceramics floor tile inspiration, platinum ceramics wall inspiration, interior decoration, inspirasi tegel lantai, inspirasi tegel dinding, inspirasi ruang makan, inspirasi dapur, inspirasi tegel lantai platinum ceramics, inspirasi tegel dinding platinum ceramics, inspirations teakwood platinum ceramics, inspirasi produk platinum teakwood	',	'Get a detailed inspirations for our Teakwood product range. If you’re looking for floor tile options that can complement any design style, Teakwood is your answer. ',	'2019-06-22 11:53:16'),
(57,	'inspiration/detail?id=19',	'floor tile inspiration, wall tile inspiration, dining room inspiration, kitchen inspiration, platinum ceramics floor tile inspiration, platinum ceramics wall inspiration, interior decoration, inspirasi tegel lantai, inspirasi tegel dinding, inspirasi ruang makan, inspirasi dapur, inspirasi tegel lantai platinum ceramics, inspirasi tegel dinding platinum ceramics, inspirations hugo platinum ceramics, inspirasi produk platinum hugo	',	'Get a detailed inspirations for our Hugo product range. This floor tile variant is suitable for a classic and timeless interior design, with its glossy surface giving it a sleek look.',	'2019-06-22 11:54:43'),
(58,	'inspiration/detail?id=20',	'floor tile inspiration, wall tile inspiration, dining room inspiration, kitchen inspiration, platinum ceramics floor tile inspiration, platinum ceramics wall inspiration, interior decoration, inspirasi tegel lantai, inspirasi tegel dinding, inspirasi ruang makan, inspirasi dapur, inspirasi tegel lantai platinum ceramics, inspirasi tegel dinding platinum ceramics, inspirations hazel platinum ceramics, inspirasi produk platinum hazel	',	'Get a detailed inspirations for our Hazel product range.Its light color option makes Hazel a floor tile variant suitable for making areas seems more spacious.',	'2019-06-22 11:57:18'),
(59,	'inspiration/detail?id=21',	'floor tile inspiration, wall tile inspiration, dining room inspiration, kitchen inspiration, platinum ceramics floor tile inspiration, platinum ceramics wall inspiration, interior decoration, inspirasi tegel lantai, inspirasi tegel dinding, inspirasi ruang makan, inspirasi dapur, inspirasi tegel lantai platinum ceramics, inspirasi tegel dinding platinum ceramics, inspirations hudson platinum ceramics, inspirasi produk platinum hudson	',	'Get a detailed inspirations for our Hudson product range. Our Hudson floor tiles provide a clean shiny look with enough accents without making your room seems crowded.',	'2019-06-22 11:59:42'),
(60,	'inspiration/detail?id=22',	'floor tile inspiration, wall tile inspiration, dining room inspiration, kitchen inspiration, platinum ceramics floor tile inspiration, platinum ceramics wall inspiration, interior decoration, inspirasi tegel lantai, inspirasi tegel dinding, inspirasi ruang makan, inspirasi dapur, inspirasi tegel lantai platinum ceramics, inspirasi tegel dinding platinum ceramics, inspirations harold platinum ceramics, inspirasi produk platinum harold	',	'Get a detailed inspirations for our Harold product range. Harold is your answer if you want to have a hint of motive to accentuate your room, but not too crowded. ',	'2019-06-22 12:01:46'),
(61,	'inspiration/detail?id=23',	'floor tile inspiration, wall tile inspiration, dining room inspiration, kitchen inspiration, platinum ceramics floor tile inspiration, platinum ceramics wall inspiration, interior decoration, inspirasi tegel lantai, inspirasi tegel dinding, inspirasi ruang makan, inspirasi dapur, inspirasi tegel lantai platinum ceramics, inspirasi tegel dinding platinum ceramics, inspirations harper platinum ceramics, inspirasi produk platinum harper	',	'Get a detailed inspirations for our Harper product range. Complete your interior with this floor tile to enhance the feel of classic and timeless design.',	'2019-06-22 12:04:19'),
(62,	'inspiration/detail?id=24',	'floor tile inspiration, wall tile inspiration, dining room inspiration, kitchen inspiration, platinum ceramics floor tile inspiration, platinum ceramics wall inspiration, interior decoration, inspirasi tegel lantai, inspirasi tegel dinding, inspirasi ruang makan, inspirasi dapur, inspirasi tegel lantai platinum ceramics, inspirasi tegel dinding platinum ceramics, inspirations holly platinum ceramics, inspirasi produk platinum holly	',	'Get a detailed inspirations for our Holly product range. A subtle accent for a minimalistic design, Holly is your go-to choice that will not go wrong for any indoor rooms.',	'2019-06-23 04:24:11'),
(63,	'inspiration/detail?id=25',	'floor tile inspiration, wall tile inspiration, dining room inspiration, kitchen inspiration, platinum ceramics floor tile inspiration, platinum ceramics wall inspiration, interior decoration, inspirasi tegel lantai, inspirasi tegel dinding, inspirasi ruang makan, inspirasi dapur, inspirasi tegel lantai platinum ceramics, inspirasi tegel dinding platinum ceramics, inspirations lazio platinum ceramics, inspirasi produk platinum lazio	',	'Get a detailed inspirations for our Lazio product range. When plain floor tiles don’t work for the design that you have in mind, go for subtle motives that will bring effortless accent to the whole area.',	'2019-06-23 04:26:47'),
(64,	'inspiration/detail?id=26',	'floor tile inspiration, wall tile inspiration, dining room inspiration, kitchen inspiration, platinum ceramics floor tile inspiration, platinum ceramics wall inspiration, interior decoration, inspirasi tegel lantai, inspirasi tegel dinding, inspirasi ruang makan, inspirasi dapur, inspirasi tegel lantai platinum ceramics, inspirasi tegel dinding platinum ceramics, inspirations amazon platinum ceramics, inspirasi produk platinum amazon	',	'Get a detailed inspirations for our Amazon product range. Get a calming and natural atmosphere in your room by applying wooden accent from our Amazon floor tiles. If you’re going for Japanese or Scandinavian interior design, this tiles might be just for you.',	'2019-06-23 04:28:33'),
(65,	'inspiration/detail?id=27',	'floor tile inspiration, wall tile inspiration, dining room inspiration, kitchen inspiration, platinum ceramics floor tile inspiration, platinum ceramics wall inspiration, interior decoration, inspirasi tegel lantai, inspirasi tegel dinding, inspirasi ruang makan, inspirasi dapur, inspirasi tegel lantai platinum ceramics, inspirasi tegel dinding platinum ceramics, inspirations cargo platinum ceramics, inspirasi produk platinum cargo	',	'Get a detailed inspirations for our Cargo product range. A natural-looking pattern with a matt and textured surface, our Cargo collection is a versatile combination for any of your room.',	'2019-06-23 04:41:10'),
(66,	'inspiration/detail?id=28',	'floor tile inspiration, wall tile inspiration, dining room inspiration, kitchen inspiration, platinum ceramics floor tile inspiration, platinum ceramics wall inspiration, interior decoration, inspirasi tegel lantai, inspirasi tegel dinding, inspirasi ruang makan, inspirasi dapur, inspirasi tegel lantai platinum ceramics, inspirasi tegel dinding platinum ceramics, inspirations dublin platinum ceramics, inspirasi produk platinum dublin	',	'Get a detailed inspirations for our Dublin product range. For an interior design that mainly use light color for its walls and décor, make a statement with a denser marble motive floor tiles such as this collection.',	'2019-06-23 04:43:30'),
(67,	'inspiration/detail?id=29',	'floor tile inspiration, wall tile inspiration, dining room inspiration, kitchen inspiration, platinum ceramics floor tile inspiration, platinum ceramics wall inspiration, interior decoration, inspirasi tegel lantai, inspirasi tegel dinding, inspirasi ruang makan, inspirasi dapur, inspirasi tegel lantai platinum ceramics, inspirasi tegel dinding platinum ceramics, inspirations brighton platinum ceramics, inspirasi produk platinum brighton	',	'Get a detailed inspirations for our Brighton product range. Monochrome will never get more fun than this! This exquisite pattern will have your room stand out like no others.',	'2019-06-23 04:45:26'),
(68,	'inspiration/detail?id=30',	'floor tile inspiration, wall tile inspiration, dining room inspiration, kitchen inspiration, platinum ceramics floor tile inspiration, platinum ceramics wall inspiration, interior decoration, inspirasi tegel lantai, inspirasi tegel dinding, inspirasi ruang makan, inspirasi dapur, inspirasi tegel lantai platinum ceramics, inspirasi tegel dinding platinum ceramics, inspirations bristol platinum ceramics, inspirasi produk platinum bristol	',	'Get a detailed inspirations for our Bristol product range. Be bold and classic at the same time with this statement floor tiles that will give your guests something to talk about.',	'2019-06-23 04:47:02'),
(69,	'inspiration/detail?id=31',	'floor tile inspiration, wall tile inspiration, dining room inspiration, kitchen inspiration, platinum ceramics floor tile inspiration, platinum ceramics wall inspiration, interior decoration, inspirasi tegel lantai, inspirasi tegel dinding, inspirasi ruang makan, inspirasi dapur, inspirasi tegel lantai platinum ceramics, inspirasi tegel dinding platinum ceramics, inspirations evora platinum ceramics, inspirasi produk platinum evora	',	'Get a detailed inspirations for our Evora product range. Our Evora collection proves that it\'s the details that counts! With its mixed patterns that has small and intricate design, you can have a room effortlessly stylish in just a few product.',	'2019-06-23 05:02:40'),
(70,	'our-company/about-us',	'Platinum Ceramics Industry tentang kami, pt platinum ceramics industry Surabaya, pt platinum ceramics industry semarang, pt platinum ceramics industry bandung, pt. platinum ceramics industry linkedin, pt platinum ceramics industry karangpilang, pt platinum ceramics industry vacancy, platinum ceramics sertifikasi, pabrik platinum ceramics, pabrik platinum ceramics gresik, pabrik platinum ceramics bekasi, Platinum Ceramics Industry about us, pt platinum ceramics industry surabaya, platinum ceramics certifications, platinum ceramics factory, platinum ceramics gresik factory, platinum ceramics bekasi factory',	'Learn more about PT Platinum Ceramics Industry, the leading ceramic tile manufacturer in Indonesia',	'2019-06-23 13:57:32'),
(71,	'our-company/philosophy',	'platinum ceramics industry visi, misi, kebijakan mutu, filosofi perusahan platinum ceramics, platinum ceramics industry vision, missions, quality policy, platinum ceramics corporate philosophy',	'Learn more about PT Platinum Ceramics Industry corporate philosophy: our vision, missions, and how we implement our quality policy.',	'2019-06-23 14:24:18'),
(72,	'our-company/csr-program',	'platinum ceramics csr, platinum ceramics corporate social responsibility, platinum ceramics blood donation, blood donation platinum ceramics, orphanage visit platinum ceramics, green movement platinum ceramics, natural disaster assistance platinum ceramics, tanggung jawab sosial perusahaan platinum ceramics, platinum ceramics donor darah, kunjungan panti asuhan platinum ceramics, gerakan penghijauan platinum ceramics, bantuan bencana alam platinum ceramics',	'Through PT Platinum Ceramics Industry Corporate Social Programs, we are committed on giving back to our community. Learn more about our programs.',	'2019-06-23 15:13:58'),
(73,	'our-company/technology',	'platinum ceramics factory, asia tile factory, platinum ceramics manufacture technology, pabrik platinum ceramics, pabrik asia tile, teknologi manufaktur platinum ceramics',	'We are the first factory to have automated ceramic tiles production and handling. At Platinum Ceramics Industry, innovation through technology is key. \r\n',	'2019-06-23 15:20:53'),
(74,	'our-company/production-facilities',	'platinum ceramics production facilities, platinum ceramics factory, asia tile factory, platinum ceramics factory karangpilang, platinum ceramics factory gresik, platinum ceramics factory bekasi, fasilitas produksi platinum ceramics, pabrik platinum ceramics, pabrik asia tile, platinum ceramics pabrik karangpilang, platinum ceramics pabrik gresik, platinum ceramics pabrik bekasi',	'PT Platinum Ceramics Industry production facilities are located in Surabaya, Gresik, and Bekasi. Each are equipped with modern machineries and enable us in answering market\'s expanding demand.',	'2019-06-23 15:36:06'),
(75,	'career',	'platinum ceramics job vacancy, asia tile job vacancy, pt platinum ceramics industry job vacancy, lowongan kerja platinum ceramics, lowongan kerja asia tile, lowongan kerja pt platinum ceramics industry',	'Find out the latest job vacancies available and join our team at PT Platinum Ceramics Industry. Drop us your CV!',	'2019-06-23 15:39:54'),
(76,	'news/index?news=news-articles',	'platinum ceramics latest articles, asia tile latest articles',	'Don\'t miss the latest updates on our events and articles that will help you learn more about our products.',	'2019-06-23 15:51:04'),
(77,	'news/index?news=news-events',	'platinum ceramics news and events, asia tile news and events, platinum ceramics exhibition, berita dan acara platinum ceramics, berita dan acara asia tile, pameran platinum ceramics',	'Experience our products and get your tiling questions answered by experts on our events. Learn more about our latest event schedules to see if we\'re coming to your city.',	'2019-06-23 16:06:14'),
(78,	'news/index?news=media',	'platinum ceramics media, asia tile media, platinum ceramics ads, asia tile ads, iklan platinum ceramics, iklan asia tile',	'Find out more about our latest videos related to our product and other related videos.',	'2019-06-23 16:12:05'),
(79,	'faq',	'where to buy platinum ceramics, where to buy asia tile, how to install ceramic tiles, platinum ceramics frequently asked questions, asia tile frequently asked question, tempat pembelian platinum ceramics, tempat pembelian asia tile, cara pasang tegel keramik',	'Get your answers about advantages of ceramic products, where to buy Platinum Ceramics and Asia Tile products, as well as installation and maintenance advise from our expert.',	'2019-06-23 16:19:41'),
(80,	'download',	'platinum ceramics product catalogue, asia tile product catalogue,  katalog produk platinum ceramics,katalog produk asia tile',	'Discover patterns, surfaces, and various sizes of our product. Get our latest catalogue and start your tiling journey with us. ',	'2019-06-23 16:22:43'),
(81,	'contact',	'platinum ceramics office, platinum ceramics showroom, platinum ceramics factory, kantor platinum ceramics, pabrik platinum ceramics, platinum ceramics contact, platinum ceramics address, kontak platinum ceramics, alamat platinum ceramics',	'Get in touch with us and leave us a message. For further inquiry, do contact us or visit our showroom.',	'2019-06-23 16:28:09');

CREATE TABLE `setting_katalog` (
  `id` int(11) NOT NULL AUTO_INCREMENT,
  `nama` varchar(100) NOT NULL,
  `file_path` varchar(255) DEFAULT NULL,
  `tanggal_upload` datetime NOT NULL,
  PRIMARY KEY (`id`)
) ENGINE=InnoDB DEFAULT CHARSET=latin1;

INSERT INTO `setting_katalog` (`id`, `nama`, `file_path`, `tanggal_upload`) VALUES
(1,	'Platinum Ceramics Katalog',	'katalog_2019_06_21_09_34_14_oPF7.pdf',	'2019-05-14 02:22:20'),
(5,	'Platinum Catalogue 2019',	'katalog_2019_06_22_07_13_20_J5dm.pdf',	'2019-06-22 07:13:20'),
(6,	'Platinum Katalog 2019',	'katalog_2019_06_22_07_20_18_lXCk.pdf',	'2019-06-22 07:20:18'),
(7,	'Platinum Katalog 2019',	'katalog_2019_06_22_07_21_21_k4qs.pdf',	'2019-06-22 07:21:21');

CREATE TABLE `setting_peta` (
  `id` int(11) NOT NULL AUTO_INCREMENT,
  `alamat` varchar(255) NOT NULL,
  `alamat_inggris` varchar(255) NOT NULL,
  `kota` varchar(100) NOT NULL,
  `telp` varchar(20) DEFAULT NULL,
  `fax` varchar(20) DEFAULT NULL,
  `koordinat` varchar(100) NOT NULL,
  `jenis_kantor` varchar(100) NOT NULL DEFAULT 'Office',
  PRIMARY KEY (`id`)
) ENGINE=InnoDB DEFAULT CHARSET=latin1;

INSERT INTO `setting_peta` (`id`, `alamat`, `alamat_inggris`, `kota`, `telp`, `fax`, `koordinat`, `jenis_kantor`) VALUES
(1,	'Jl. Panglima Sudirman No. 23-25, Surabaya - Jawa Timur 60271',	'Jl. Panglima Sudirman No. 23-25, Surabaya - East Java 60271',	'Surabaya',	'(031) 5312358',	'(031) 5312362',	'-7.2659393, 112.7456614',	'Office'),
(2,	'Komp. Ruko Agung Sedayu\r\nJl. Mangga Dua Raya, Blok E\r\nNo. 4-5, Jakarta Pusat 10730',	'Komp. Ruko Agung Sedayu\r\nJl. Mangga Dua Raya, Blok E\r\nNo. 4-5, Central Jakarta 10730',	'Jakarta',	'(021) 6016450',	'(021) 6016546',	'-6.1360627,106.8286525',	'Office'),
(3,	'Komp. Pertokoan & Perkantoran Jurnatan Stand D 22-23,\r\nJl. Suari, Semarang - Jawa Tengah 50121',	'Komp. Pertokoan &amp; Perkantoran Jurnatan Stand D 22-23,\r\nJl. Suari, Semarang - Central Java 50121',	'Semarang',	'(024) 3544459',	'(024) 3515513',	'-6.969757,110.4272342',	'Office'),
(4,	'Jl. Pemelisan 7 Sesetan, Denpasar Selatan - Bali 80223',	'Jl. Pemelisan 7 Sesetan, Denpasar Selatan - Bali 80223',	'Denpasar',	'(0361) 4480287',	'(0361) 4480277',	'-8.7111409,115.2246118',	'Office'),
(5,	'Jl. H.M. Yamin No. 74B, Medan - Sumatra Utara 20232',	'Jl. H.M. Yamin No. 74B, Medan - North Sumatra 20232',	'Medan',	'(061) 9131 5657',	'(061) 457 5227',	'3.5962555, 98.6861378',	'Office'),
(6,	'Jl. Soekarno Hatta No. 718, Bandung - Jawa Barat 40295',	'Jl. Soekarno Hatta No. 718, Bandung - West Java 40295',	'Bandung',	'(022) 780 6600',	'(022) 780 3525',	'-6.9377579, 107.6908098',	'Office'),
(7,	'JL. Karangpilang Barat No. 201, Karang Pilang, Surabaya - Jawa Timur 60221',	'JL. Karangpilang Barat No. 201, Karang Pilang, Surabaya - East Java 60221',	'Surabaya',	'(031) 7661343',	'(031) 7662365',	'-7.345623, 112.683817',	'Production Facility'),
(8,	'Jl. Raya Wringinanom Selatan, Lebaniwaras, Kec. Wringinanom, Kab. Gresik - Jawa Timur 61176',	'Jl. Raya Wringinanom Selatan, Lebaniwaras, Kec. Wringinanom, Kab. Gresik - East Java 61176',	'Gresik',	'(031) 8973158',	'(031) 8973153',	'-7.3952886, 112.5414586',	'Production Facility'),
(9,	'Jl. Raya Rengas Bandung Km. 61, Desa Karangsambung, Kec. Kedungwaringin, Kab. Bekasi - Jawa Barat 17540',	'Jl. Raya Rengas Bandung Km. 61, Desa Karangsambung, Kec. Kedungwaringin, Kab. Bekasi - West Java 17540',	'Bekasi',	'(021) 89143551 - 57',	'(021) 89143234',	'-6.2623935, 107.2238008',	'Production Facility'),
(10,	'Komp. Ruko Agung Sedayu\r\nJl. Mangga Dua Raya, Blok E\r\nNo. 4-5, Jakarta Pusat 10730',	'Komp. Ruko Agung Sedayu\r\nJl. Mangga Dua Raya, Blok E\r\nNo. 4-5, Central Jakarta 10730',	'Jakarta',	'(021) 6016450',	'(021) 6016546',	'-6.136063, 106.828718',	'Showroom'),
(11,	'Jl. Panglima Sudirman No. 23-25, Surabaya - Jawa Timur 60271',	'Jl. Panglima Sudirman No. 23-25, Surabaya - East Java 60271',	'Surabaya',	'(031) 5354661',	'(031) 5312362',	'-7.2659393, 112.7456614',	'Showroom'),
(12,	'Komp. Pertokoan & Perkantoran Jurnatan Stand D 22-23, \r\nJl. Suari, Semarang - Jawa Tengah 50121',	'Komp. Pertokoan & Perkantoran Jurnatan Stand D 22-23, \r\nJl. Suari, Semarang - Central Java 50121',	'Semarang',	'(024) 3515513',	'(024) 3515513',	'-6.970727, 110.428031',	'Showroom'),
(13,	'Jl. Soekarno Hatta No. 718, Bandung - Jawa Barat 40295',	'Jl. Soekarno Hatta No. 718, Bandung - West Java 40295',	'Bandung',	'(022) 7806600',	'(022) 7803525',	'-6.9377579, 107.6908098',	'Showroom'),
(14,	'Ruko Istana Building Commodities Centre Blok A1 No. 01, 02, 12A, 12B\r\nJl. Ahmad Yani No. 296, \r\nBandung - Jawa Barat 40271',	'Ruko Istana Building Commodities Centre Blok A1 No. 01, 02, 12A, 12B\r\nJl. Ahmad Yani No. 296, \r\nBandung - West Java 40271',	'Bandung',	'(022) 7238180',	'-',	'-6.914535, 107.632702',	'Showroom'),
(15,	'Jl. Gatot Subroto Barat No. 450, Kerobokan, Badung - Bali 80117',	'Jl. Gatot Subroto Barat No. 450, Kerobokan, Badung - Bali 80117',	'Denpasar',	'(0361) 427564',	'(0361) 427 628',	'-8.6361516, 115.1910577',	'Showroom'),
(16,	'Jl. H.M. Yamin No. 74B, Medan - Sumatra Utara 20232',	'Jl. H.M. Yamin No. 74B, Medan - North Sumatra 20232',	'Medan',	'(062) 91315657',	'(061) 4575227',	'3.5962555, 98.6861378',	'Showroom');

CREATE TABLE `shortcode` (
  `id` int(11) NOT NULL AUTO_INCREMENT,
  `tag` varchar(30) NOT NULL,
  `class_name` varchar(255) NOT NULL,
  PRIMARY KEY (`id`)
) ENGINE=InnoDB DEFAULT CHARSET=latin1;

INSERT INTO `shortcode` (`id`, `tag`, `class_name`) VALUES
(1,	'list',	'@frontend/views/shortcode/list.php'),
(2,	'contact',	'@frontend/views/shortcode/contact.php'),
(3,	'home-tab',	'@frontend/views/shortcode/home-tab.php'),
(4,	'slider',	'@frontend/views/shortcode/slider.php'),
(5,	'team',	'@frontend/views/shortcode/team.php'),
(6,	'consultation-form',	'@frontend/views/shortcode/consultation-form.php'),
(7,	'button',	'@frontend/views/shortcode/button.php'),
(8,	'schedule',	'@frontend/views/shortcode/schedule.php'),
(9,	'breast-community',	'@frontend/views/shortcode/breast-community.php'),
(10,	'blog',	'@frontend/views/shortcode/blog.php'),
(11,	'one-page',	'@frontend/views/shortcode/one-page.php'),
(12,	'featured-central',	'@frontend/views/shortcode/featured-central.php'),
(13,	'half',	'@frontend/views/shortcode/half.php'),
(14,	'big',	'@frontend/views/shortcode/big.php'),
(15,	'quarter',	'@frontend/views/shortcode/quarter.php'),
(16,	'map',	'@frontend/views/shortcode/map.php'),
(17,	'half-with-container',	'@frontend/views/shortcode/half-with-container.php'),
(18,	'list-3',	'@frontend/views/shortcode/list-3.php'),
(19,	'icon',	'@frontend/views/shortcode/icon.php'),
(20,	'big-with-container',	'@frontend/views/shortcode/big-with-container.php'),
(21,	'img',	'@frontend/views/shortcode/img.php'),
(22,	'gallery-popup',	'@frontend/views/shortcode/gallery-popup.php'),
(23,	'circle',	'@frontend/views/shortcode/circle.php'),
(24,	'container-circle',	'@frontend/views/shortcode/container-circle.php'),
(25,	'list-circle',	'@frontend/views/shortcode/list-circle.php'),
(26,	'link-share',	'@frontend/views/shortcode/link-share.php'),
(27,	'box',	'@frontend/views/shortcode/box.php'),
(28,	'form-apply',	'@frontend/views/shortcode/form-apply.php'),
(29,	'button-div',	'@frontend/views/shortcode/button-div.php'),
(30,	'button-primary',	'@frontend/views/shortcode/button-primary.php'),
(31,	'form-contact-us',	'@frontend/views/shortcode/form-contact-us.php'),
(32,	'cabang',	'@frontend/views/shortcode/cabang.php'),
(33,	'small-slider',	'@frontend/views/shortcode/small-slider.php'),
(34,	'beranda',	'@frontend/views/shortcode/beranda.php'),
(35,	'list-circle-indo',	'@frontend/views/shortcode/list-circle-indo.php'),
(36,	'list-circle-cina',	'@frontend/views/shortcode/list-circle-cina.php'),
(37,	'map-full',	'@frontend/views/shortcode/map-full.php'),
(38,	'form-apply-indo',	'@frontend/views/shortcode/form-apply-indo.php'),
(39,	'form-apply-cina',	'@frontend/views/shortcode/form-apply-cina.php'),
(40,	'beranda-indo',	'@frontend/views/shortcode/beranda-indo.php'),
(41,	'beranda-cina',	'@frontend/views/shortcode/beranda-cina.php'),
(42,	'strip-footer',	'@frontend/views/shortcode/strip-footer.php'),
(43,	'timeline',	'@frontend/views/shortcode/timeline.php'),
(44,	'news-image',	'@frontend/views/shortcode/news_image.php'),
(46,	'news-list',	'@frontend/views/shortcode/news_list.php'),
(47,	'news-presscentre-noimage',	'@frontend/views/shortcode/news_presscentre_noimage.php'),
(48,	'news-presscentre-image',	'@frontend/views/shortcode/news_presscentre_image.php'),
(49,	'form-search',	'@frontend/views/shortcode/form-search.php'),
(50,	'redirect',	'@frontend/views/shortcode/redirect.php'),
(51,	'icon-sosmed',	'@frontend/views/shortcode/icon-sosmed.php'),
(52,	'redirect-2',	'@frontend/views/shortcode/redirect-2.php'),
(53,	'redirect-indo',	'@frontend/views/shortcode/redirect-indo.php'),
(54,	'redirect-indo-2',	'@frontend/views/shortcode/redirect-indo-2.php'),
(55,	'gallery',	'@frontend/views/shortcode/gallery.php'),
(56,	'redirect-3',	'@frontend/views/shortcode/redirect-3.php'),
(57,	'redirect-indo-3',	'@frontend/views/shortcode/redirect-indo-3.php'),
(58,	'form-gallery',	'@frontend/views/shortcode/form-gallery.php'),
(59,	'product',	'@frontend/views/shortcode/product.php'),
(60,	'site-map',	'@frontend/views/shortcode/site-map.php');

CREATE TABLE `suitable` (
  `id` int(11) NOT NULL AUTO_INCREMENT,
  `nama_indonesia` varchar(50) NOT NULL,
  `nama_english` varchar(50) NOT NULL,
  PRIMARY KEY (`id`)
) ENGINE=InnoDB DEFAULT CHARSET=latin1;

INSERT INTO `suitable` (`id`, `nama_indonesia`, `nama_english`) VALUES
(1,	'KAMAR MANDI',	'BATHROOM'),
(2,	'DAPUR',	'KITCHEN'),
(3,	'DINDING UTAMA',	'FEATURED WALL'),
(4,	'LANTAI RUMAH',	'RESIDENTIAL FLOOR'),
(5,	'LANTAI KOMERSIL',	'COMMERCIAL FLOOR'),
(6,	'GARASI',	'GARAGE'),
(7,	'AREA SERVIS',	'SERVICE AREA');

-- 2019-06-30 01:52:26
